{"id":21106,"date":"2025-07-22T19:13:21","date_gmt":"2025-07-22T17:13:21","guid":{"rendered":"https:\/\/uj.adatbank.ro\/lexikon\/termek\/szabo-ferenc-6\/"},"modified":"2025-07-22T19:13:21","modified_gmt":"2025-07-22T17:13:21","slug":"szabo-ferenc-6","status":"publish","type":"product","link":"https:\/\/uj.adatbank.ro\/lexikon\/termek\/szabo-ferenc-6\/","title":{"rendered":"SZAB\u00d3 Ferenc"},"content":{"rendered":"<p>? \u2020?: ref. lelk\u00e9sz. \u2013 Feles\u00e9ge \u00c9gerh\u00e1zy Lina. \u2013 Magyardell\u0151i lelk\u00e9sz, beszolg\u00e1l\u00f3 lelk\u00e9sze volt az Ol\u00e1hdell\u0151i gy\u00fclekezetnek (1875\u20131916). Az \u0151 idej\u00e9ben \u00e9p\u00fclt az Ol\u00e1hdell\u0151n az \u00faj ref. templom, Hann J\u00f3zsef mv.-i \u00e9p\u00edt\u00e9sz tervei alapj\u00e1n \u00e9s vezet\u00e9s\u00e9vel (1908\u201311). Orgon\u00e1ja Schomkenik J\u00e1nos szegedi orgonak\u00e9sz\u00edt\u0151 munk\u00e1ja. Par\u00f3ki\u00e1t is \u00e9p\u00edtettek \u00e9s anyaegyh\u00e1zk\u00f6zs\u00e9gg\u00e9 v\u00e1lta gy\u00fclekezet. Az ol\u00e1hdell\u0151i \u00e9s magyardell\u0151i ref. egyh\u00e1znak egy-egy ez\u00fcst ill. ez\u00fcst\u00f6z\u00f6tt s\u00e1rgar\u00e9z kelyhet, ez\u00fcst keny\u00e9roszt\u00f3 t\u00e1ny\u00e9rt \u00e9s ez\u00fcst\u00f6z\u00f6tt s\u00e1rgar\u00e9z kann\u00e1t adom\u00e1nyoztak T\u00f3dor J\u00e1nos k\u00f6rjegyz\u0151 \u00e9s feles\u00e9ge Erd\u0151s Eszterrel (1911. aug. 30). <br \/><strong>Irod.:<\/strong> K\u00fck\u00fcll\u0151i Ref. Egyh\u00e1zm. 3.; Ol\u00e1hdell\u0151.<\/br><\/p>\n","protected":false},"excerpt":{"rendered":"<p>? \u2020?: ref. lelk\u00e9sz. \u2013 Feles\u00e9ge \u00c9gerh\u00e1zy Lina. \u2013 Magyardell\u0151i lelk\u00e9sz, beszolg\u00e1l\u00f3 lelk\u00e9sze volt az Ol\u00e1hdell\u0151i gy\u00fclekezetnek (1875\u20131916). Az \u0151 idej\u00e9ben \u00e9p\u00fclt az Ol\u00e1hdell\u0151n az \u00faj ref. templom, Hann J\u00f3zsef mv.-i \u00e9p\u00edt\u00e9sz tervei alapj\u00e1n \u00e9s vezet\u00e9s\u00e9vel (1908\u201311). Orgon\u00e1ja Schomkenik J\u00e1nos szegedi orgonak\u00e9sz\u00edt\u0151 munk\u00e1ja. Par\u00f3ki\u00e1t is \u00e9p\u00edtettek \u00e9s anyaegyh\u00e1zk\u00f6zs\u00e9gg\u00e9 v\u00e1lta gy\u00fclekezet. Az ol\u00e1hdell\u0151i \u00e9s magyardell\u0151i ref. [&hellip;]<\/p>\n","protected":false},"featured_media":0,"comment_status":"open","ping_status":"closed","template":"","meta":[],"product_brand":[],"product_cat":[137],"product_tag":[],"class_list":{"0":"post-21106","1":"product","2":"type-product","3":"status-publish","5":"product_cat-maros-megyei-eletrajzi-lexikon","7":"first","8":"instock","9":"shipping-taxable","10":"product-type-simple"},"_links":{"self":[{"href":"https:\/\/uj.adatbank.ro\/lexikon\/wp-json\/wp\/v2\/product\/21106","targetHints":{"allow":["GET"]}}],"collection":[{"href":"https:\/\/uj.adatbank.ro\/lexikon\/wp-json\/wp\/v2\/product"}],"about":[{"href":"https:\/\/uj.adatbank.ro\/lexikon\/wp-json\/wp\/v2\/types\/product"}],"replies":[{"embeddable":true,"href":"https:\/\/uj.adatbank.ro\/lexikon\/wp-json\/wp\/v2\/comments?post=21106"}],"wp:attachment":[{"href":"https:\/\/uj.adatbank.ro\/lexikon\/wp-json\/wp\/v2\/media?parent=21106"}],"wp:term":[{"taxonomy":"product_brand","embeddable":true,"href":"https:\/\/uj.adatbank.ro\/lexikon\/wp-json\/wp\/v2\/product_brand?post=21106"},{"taxonomy":"product_cat","embeddable":true,"href":"https:\/\/uj.adatbank.ro\/lexikon\/wp-json\/wp\/v2\/product_cat?post=21106"},{"taxonomy":"product_tag","embeddable":true,"href":"https:\/\/uj.adatbank.ro\/lexikon\/wp-json\/wp\/v2\/product_tag?post=21106"}],"curies":[{"name":"wp","href":"https:\/\/api.w.org\/{rel}","templated":true}]}}

SZABÓ Ferenc

<p>? †?: ref. lelkész. – Felesége Égerházy Lina. – Magyardellői lelkész, beszolgáló lelkésze volt az Oláhdellői gyülekezetnek (1875–1916). Az ő idejében épült az Oláhdellőn az új ref. templom, Hann József mv.-i építész tervei alapján és vezetésével (1908–11). Orgonája Schomkenik János szegedi orgonakészítő munkája. Parókiát is építettek és anyaegyházközséggé válta gyülekezet. Az oláhdellői és magyardellői ref. egyháznak egy-egy ezüst ill. ezüstözött sárgaréz kelyhet, ezüst kenyérosztó tányért és ezüstözött sárgaréz kannát adományoztak Tódor János körjegyző és felesége Erdős Eszterrel (1911. aug. 30). <br /><strong>Irod.:</strong> Küküllői Ref. Egyházm. 3.; Oláhdellő.</br></p>

<p>? †?: ref. lelkész. – Felesége Égerházy Lina. – Magyardellői lelkész, beszolgáló lelkésze volt az Oláhdellői gyülekezetnek (1875–1916). Az ő idejében épült az Oláhdellőn az új ref. templom, Hann József mv.-i építész tervei alapján és vezetésével (1908–11). Orgonája Schomkenik János szegedi orgonakészítő munkája. Parókiát is építettek és anyaegyházközséggé válta gyülekezet. Az oláhdellői és magyardellői ref. [&hellip;]</p>
