{"id":21110,"date":"2025-07-22T19:13:29","date_gmt":"2025-07-22T17:13:29","guid":{"rendered":"https:\/\/uj.adatbank.ro\/lexikon\/termek\/szabo-ferenc-nagysolymosi\/"},"modified":"2025-07-22T19:13:29","modified_gmt":"2025-07-22T17:13:29","slug":"szabo-ferenc-nagysolymosi","status":"publish","type":"product","link":"https:\/\/uj.adatbank.ro\/lexikon\/termek\/szabo-ferenc-nagysolymosi\/","title":{"rendered":"SZAB\u00d3 Ferenc nagysolymosi"},"content":{"rendered":"<p>? \u2020?: ?. \u2013 <strong>F. m.<\/strong>: Erd\u00e9ly \u00e9s a rom\u00e1n k\u00e9rd\u00e9s (Mv., 1910). <br \/><strong>Irod.:<\/strong> F\u00fcl\u00f6p-Ferenc.<\/br><\/p>\n","protected":false},"excerpt":{"rendered":"<p>? \u2020?: ?. \u2013 F. m.: Erd\u00e9ly \u00e9s a rom\u00e1n k\u00e9rd\u00e9s (Mv., 1910). Irod.: F\u00fcl\u00f6p-Ferenc.<\/p>\n","protected":false},"featured_media":0,"comment_status":"open","ping_status":"closed","template":"","meta":[],"product_brand":[],"product_cat":[137],"product_tag":[],"class_list":{"0":"post-21110","1":"product","2":"type-product","3":"status-publish","5":"product_cat-maros-megyei-eletrajzi-lexikon","7":"first","8":"instock","9":"shipping-taxable","10":"product-type-simple"},"_links":{"self":[{"href":"https:\/\/uj.adatbank.ro\/lexikon\/wp-json\/wp\/v2\/product\/21110","targetHints":{"allow":["GET"]}}],"collection":[{"href":"https:\/\/uj.adatbank.ro\/lexikon\/wp-json\/wp\/v2\/product"}],"about":[{"href":"https:\/\/uj.adatbank.ro\/lexikon\/wp-json\/wp\/v2\/types\/product"}],"replies":[{"embeddable":true,"href":"https:\/\/uj.adatbank.ro\/lexikon\/wp-json\/wp\/v2\/comments?post=21110"}],"wp:attachment":[{"href":"https:\/\/uj.adatbank.ro\/lexikon\/wp-json\/wp\/v2\/media?parent=21110"}],"wp:term":[{"taxonomy":"product_brand","embeddable":true,"href":"https:\/\/uj.adatbank.ro\/lexikon\/wp-json\/wp\/v2\/product_brand?post=21110"},{"taxonomy":"product_cat","embeddable":true,"href":"https:\/\/uj.adatbank.ro\/lexikon\/wp-json\/wp\/v2\/product_cat?post=21110"},{"taxonomy":"product_tag","embeddable":true,"href":"https:\/\/uj.adatbank.ro\/lexikon\/wp-json\/wp\/v2\/product_tag?post=21110"}],"curies":[{"name":"wp","href":"https:\/\/api.w.org\/{rel}","templated":true}]}}