{"id":21117,"date":"2025-07-22T19:13:44","date_gmt":"2025-07-22T17:13:44","guid":{"rendered":"https:\/\/uj.adatbank.ro\/lexikon\/termek\/szabo-frigyes\/"},"modified":"2025-07-22T19:13:44","modified_gmt":"2025-07-22T17:13:44","slug":"szabo-frigyes","status":"publish","type":"product","link":"https:\/\/uj.adatbank.ro\/lexikon\/termek\/szabo-frigyes\/","title":{"rendered":"SZAB\u00d3 Frigyes"},"content":{"rendered":"<p>1893.\u00a0\u00e1pr. 19., \u2020\u00a0Mv., 1993. febr. 22.: ref. lelk\u00e9sz. \u2013 Mez\u0151b\u00e1ndon kezdte lelk\u00e9szi szolg\u00e1lat\u00e1t (1917), majd Kv.-on p\u00fcsp\u00f6ki titk\u00e1r (1917). Mez\u0151kapusr\u00f3l h\u00edvt\u00e1k meg Somosdra, ahol 11 \u00e9vig szolg\u00e1lt (1924. m\u00e1j. 31. \u2013 1935. \u00e1pr. 15.). Maroskereszt\u00faron lelk\u00e9sz (1935\u2013). A h\u00edvek \u00f6sszefog\u00e1s\u00e1val \u00f6nt\u00f6tt\u00e9k a ma is haszn\u00e1latos nagyharangot. Somosdr\u00f3l Marosszentgy\u00f6rgyre t\u00e1vozott (1929. szept. \u2013 1934). Hetven \u00e9vi h\u00e1zass\u00e1g \u00e9s papi szolg\u00e1lat ut\u00e1n Matuzs\u00e1lemi 100 \u00e9ves kort \u00e9rt meg. <br \/><strong>Irod.:<\/strong> Cs\u00e1ky; [Nekrol\u00f3g] (N\u00fa., 1993. febr. 23.); Marosszentgy\u00f6rgy; Somosd.<\/br><\/p>\n","protected":false},"excerpt":{"rendered":"<p>1893.\u00a0\u00e1pr. 19., \u2020\u00a0Mv., 1993. febr. 22.: ref. lelk\u00e9sz. \u2013 Mez\u0151b\u00e1ndon kezdte lelk\u00e9szi szolg\u00e1lat\u00e1t (1917), majd Kv.-on p\u00fcsp\u00f6ki titk\u00e1r (1917). Mez\u0151kapusr\u00f3l h\u00edvt\u00e1k meg Somosdra, ahol 11 \u00e9vig szolg\u00e1lt (1924. m\u00e1j. 31. \u2013 1935. \u00e1pr. 15.). Maroskereszt\u00faron lelk\u00e9sz (1935\u2013). A h\u00edvek \u00f6sszefog\u00e1s\u00e1val \u00f6nt\u00f6tt\u00e9k a ma is haszn\u00e1latos nagyharangot. Somosdr\u00f3l Marosszentgy\u00f6rgyre t\u00e1vozott (1929. szept. \u2013 1934). Hetven \u00e9vi [&hellip;]<\/p>\n","protected":false},"featured_media":0,"comment_status":"open","ping_status":"closed","template":"","meta":[],"product_brand":[],"product_cat":[137],"product_tag":[],"class_list":{"0":"post-21117","1":"product","2":"type-product","3":"status-publish","5":"product_cat-maros-megyei-eletrajzi-lexikon","7":"first","8":"instock","9":"shipping-taxable","10":"product-type-simple"},"_links":{"self":[{"href":"https:\/\/uj.adatbank.ro\/lexikon\/wp-json\/wp\/v2\/product\/21117","targetHints":{"allow":["GET"]}}],"collection":[{"href":"https:\/\/uj.adatbank.ro\/lexikon\/wp-json\/wp\/v2\/product"}],"about":[{"href":"https:\/\/uj.adatbank.ro\/lexikon\/wp-json\/wp\/v2\/types\/product"}],"replies":[{"embeddable":true,"href":"https:\/\/uj.adatbank.ro\/lexikon\/wp-json\/wp\/v2\/comments?post=21117"}],"wp:attachment":[{"href":"https:\/\/uj.adatbank.ro\/lexikon\/wp-json\/wp\/v2\/media?parent=21117"}],"wp:term":[{"taxonomy":"product_brand","embeddable":true,"href":"https:\/\/uj.adatbank.ro\/lexikon\/wp-json\/wp\/v2\/product_brand?post=21117"},{"taxonomy":"product_cat","embeddable":true,"href":"https:\/\/uj.adatbank.ro\/lexikon\/wp-json\/wp\/v2\/product_cat?post=21117"},{"taxonomy":"product_tag","embeddable":true,"href":"https:\/\/uj.adatbank.ro\/lexikon\/wp-json\/wp\/v2\/product_tag?post=21117"}],"curies":[{"name":"wp","href":"https:\/\/api.w.org\/{rel}","templated":true}]}}

SZABÓ Frigyes

<p>1893. ápr. 19., † Mv., 1993. febr. 22.: ref. lelkész. – Mezőbándon kezdte lelkészi szolgálatát (1917), majd Kv.-on püspöki titkár (1917). Mezőkapusról hívták meg Somosdra, ahol 11 évig szolgált (1924. máj. 31. – 1935. ápr. 15.). Maroskeresztúron lelkész (1935–). A hívek összefogásával öntötték a ma is használatos nagyharangot. Somosdról Marosszentgyörgyre távozott (1929. szept. – 1934). Hetven évi házasság és papi szolgálat után Matuzsálemi 100 éves kort ért meg. <br /><strong>Irod.:</strong> Csáky; [Nekrológ] (Nú., 1993. febr. 23.); Marosszentgyörgy; Somosd.</br></p>

<p>1893. ápr. 19., † Mv., 1993. febr. 22.: ref. lelkész. – Mezőbándon kezdte lelkészi szolgálatát (1917), majd Kv.-on püspöki titkár (1917). Mezőkapusról hívták meg Somosdra, ahol 11 évig szolgált (1924. máj. 31. – 1935. ápr. 15.). Maroskeresztúron lelkész (1935–). A hívek összefogásával öntötték a ma is használatos nagyharangot. Somosdról Marosszentgyörgyre távozott (1929. szept. – 1934). Hetven évi [&hellip;]</p>
