{"id":21118,"date":"2025-07-22T19:13:45","date_gmt":"2025-07-22T17:13:45","guid":{"rendered":"https:\/\/uj.adatbank.ro\/lexikon\/termek\/szabo-frigyes-samuel\/"},"modified":"2025-07-22T19:13:45","modified_gmt":"2025-07-22T17:13:45","slug":"szabo-frigyes-samuel","status":"publish","type":"product","link":"https:\/\/uj.adatbank.ro\/lexikon\/termek\/szabo-frigyes-samuel\/","title":{"rendered":"SZAB\u00d3 Frigyes S\u00e1muel"},"content":{"rendered":"<p>1923., \u2020\u00a0Mv., 2009. \u00e1pr. 19.: ref. lelk\u00e9sz. \u2013 Ref. lelkip\u00e1sztor a mv.-i V. Fels\u0151v\u00e1rosi Egyh\u00e1zk\u00f6zs\u00e9gben. Gegesben, majd Kelementelk\u00e9n teljes\u00edtett szolg\u00e1latot, \u00e9desapja id. Szab\u00f3 Frigyes \u00f6r\u00f6ks\u00e9g\u00e9be l\u00e9pett nyugd\u00edjaz\u00e1s\u00e1ig. (1964. szept. 30.\u2013). A v\u00e1rtemplomi gy\u00fclekezetben igehirdet\u0151 \u00e9s irodai szolg\u00e1latot v\u00e9gzett. Megszervezte a mv.-i V. Fels\u0151v\u00e1rosi Gy\u00fclekezet \u00f6n\u00e1ll\u00f3 egyh\u00e1zk\u00f6zs\u00e9g\u00e9t (1976. jan.1.), itt szolg\u00e1lt nyugd\u00edjaz\u00e1s\u00e1ig (1994). <br \/><strong>Irod.:<\/strong> Cs\u00e1ky; [Nekrol\u00f3g] (N\u00fa., 2009. \u00e1pr. 21.).<\/br><\/p>\n","protected":false},"excerpt":{"rendered":"<p>1923., \u2020\u00a0Mv., 2009. \u00e1pr. 19.: ref. lelk\u00e9sz. \u2013 Ref. lelkip\u00e1sztor a mv.-i V. Fels\u0151v\u00e1rosi Egyh\u00e1zk\u00f6zs\u00e9gben. Gegesben, majd Kelementelk\u00e9n teljes\u00edtett szolg\u00e1latot, \u00e9desapja id. Szab\u00f3 Frigyes \u00f6r\u00f6ks\u00e9g\u00e9be l\u00e9pett nyugd\u00edjaz\u00e1s\u00e1ig. (1964. szept. 30.\u2013). A v\u00e1rtemplomi gy\u00fclekezetben igehirdet\u0151 \u00e9s irodai szolg\u00e1latot v\u00e9gzett. Megszervezte a mv.-i V. Fels\u0151v\u00e1rosi Gy\u00fclekezet \u00f6n\u00e1ll\u00f3 egyh\u00e1zk\u00f6zs\u00e9g\u00e9t (1976. jan.1.), itt szolg\u00e1lt nyugd\u00edjaz\u00e1s\u00e1ig (1994). Irod.: Cs\u00e1ky; [Nekrol\u00f3g] [&hellip;]<\/p>\n","protected":false},"featured_media":0,"comment_status":"open","ping_status":"closed","template":"","meta":[],"product_brand":[],"product_cat":[137],"product_tag":[],"class_list":{"0":"post-21118","1":"product","2":"type-product","3":"status-publish","5":"product_cat-maros-megyei-eletrajzi-lexikon","7":"first","8":"instock","9":"shipping-taxable","10":"product-type-simple"},"_links":{"self":[{"href":"https:\/\/uj.adatbank.ro\/lexikon\/wp-json\/wp\/v2\/product\/21118","targetHints":{"allow":["GET"]}}],"collection":[{"href":"https:\/\/uj.adatbank.ro\/lexikon\/wp-json\/wp\/v2\/product"}],"about":[{"href":"https:\/\/uj.adatbank.ro\/lexikon\/wp-json\/wp\/v2\/types\/product"}],"replies":[{"embeddable":true,"href":"https:\/\/uj.adatbank.ro\/lexikon\/wp-json\/wp\/v2\/comments?post=21118"}],"wp:attachment":[{"href":"https:\/\/uj.adatbank.ro\/lexikon\/wp-json\/wp\/v2\/media?parent=21118"}],"wp:term":[{"taxonomy":"product_brand","embeddable":true,"href":"https:\/\/uj.adatbank.ro\/lexikon\/wp-json\/wp\/v2\/product_brand?post=21118"},{"taxonomy":"product_cat","embeddable":true,"href":"https:\/\/uj.adatbank.ro\/lexikon\/wp-json\/wp\/v2\/product_cat?post=21118"},{"taxonomy":"product_tag","embeddable":true,"href":"https:\/\/uj.adatbank.ro\/lexikon\/wp-json\/wp\/v2\/product_tag?post=21118"}],"curies":[{"name":"wp","href":"https:\/\/api.w.org\/{rel}","templated":true}]}}

SZABÓ Frigyes Sámuel

<p>1923., † Mv., 2009. ápr. 19.: ref. lelkész. – Ref. lelkipásztor a mv.-i V. Felsővárosi Egyházközségben. Gegesben, majd Kelementelkén teljesített szolgálatot, édesapja id. Szabó Frigyes örökségébe lépett nyugdíjazásáig. (1964. szept. 30.–). A vártemplomi gyülekezetben igehirdető és irodai szolgálatot végzett. Megszervezte a mv.-i V. Felsővárosi Gyülekezet önálló egyházközségét (1976. jan.1.), itt szolgált nyugdíjazásáig (1994). <br /><strong>Irod.:</strong> Csáky; [Nekrológ] (Nú., 2009. ápr. 21.).</br></p>

<p>1923., † Mv., 2009. ápr. 19.: ref. lelkész. – Ref. lelkipásztor a mv.-i V. Felsővárosi Egyházközségben. Gegesben, majd Kelementelkén teljesített szolgálatot, édesapja id. Szabó Frigyes örökségébe lépett nyugdíjazásáig. (1964. szept. 30.–). A vártemplomi gyülekezetben igehirdető és irodai szolgálatot végzett. Megszervezte a mv.-i V. Felsővárosi Gyülekezet önálló egyházközségét (1976. jan.1.), itt szolgált nyugdíjazásáig (1994). Irod.: Csáky; [Nekrológ] [&hellip;]</p>
