{"id":21119,"date":"2025-07-22T19:13:47","date_gmt":"2025-07-22T17:13:47","guid":{"rendered":"https:\/\/uj.adatbank.ro\/lexikon\/termek\/szabo-gabor-p\/"},"modified":"2025-07-22T19:13:47","modified_gmt":"2025-07-22T17:13:47","slug":"szabo-gabor-p","status":"publish","type":"product","link":"https:\/\/uj.adatbank.ro\/lexikon\/termek\/szabo-gabor-p\/","title":{"rendered":"SZAB\u00d3 G\u00e1bor, P."},"content":{"rendered":"<p>Szentes, 1892., \u2020?: r. k. pap., h\u00e1zf\u0151n\u00f6k. \u2013 Teol\u00f3gi\u00e1t Mv.-en \u00e9s R\u00f3m\u00e1ban v\u00e9gzett, papp\u00e1 szentelt\u00e9k Temesv\u00e1ron (1916). H\u00e1rom \u00e9vig Aradon k\u00e1pl\u00e1n, hitoktat\u00f3, majd teol\u00f3giai tan\u00e1r (1920\u2013), nov\u00edciusmester Mo.-on \u00e9s Erd\u00e9lyben. Mv.-en nov\u00edciusmester \u00e9s a minorita szerzetesrend pr\u00f3ba\u00e9ves pap n\u00f6vend\u00e9kei szemin\u00e1rium\u00e1nak vezet\u0151je volt. (1919\u2013), \u00edgy az erd\u00e9lyi minorita rend n\u00f6vend\u00e9kei nagyr\u00e9szt az \u0151 tan\u00edtv\u00e1nyai voltak, majd a mo.-i minorita kispapok is az \u0151 kiv\u00e1l\u00f3 nevel\u00e9s\u00e9ben r\u00e9szes\u00fcltek. A rend aradi nagygy\u0171l\u00e9s\u00e9n megv\u00e1lasztott\u00e1k mv.-i h\u00e1zf\u0151n\u00f6kk\u00e9 (1931).Sz\u00e1mos \u00e9rt\u00e9kes szerzetesjogi tanulm\u00e1nyt \u00edrt tan\u00edtv\u00e1nyai sz\u00e1m\u00e1ra, amelyek k\u00e9zirat alakj\u00e1ban voltak haszn\u00e1latban. <br \/><strong>Irod.:<\/strong> Id\u0151t\u00e1r 3; Ki kicsoda?<\/br><\/p>\n","protected":false},"excerpt":{"rendered":"<p>Szentes, 1892., \u2020?: r. k. pap., h\u00e1zf\u0151n\u00f6k. \u2013 Teol\u00f3gi\u00e1t Mv.-en \u00e9s R\u00f3m\u00e1ban v\u00e9gzett, papp\u00e1 szentelt\u00e9k Temesv\u00e1ron (1916). H\u00e1rom \u00e9vig Aradon k\u00e1pl\u00e1n, hitoktat\u00f3, majd teol\u00f3giai tan\u00e1r (1920\u2013), nov\u00edciusmester Mo.-on \u00e9s Erd\u00e9lyben. Mv.-en nov\u00edciusmester \u00e9s a minorita szerzetesrend pr\u00f3ba\u00e9ves pap n\u00f6vend\u00e9kei szemin\u00e1rium\u00e1nak vezet\u0151je volt. (1919\u2013), \u00edgy az erd\u00e9lyi minorita rend n\u00f6vend\u00e9kei nagyr\u00e9szt az \u0151 tan\u00edtv\u00e1nyai voltak, majd [&hellip;]<\/p>\n","protected":false},"featured_media":0,"comment_status":"open","ping_status":"closed","template":"","meta":[],"product_brand":[],"product_cat":[137],"product_tag":[],"class_list":{"0":"post-21119","1":"product","2":"type-product","3":"status-publish","5":"product_cat-maros-megyei-eletrajzi-lexikon","7":"first","8":"instock","9":"shipping-taxable","10":"product-type-simple"},"_links":{"self":[{"href":"https:\/\/uj.adatbank.ro\/lexikon\/wp-json\/wp\/v2\/product\/21119","targetHints":{"allow":["GET"]}}],"collection":[{"href":"https:\/\/uj.adatbank.ro\/lexikon\/wp-json\/wp\/v2\/product"}],"about":[{"href":"https:\/\/uj.adatbank.ro\/lexikon\/wp-json\/wp\/v2\/types\/product"}],"replies":[{"embeddable":true,"href":"https:\/\/uj.adatbank.ro\/lexikon\/wp-json\/wp\/v2\/comments?post=21119"}],"wp:attachment":[{"href":"https:\/\/uj.adatbank.ro\/lexikon\/wp-json\/wp\/v2\/media?parent=21119"}],"wp:term":[{"taxonomy":"product_brand","embeddable":true,"href":"https:\/\/uj.adatbank.ro\/lexikon\/wp-json\/wp\/v2\/product_brand?post=21119"},{"taxonomy":"product_cat","embeddable":true,"href":"https:\/\/uj.adatbank.ro\/lexikon\/wp-json\/wp\/v2\/product_cat?post=21119"},{"taxonomy":"product_tag","embeddable":true,"href":"https:\/\/uj.adatbank.ro\/lexikon\/wp-json\/wp\/v2\/product_tag?post=21119"}],"curies":[{"name":"wp","href":"https:\/\/api.w.org\/{rel}","templated":true}]}}

SZABÓ Gábor, P.

<p>Szentes, 1892., †?: r. k. pap., házfőnök. – Teológiát Mv.-en és Rómában végzett, pappá szentelték Temesváron (1916). Három évig Aradon káplán, hitoktató, majd teológiai tanár (1920–), novíciusmester Mo.-on és Erdélyben. Mv.-en novíciusmester és a minorita szerzetesrend próbaéves pap növendékei szemináriumának vezetője volt. (1919–), így az erdélyi minorita rend növendékei nagyrészt az ő tanítványai voltak, majd a mo.-i minorita kispapok is az ő kiváló nevelésében részesültek. A rend aradi nagygyűlésén megválasztották mv.-i házfőnökké (1931).Számos értékes szerzetesjogi tanulmányt írt tanítványai számára, amelyek kézirat alakjában voltak használatban. <br /><strong>Irod.:</strong> Időtár 3; Ki kicsoda?</br></p>

<p>Szentes, 1892., †?: r. k. pap., házfőnök. – Teológiát Mv.-en és Rómában végzett, pappá szentelték Temesváron (1916). Három évig Aradon káplán, hitoktató, majd teológiai tanár (1920–), novíciusmester Mo.-on és Erdélyben. Mv.-en novíciusmester és a minorita szerzetesrend próbaéves pap növendékei szemináriumának vezetője volt. (1919–), így az erdélyi minorita rend növendékei nagyrészt az ő tanítványai voltak, majd [&hellip;]</p>
