{"id":21120,"date":"2025-07-22T19:13:49","date_gmt":"2025-07-22T17:13:49","guid":{"rendered":"https:\/\/uj.adatbank.ro\/lexikon\/termek\/szabo-gaspar\/"},"modified":"2025-07-22T19:13:49","modified_gmt":"2025-07-22T17:13:49","slug":"szabo-gaspar","status":"publish","type":"product","link":"https:\/\/uj.adatbank.ro\/lexikon\/termek\/szabo-gaspar\/","title":{"rendered":"SZAB\u00d3 G\u00e1sp\u00e1r"},"content":{"rendered":"<p>? \u2020\u00a0Mv., 1600.: polg\u00e1r, szombatos. \u2013 Borsos Tam\u00e1s s\u00f3gora. A mv.-i szombatosok vezet\u0151je. E\u0151ssi Istv\u00e1n legf\u0151bb k\u00f6vet\u0151je. Al\u00e1\u00edrta azt a levelet, amit sz\u00e9lelyv\u00e1s\u00e1rhelyi szombatosok k\u00fcldtek a budai bas\u00e1nak, akit\u0151l megk\u00fcl\u00f6nb\u00f6ztetett b\u00e1n\u00e1sm\u00f3dot k\u00e9rtek egy esetleges t\u00f6r\u00f6k megsz\u00e1ll\u00e1s eset\u00e9re, mert nem tekintik a t\u00f6r\u00f6k\u00f6t ellens\u00e9gnek. A lev\u00e9l B\u00e1thori Zsigmond kez\u00e9be ker\u00fclt, aki az al\u00e1\u00edr\u00f3kat elfogatta, \u0151 elmenek\u00fclt (1595 j\u00fal.), de \u00e9v v\u00e9g\u00e9n visszat\u00e9rt a v\u00e1rosba Borsos Tam\u00e1ssal egy\u00fctt. Mih\u00e1ly vajda rendelet\u00e9re vall\u00e1sos k\u00f6nyveit bit\u00f3 alatt meg\u00e9gett\u00e9k (1600). <br \/><strong>Irod.:<\/strong> Id\u0151t\u00e1r 1.<\/br><\/p>\n","protected":false},"excerpt":{"rendered":"<p>? \u2020\u00a0Mv., 1600.: polg\u00e1r, szombatos. \u2013 Borsos Tam\u00e1s s\u00f3gora. A mv.-i szombatosok vezet\u0151je. E\u0151ssi Istv\u00e1n legf\u0151bb k\u00f6vet\u0151je. Al\u00e1\u00edrta azt a levelet, amit sz\u00e9lelyv\u00e1s\u00e1rhelyi szombatosok k\u00fcldtek a budai bas\u00e1nak, akit\u0151l megk\u00fcl\u00f6nb\u00f6ztetett b\u00e1n\u00e1sm\u00f3dot k\u00e9rtek egy esetleges t\u00f6r\u00f6k megsz\u00e1ll\u00e1s eset\u00e9re, mert nem tekintik a t\u00f6r\u00f6k\u00f6t ellens\u00e9gnek. A lev\u00e9l B\u00e1thori Zsigmond kez\u00e9be ker\u00fclt, aki az al\u00e1\u00edr\u00f3kat elfogatta, \u0151 elmenek\u00fclt [&hellip;]<\/p>\n","protected":false},"featured_media":0,"comment_status":"open","ping_status":"closed","template":"","meta":[],"product_brand":[],"product_cat":[137],"product_tag":[],"class_list":{"0":"post-21120","1":"product","2":"type-product","3":"status-publish","5":"product_cat-maros-megyei-eletrajzi-lexikon","7":"first","8":"instock","9":"shipping-taxable","10":"product-type-simple"},"_links":{"self":[{"href":"https:\/\/uj.adatbank.ro\/lexikon\/wp-json\/wp\/v2\/product\/21120","targetHints":{"allow":["GET"]}}],"collection":[{"href":"https:\/\/uj.adatbank.ro\/lexikon\/wp-json\/wp\/v2\/product"}],"about":[{"href":"https:\/\/uj.adatbank.ro\/lexikon\/wp-json\/wp\/v2\/types\/product"}],"replies":[{"embeddable":true,"href":"https:\/\/uj.adatbank.ro\/lexikon\/wp-json\/wp\/v2\/comments?post=21120"}],"wp:attachment":[{"href":"https:\/\/uj.adatbank.ro\/lexikon\/wp-json\/wp\/v2\/media?parent=21120"}],"wp:term":[{"taxonomy":"product_brand","embeddable":true,"href":"https:\/\/uj.adatbank.ro\/lexikon\/wp-json\/wp\/v2\/product_brand?post=21120"},{"taxonomy":"product_cat","embeddable":true,"href":"https:\/\/uj.adatbank.ro\/lexikon\/wp-json\/wp\/v2\/product_cat?post=21120"},{"taxonomy":"product_tag","embeddable":true,"href":"https:\/\/uj.adatbank.ro\/lexikon\/wp-json\/wp\/v2\/product_tag?post=21120"}],"curies":[{"name":"wp","href":"https:\/\/api.w.org\/{rel}","templated":true}]}}

SZABÓ Gáspár

<p>? † Mv., 1600.: polgár, szombatos. – Borsos Tamás sógora. A mv.-i szombatosok vezetője. Eőssi István legfőbb követője. Aláírta azt a levelet, amit szélelyvásárhelyi szombatosok küldtek a budai basának, akitől megkülönböztetett bánásmódot kértek egy esetleges török megszállás esetére, mert nem tekintik a törököt ellenségnek. A levél Báthori Zsigmond kezébe került, aki az aláírókat elfogatta, ő elmenekült (1595 júl.), de év végén visszatért a városba Borsos Tamással együtt. Mihály vajda rendeletére vallásos könyveit bitó alatt megégették (1600). <br /><strong>Irod.:</strong> Időtár 1.</br></p>

<p>? † Mv., 1600.: polgár, szombatos. – Borsos Tamás sógora. A mv.-i szombatosok vezetője. Eőssi István legfőbb követője. Aláírta azt a levelet, amit szélelyvásárhelyi szombatosok küldtek a budai basának, akitől megkülönböztetett bánásmódot kértek egy esetleges török megszállás esetére, mert nem tekintik a törököt ellenségnek. A levél Báthori Zsigmond kezébe került, aki az aláírókat elfogatta, ő elmenekült [&hellip;]</p>
