{"id":21121,"date":"2025-07-22T19:13:51","date_gmt":"2025-07-22T17:13:51","guid":{"rendered":"https:\/\/uj.adatbank.ro\/lexikon\/termek\/szabo-gaspar-2\/"},"modified":"2025-07-22T19:13:51","modified_gmt":"2025-07-22T17:13:51","slug":"szabo-gaspar-2","status":"publish","type":"product","link":"https:\/\/uj.adatbank.ro\/lexikon\/termek\/szabo-gaspar-2\/","title":{"rendered":"SZAB\u00d3 G\u00e1sp\u00e1r"},"content":{"rendered":"<p>? \u2020?: ref. pap. A ref. temet\u0151be temett\u00e9k (dec.28.). <br \/><strong>Irod.:<\/strong> Nekrol\u00f3g \u2013.<\/br><\/p>\n","protected":false},"excerpt":{"rendered":"<p>? \u2020?: ref. pap. A ref. temet\u0151be temett\u00e9k (dec.28.). Irod.: Nekrol\u00f3g \u2013.<\/p>\n","protected":false},"featured_media":0,"comment_status":"open","ping_status":"closed","template":"","meta":[],"product_brand":[],"product_cat":[137],"product_tag":[],"class_list":{"0":"post-21121","1":"product","2":"type-product","3":"status-publish","5":"product_cat-maros-megyei-eletrajzi-lexikon","7":"first","8":"instock","9":"shipping-taxable","10":"product-type-simple"},"_links":{"self":[{"href":"https:\/\/uj.adatbank.ro\/lexikon\/wp-json\/wp\/v2\/product\/21121","targetHints":{"allow":["GET"]}}],"collection":[{"href":"https:\/\/uj.adatbank.ro\/lexikon\/wp-json\/wp\/v2\/product"}],"about":[{"href":"https:\/\/uj.adatbank.ro\/lexikon\/wp-json\/wp\/v2\/types\/product"}],"replies":[{"embeddable":true,"href":"https:\/\/uj.adatbank.ro\/lexikon\/wp-json\/wp\/v2\/comments?post=21121"}],"wp:attachment":[{"href":"https:\/\/uj.adatbank.ro\/lexikon\/wp-json\/wp\/v2\/media?parent=21121"}],"wp:term":[{"taxonomy":"product_brand","embeddable":true,"href":"https:\/\/uj.adatbank.ro\/lexikon\/wp-json\/wp\/v2\/product_brand?post=21121"},{"taxonomy":"product_cat","embeddable":true,"href":"https:\/\/uj.adatbank.ro\/lexikon\/wp-json\/wp\/v2\/product_cat?post=21121"},{"taxonomy":"product_tag","embeddable":true,"href":"https:\/\/uj.adatbank.ro\/lexikon\/wp-json\/wp\/v2\/product_tag?post=21121"}],"curies":[{"name":"wp","href":"https:\/\/api.w.org\/{rel}","templated":true}]}}