{"id":21130,"date":"2025-07-22T19:14:11","date_gmt":"2025-07-22T17:14:11","guid":{"rendered":"https:\/\/uj.adatbank.ro\/lexikon\/termek\/szabo-gyorgy-6\/"},"modified":"2025-07-22T19:14:11","modified_gmt":"2025-07-22T17:14:11","slug":"szabo-gyorgy-6","status":"publish","type":"product","link":"https:\/\/uj.adatbank.ro\/lexikon\/termek\/szabo-gyorgy-6\/","title":{"rendered":"SZAB\u00d3 Gy\u00f6rgy"},"content":{"rendered":"<p>Csiba, 1856. febr. 9., \u2020?: r. kat. f\u0151esperes, pl\u00e9b\u00e1nos, c. ap\u00e1t, f\u0151gimn.-i tan\u00e1r. \u2013 A k\u00f6z\u00e9piskol\u00e1t Mv.-en, a teol\u00f3gi\u00e1t Gyulafeh\u00e9rv\u00e1ron v\u00e9gezte, papp\u00e1 szentelt\u00e9k (1879). Gyergy\u00f3szentmikl\u00f3son h\u00e1rom \u00e9s f\u00e9l \u00e9vig seg\u00e9dlelk\u00e9sz, majd f\u00e9l\u00e9vig h. pl\u00e9b\u00e1nos \u00e9s adminisztr\u00e1tor; Medgyesfalv\u00e1n gr. L\u00e1z\u00e1r Jen\u0151 f\u00f6ldbirtokosn\u00e1l nevel\u0151 \u00e9s udvari lelk\u00e9sz (1883\u201386); pl\u00e9b\u00e1nos Szenth\u00e1roms\u00e1gon (1886\u201396), Nagyerny\u00e9n (1896\u20131911). K\u00f6zbej\u00e1r\u00e1s\u00e1val megalakult a fogyaszt\u00e1si sz\u00f6vetkezet (1898), tejsz\u00f6vetkezet (1904), gazdak\u00f6r \u00e9s \u00e1llatbiztos\u00edt\u00f3 t\u00e1rsulat (1908). \u00daj papilakot \u00e9p\u00edttetett (1899), \u00faj katolikus felekezeti iskol\u00e1t (1903) \u00e9s \u00faj templomot (1904), a f\u0151gondnok br. B\u00e1lintitt J\u00f3zsef, algondnok Szenner Antal idej\u00e9n. Kezdem\u00e9nyez\u00e9s\u00e9re itt gazdak\u00f6r \u00e9s \u00e1llatbiztos\u00edt\u00f3 t\u00e1rsulat alakult (1908). Br. B\u00e1lintitt J\u00f3zseffel cser\u00e9p- \u00e9s t\u00e9glagy\u00e1rt\u00f3 \u00fczemet l\u00e9tes\u00edtett Lib\u00e1ncson \u00e9s Domusban (1909\u201310). Szeg\u00e9nyeknek h\u00e1zat \u00e9p\u00edtetett saj\u00e1t ter\u00fclet\u00e9n (1910), B\u00e1lintitt J\u00f3zsefn\u00e9 B\u00e9ldi Georgina \u00e9s Szab\u00f3 Mikl\u00f3s anyagi t\u00e1mogat\u00e1s\u00e1val. \u00c9p\u00edttett\u0151je volt egy nagyernyei malomnak, egy\u00fctt B\u00e1lintitt Gy\u00f6rgy b\u00e1r\u00f3val, Szenner Antal \u00e9s R\u00e1duly J\u00f3zsef j\u00f3m\u00f3d\u00fa gazd\u00e1val (1910). Jelent\u0151s a k\u00f6z\u00e9leti tev\u00e9kenys\u00e9ge: kat. olvas\u00f3k\u00f6rt, fogyaszt\u00e1si \u00e9s \u00e9rt\u00e9kes\u00edt\u00e9si-, tej- \u00e9s hitelsz\u00f6vetkezetet \u00e9s gazdak\u00f6rt alak\u00edtott, ezek eln\u00f6ke volt. \u0150 alap\u00edtotta az eg\u00e9sz Erd\u00e9lyben legvir\u00e1gz\u00f3bb tejsz\u00f6vetkezetet, amely 4 hold ter\u00fcleten naponta 2000 liter tejet dolgozott fel. Nagyerny\u00e9ben megv\u00e1s\u00e1rolta a Patrub\u00e1n f\u00e9le 423 hold birtokot \u00e9s azt 90 gazda k\u00f6zt parcell\u00e1zta, a parcell\u00e1z\u00f3 t\u00e1rsas\u00e1gnak eln\u00f6ke volt. Uo. megalak\u00edtotta az alkohol-ellenes sz\u00f6vets\u00e9get (1905), absztinens papi \u00e9s absztinens n\u0151i csoportot alak\u00edtott. Tizenk\u00e9t \u00e9ven \u00e1t szerkesztette az Alkoholizmus ellen c. foly\u00f3iratot (1906\u201318), t\u00f6bb \u00e9ven \u00e1t kiadta az Absztinens Pap \u00e9s Absztinens N\u0151 c. szaklapot. Marosj\u00e1r\u00e1n \u00e1tvette a Baranyi B\u00e9la elad\u00f3sodott 132 hold birtok\u00e1t, amelyet k\u00e9s\u0151bb parcell\u00e1zott \u00e9s egyes gazd\u00e1knak r\u00e9szletre eladott, a j\u00f6vedelemb\u0151l gondozta Baranyai B\u00e9l\u00e1t \u00e9s annak hal\u00e1la ut\u00e1n, a birtok maradv\u00e1ny\u00e1b\u00f3l szervezte a marosj\u00e1rai r.k. pl\u00e9b\u00e1ni\u00e1t. Nagyerny\u00e9ben megalak\u00edtotta a belmisszi\u00f3s papok t\u00e1rsulat\u00e1t. Gyergy\u00f3szentmikl\u00f3son pl\u00e9b\u00e1nosnak v\u00e1lasztott\u00e1k (1911), f\u0151esperesnek nevezt\u00e9k ki (1915), a r. k. z\u00e1rda igazgat\u00f3ja is volt. A p\u00fcsp\u00f6k kinevezte a Szent Katalinr\u00f3l elnevezett c. ap\u00e1tnak (1929); a St\u00e1tus gy\u0171l\u00e9s \u00e1lland\u00f3 k\u00e9pvisel\u0151je (1898\u2013), az erd\u00e9lyi egyh\u00e1zmegye igazgat\u00f3 tan\u00e1cs\u00e1nak tagja volt (1926\u2013). Megalap\u00edtotta az Els\u0151 Csikmegyei Tejsz\u00f6vetkezetet (1912), Fogyaszt\u00e1si \u00e9s \u00c9rt\u00e9kes\u00edt\u00e9si Sz\u00f6vetkezetet (1915), eln\u00f6ke a Hitelsz\u00f6vetkezetnek (1912\u2013); a Serf\u0151z\u0151 Ign\u00e1c pl\u00e9b\u00e1nos f\u00e9le szeg\u00e9nyalapb\u00f3l 17 cell\u00e1s \u00e9p\u00fcletet l\u00e9tes\u00edtett a szeg\u00e9nyek, munkak\u00e9ptelenek sz\u00e1m\u00e1ra \u00e9s azt Szereteth\u00e1znak nevezte el (1913); szervezte \u00e9s alap\u00edtotta a nev\u00e9r\u0151l elnevezett Gyergy\u00f3i Szab\u00f3 Gy\u00f6rgy r. k. \u00e1rvah\u00e1zat a hadi\u00e1rv\u00e1k sz\u00e1m\u00e1ra, amely az I. vh. alatt 50 hadi\u00e1rv\u00e1t gondozott. Nagyernyei \u00e9s gyergy\u00f3szentmikl\u00f3si pl\u00e9b\u00e1noss\u00e1ga alatt 30 n\u00e9pmisszi\u00f3t tartott. A p\u00fcsp\u00f6k megb\u00edz\u00e1s\u00e1b\u00f3l \u00fajra adminisztr\u00e1lta Marosj\u00e1r\u00e1t \u00e9s \u00faj papi lakot \u00e9p\u00edttetett (1929. szept. 12. felszentelt\u00e9k). Sz\u00fcl\u0151faluj\u00e1ban, Csib\u00e1-ban, saj\u00e1t k\u00f6lts\u00e9g\u00e9n templomot \u00e9p\u00edtett \u00e9s szerelt fel (1930), ennek fedez\u00e9s\u00e9re eladta nagyernyei birtok\u00e1t, Mv.-en h\u00e1zat v\u00e1s\u00e1rolt mely bev\u00e9tel\u00e9t a templom fenntart\u00e1s\u00e1ra, a lelk\u00e9sz \u00e9s k\u00e1ntor javadalmaz\u00e1s\u00e1ra ford\u00edtotta, a h\u00e1zat a csibai r.k. egyh\u00e1zk\u00f6zs\u00e9g nev\u00e9re telekk\u00f6nyveztette; 10.000 lej alap\u00edtv\u00e1nyt tett a mv.-i r. k. f\u0151gimn. szeg\u00e9ny tanul\u00f3i sz\u00e1m\u00e1ra. Megjelent k\u00f6nyve \u00e9s t\u00f6bb f\u00fczete. \u2013 <strong>F. m.<\/strong>: A szeszesital molohja. <br \/><strong>Irod.:<\/strong> EM; Id\u0151t\u00e1r 2; L\u00e9sty\u00e1n \u2013 templomok; Maros-k\u00fck\u00fcll\u0151i f\u0151esp.; Nagy Lajos: Nagyernye.= Eml\u00e9kk. Szab\u00f3 Mikl\u00f3s; Nagyernye; Nemes Gyula: Rekviemegy malom\u00e9rt (K\u00f6zpont, 27. sz., 2012. j\u00fal. 4\u201310.); Nemes Gyula: Sz\u00f6vetkezetek Maros-Torda v\u00e1rmegy\u00e9ben 1876\u20131920 k\u00f6z\u00f6tt = Eml\u00e9kk. Szab\u00f3 Mikl\u00f3s; Tam\u00e1si 2022.<\/br><\/p>\n","protected":false},"excerpt":{"rendered":"<p>Csiba, 1856. febr. 9., \u2020?: r. kat. f\u0151esperes, pl\u00e9b\u00e1nos, c. ap\u00e1t, f\u0151gimn.-i tan\u00e1r. \u2013 A k\u00f6z\u00e9piskol\u00e1t Mv.-en, a teol\u00f3gi\u00e1t Gyulafeh\u00e9rv\u00e1ron v\u00e9gezte, papp\u00e1 szentelt\u00e9k (1879). Gyergy\u00f3szentmikl\u00f3son h\u00e1rom \u00e9s f\u00e9l \u00e9vig seg\u00e9dlelk\u00e9sz, majd f\u00e9l\u00e9vig h. pl\u00e9b\u00e1nos \u00e9s adminisztr\u00e1tor; Medgyesfalv\u00e1n gr. L\u00e1z\u00e1r Jen\u0151 f\u00f6ldbirtokosn\u00e1l nevel\u0151 \u00e9s udvari lelk\u00e9sz (1883\u201386); pl\u00e9b\u00e1nos Szenth\u00e1roms\u00e1gon (1886\u201396), Nagyerny\u00e9n (1896\u20131911). K\u00f6zbej\u00e1r\u00e1s\u00e1val megalakult a fogyaszt\u00e1si [&hellip;]<\/p>\n","protected":false},"featured_media":0,"comment_status":"open","ping_status":"closed","template":"","meta":[],"product_brand":[],"product_cat":[137],"product_tag":[],"class_list":{"0":"post-21130","1":"product","2":"type-product","3":"status-publish","5":"product_cat-maros-megyei-eletrajzi-lexikon","7":"first","8":"instock","9":"shipping-taxable","10":"product-type-simple"},"_links":{"self":[{"href":"https:\/\/uj.adatbank.ro\/lexikon\/wp-json\/wp\/v2\/product\/21130","targetHints":{"allow":["GET"]}}],"collection":[{"href":"https:\/\/uj.adatbank.ro\/lexikon\/wp-json\/wp\/v2\/product"}],"about":[{"href":"https:\/\/uj.adatbank.ro\/lexikon\/wp-json\/wp\/v2\/types\/product"}],"replies":[{"embeddable":true,"href":"https:\/\/uj.adatbank.ro\/lexikon\/wp-json\/wp\/v2\/comments?post=21130"}],"wp:attachment":[{"href":"https:\/\/uj.adatbank.ro\/lexikon\/wp-json\/wp\/v2\/media?parent=21130"}],"wp:term":[{"taxonomy":"product_brand","embeddable":true,"href":"https:\/\/uj.adatbank.ro\/lexikon\/wp-json\/wp\/v2\/product_brand?post=21130"},{"taxonomy":"product_cat","embeddable":true,"href":"https:\/\/uj.adatbank.ro\/lexikon\/wp-json\/wp\/v2\/product_cat?post=21130"},{"taxonomy":"product_tag","embeddable":true,"href":"https:\/\/uj.adatbank.ro\/lexikon\/wp-json\/wp\/v2\/product_tag?post=21130"}],"curies":[{"name":"wp","href":"https:\/\/api.w.org\/{rel}","templated":true}]}}