{"id":21133,"date":"2025-07-22T19:14:16","date_gmt":"2025-07-22T17:14:16","guid":{"rendered":"https:\/\/uj.adatbank.ro\/lexikon\/termek\/szabo-gyorgy-9\/"},"modified":"2025-07-22T19:14:16","modified_gmt":"2025-07-22T17:14:16","slug":"szabo-gyorgy-9","status":"publish","type":"product","link":"https:\/\/uj.adatbank.ro\/lexikon\/termek\/szabo-gyorgy-9\/","title":{"rendered":"SZAB\u00d3 Gy\u00f6rgy"},"content":{"rendered":"<p>? \u2020?: cip\u00e9szmester Szov\u00e1ta. \u2013 Az els\u0151 vh.ban az orosz, olasz \u00e9s a francia fronton harcolt. Az imp\u00e9riumv\u00e1lt\u00e1s ut\u00e1n elfogt\u00e1k \u00e9s megk\u00ednozt\u00e1k, Ny\u00e1r\u00e1dszered\u00e1ba, majd Mv.-re hurcolt\u00e1k. <br \/><strong>Irod.:<\/strong> Visnai.<\/br><\/p>\n","protected":false},"excerpt":{"rendered":"<p>? \u2020?: cip\u00e9szmester Szov\u00e1ta. \u2013 Az els\u0151 vh.ban az orosz, olasz \u00e9s a francia fronton harcolt. Az imp\u00e9riumv\u00e1lt\u00e1s ut\u00e1n elfogt\u00e1k \u00e9s megk\u00ednozt\u00e1k, Ny\u00e1r\u00e1dszered\u00e1ba, majd Mv.-re hurcolt\u00e1k. Irod.: Visnai.<\/p>\n","protected":false},"featured_media":0,"comment_status":"open","ping_status":"closed","template":"","meta":[],"product_brand":[],"product_cat":[137],"product_tag":[],"class_list":{"0":"post-21133","1":"product","2":"type-product","3":"status-publish","5":"product_cat-maros-megyei-eletrajzi-lexikon","7":"first","8":"instock","9":"shipping-taxable","10":"product-type-simple"},"_links":{"self":[{"href":"https:\/\/uj.adatbank.ro\/lexikon\/wp-json\/wp\/v2\/product\/21133","targetHints":{"allow":["GET"]}}],"collection":[{"href":"https:\/\/uj.adatbank.ro\/lexikon\/wp-json\/wp\/v2\/product"}],"about":[{"href":"https:\/\/uj.adatbank.ro\/lexikon\/wp-json\/wp\/v2\/types\/product"}],"replies":[{"embeddable":true,"href":"https:\/\/uj.adatbank.ro\/lexikon\/wp-json\/wp\/v2\/comments?post=21133"}],"wp:attachment":[{"href":"https:\/\/uj.adatbank.ro\/lexikon\/wp-json\/wp\/v2\/media?parent=21133"}],"wp:term":[{"taxonomy":"product_brand","embeddable":true,"href":"https:\/\/uj.adatbank.ro\/lexikon\/wp-json\/wp\/v2\/product_brand?post=21133"},{"taxonomy":"product_cat","embeddable":true,"href":"https:\/\/uj.adatbank.ro\/lexikon\/wp-json\/wp\/v2\/product_cat?post=21133"},{"taxonomy":"product_tag","embeddable":true,"href":"https:\/\/uj.adatbank.ro\/lexikon\/wp-json\/wp\/v2\/product_tag?post=21133"}],"curies":[{"name":"wp","href":"https:\/\/api.w.org\/{rel}","templated":true}]}}