{"id":21134,"date":"2025-07-22T19:14:17","date_gmt":"2025-07-22T17:14:17","guid":{"rendered":"https:\/\/uj.adatbank.ro\/lexikon\/termek\/szabo-gyorgy-10\/"},"modified":"2025-07-22T19:14:17","modified_gmt":"2025-07-22T17:14:17","slug":"szabo-gyorgy-10","status":"publish","type":"product","link":"https:\/\/uj.adatbank.ro\/lexikon\/termek\/szabo-gyorgy-10\/","title":{"rendered":"SZAB\u00d3 Gy\u00f6rgy"},"content":{"rendered":"<p>Szeged? \u2020?: orvos, orvost\u00f6rt\u00e9n\u00e9sz. \u2013 Apja postatisztvisel\u0151, sok helyen \u00e9lt a csal\u00e1dj\u00e1val: Pozsonyban, Szegeden, Kv.-on. Feles\u00e9ge K\u00f6ntzey Lenke. T\u00f6bb gyermek\u00fck volt, k\u00f6zt\u00fck Gy\u00f6rgy (1920\u2013). \u2013 A k\u00f6z\u00e9piskol\u00e1t \u00e9s az orvosi egyetemet Kv.-on v\u00e9gezte. Erd\u00e9lyben maradt, m\u00edg sz\u00fclei visszak\u00f6lt\u00f6ztek Bp.-re. Dics\u0151szentm\u00e1rtonban, majd Radn\u00f3ton, Mv.-en volt orvos. Nagyon \u00e9rdekl\u0151d\u00f6tt a t\u00f6rt\u00e9nelem ir\u00e1nt. = Dubovitz: Magyar f\u00f6ldrajzi irodalom 1936\u20131939 (Bp., 1938\u20131941). \u2013 <strong>F. m.<\/strong>: Egy erd\u00e9lyi falu: Radn\u00f3t (1938). <br \/><strong>Irod.:<\/strong> Dubovitz; Elsz\u00e1ntam magam egy p\u00e1ly\u00e1ra, \u00e9s mindv\u00e9gig kitartottam mellette: T\u00e1nczos Vilmos besz\u00e9lget\u00e9se Sz. Gy. klasszika-filol\u00f3gussal (Sz\u00e9kelyf\u00f6ld, 3. sz., 2001. m\u00e1rc.); Genersich, Molter.<\/br><\/p>\n","protected":false},"excerpt":{"rendered":"<p>Szeged? \u2020?: orvos, orvost\u00f6rt\u00e9n\u00e9sz. \u2013 Apja postatisztvisel\u0151, sok helyen \u00e9lt a csal\u00e1dj\u00e1val: Pozsonyban, Szegeden, Kv.-on. Feles\u00e9ge K\u00f6ntzey Lenke. T\u00f6bb gyermek\u00fck volt, k\u00f6zt\u00fck Gy\u00f6rgy (1920\u2013). \u2013 A k\u00f6z\u00e9piskol\u00e1t \u00e9s az orvosi egyetemet Kv.-on v\u00e9gezte. Erd\u00e9lyben maradt, m\u00edg sz\u00fclei visszak\u00f6lt\u00f6ztek Bp.-re. Dics\u0151szentm\u00e1rtonban, majd Radn\u00f3ton, Mv.-en volt orvos. Nagyon \u00e9rdekl\u0151d\u00f6tt a t\u00f6rt\u00e9nelem ir\u00e1nt. = Dubovitz: Magyar f\u00f6ldrajzi irodalom [&hellip;]<\/p>\n","protected":false},"featured_media":0,"comment_status":"open","ping_status":"closed","template":"","meta":[],"product_brand":[],"product_cat":[137],"product_tag":[],"class_list":{"0":"post-21134","1":"product","2":"type-product","3":"status-publish","5":"product_cat-maros-megyei-eletrajzi-lexikon","7":"first","8":"instock","9":"shipping-taxable","10":"product-type-simple"},"_links":{"self":[{"href":"https:\/\/uj.adatbank.ro\/lexikon\/wp-json\/wp\/v2\/product\/21134","targetHints":{"allow":["GET"]}}],"collection":[{"href":"https:\/\/uj.adatbank.ro\/lexikon\/wp-json\/wp\/v2\/product"}],"about":[{"href":"https:\/\/uj.adatbank.ro\/lexikon\/wp-json\/wp\/v2\/types\/product"}],"replies":[{"embeddable":true,"href":"https:\/\/uj.adatbank.ro\/lexikon\/wp-json\/wp\/v2\/comments?post=21134"}],"wp:attachment":[{"href":"https:\/\/uj.adatbank.ro\/lexikon\/wp-json\/wp\/v2\/media?parent=21134"}],"wp:term":[{"taxonomy":"product_brand","embeddable":true,"href":"https:\/\/uj.adatbank.ro\/lexikon\/wp-json\/wp\/v2\/product_brand?post=21134"},{"taxonomy":"product_cat","embeddable":true,"href":"https:\/\/uj.adatbank.ro\/lexikon\/wp-json\/wp\/v2\/product_cat?post=21134"},{"taxonomy":"product_tag","embeddable":true,"href":"https:\/\/uj.adatbank.ro\/lexikon\/wp-json\/wp\/v2\/product_tag?post=21134"}],"curies":[{"name":"wp","href":"https:\/\/api.w.org\/{rel}","templated":true}]}}

SZABÓ György

<p>Szeged? †?: orvos, orvostörténész. – Apja postatisztviselő, sok helyen élt a családjával: Pozsonyban, Szegeden, Kv.-on. Felesége Köntzey Lenke. Több gyermekük volt, köztük György (1920–). – A középiskolát és az orvosi egyetemet Kv.-on végezte. Erdélyben maradt, míg szülei visszaköltöztek Bp.-re. Dicsőszentmártonban, majd Radnóton, Mv.-en volt orvos. Nagyon érdeklődött a történelem iránt. = Dubovitz: Magyar földrajzi irodalom 1936–1939 (Bp., 1938–1941). – <strong>F. m.</strong>: Egy erdélyi falu: Radnót (1938). <br /><strong>Irod.:</strong> Dubovitz; Elszántam magam egy pályára, és mindvégig kitartottam mellette: Tánczos Vilmos beszélgetése Sz. Gy. klasszika-filológussal (Székelyföld, 3. sz., 2001. márc.); Genersich, Molter.</br></p>

<p>Szeged? †?: orvos, orvostörténész. – Apja postatisztviselő, sok helyen élt a családjával: Pozsonyban, Szegeden, Kv.-on. Felesége Köntzey Lenke. Több gyermekük volt, köztük György (1920–). – A középiskolát és az orvosi egyetemet Kv.-on végezte. Erdélyben maradt, míg szülei visszaköltöztek Bp.-re. Dicsőszentmártonban, majd Radnóton, Mv.-en volt orvos. Nagyon érdeklődött a történelem iránt. = Dubovitz: Magyar földrajzi irodalom [&hellip;]</p>
