{"id":21139,"date":"2025-07-22T19:14:29","date_gmt":"2025-07-22T17:14:29","guid":{"rendered":"https:\/\/uj.adatbank.ro\/lexikon\/termek\/szabo-gyorgy-bosi\/"},"modified":"2025-07-22T19:14:29","modified_gmt":"2025-07-22T17:14:29","slug":"szabo-gyorgy-bosi","status":"publish","type":"product","link":"https:\/\/uj.adatbank.ro\/lexikon\/termek\/szabo-gyorgy-bosi\/","title":{"rendered":"SZAB\u00d3 Gy\u00f6rgy, bosi"},"content":{"rendered":"<p>Sz\u00e9kelyb\u00f3s? \u2020 Sz\u00e9kelycs\u00f3ka, 1847: ref. pap. \u2013 Mv.-en a Ref. Koll.-ban tanult (1781\u2013), majd gr. Bethlen S\u00e1muel fiainak a nevel\u0151je lett. Marburgban folytatta tanulm\u00e1nyait (1790\u201393). A d\u00e9vai zsinat szentelte papp\u00e1 (1793). Sikl\u00f3don kezdte a szolg\u00e1lat\u00e1t (1793\u201397), onnan Sz\u00e9kelyszentistv\u00e1non (1798\u20131801), Gegesen szolg\u00e1lt (1801\u201309), Somosdra h\u00edvt\u00e1k meg (1809. nov. 13.\u20131814), itt az \u0151 idej\u00e9ben \u00e9p\u00fclt a templomuk tornya (1810\u201313) \u00e9s a somosdi egyh\u00e1z elv\u00e1lt a 300 \u00e9ves f\u00edli\u00e1j\u00e1t\u00f3l, Cs\u00f3k\u00e1t\u00f3l (1810\u2013), itt sz\u00fcletett le\u00e1nya \u00c1gnes (1811. \u00e1pr. 16.), Csittszentiv\u00e1nban (1809\u201312) folytatta tev\u00e9kenys\u00e9g\u00e9t. Makfalv\u00e1ra t\u00e1vozott (1815\u201333), majd Gyulakut\u00e1n volt (1836\u201342), v\u00e9g\u00fcl Cs\u00f3k\u00e1ban fejezte be lelk\u00e9szs\u00e9g\u00e9t (1842\u201347). <br \/><strong>Irod.:<\/strong> Csittszentiv\u00e1n; Imreh Barna; Somosd; Szab\u00f3\u2013Sz\u00f6gi.<\/br><\/p>\n","protected":false},"excerpt":{"rendered":"<p>Sz\u00e9kelyb\u00f3s? \u2020 Sz\u00e9kelycs\u00f3ka, 1847: ref. pap. \u2013 Mv.-en a Ref. Koll.-ban tanult (1781\u2013), majd gr. Bethlen S\u00e1muel fiainak a nevel\u0151je lett. Marburgban folytatta tanulm\u00e1nyait (1790\u201393). A d\u00e9vai zsinat szentelte papp\u00e1 (1793). Sikl\u00f3don kezdte a szolg\u00e1lat\u00e1t (1793\u201397), onnan Sz\u00e9kelyszentistv\u00e1non (1798\u20131801), Gegesen szolg\u00e1lt (1801\u201309), Somosdra h\u00edvt\u00e1k meg (1809. nov. 13.\u20131814), itt az \u0151 idej\u00e9ben \u00e9p\u00fclt a templomuk [&hellip;]<\/p>\n","protected":false},"featured_media":0,"comment_status":"open","ping_status":"closed","template":"","meta":[],"product_brand":[],"product_cat":[137],"product_tag":[],"class_list":{"0":"post-21139","1":"product","2":"type-product","3":"status-publish","5":"product_cat-maros-megyei-eletrajzi-lexikon","7":"first","8":"instock","9":"shipping-taxable","10":"product-type-simple"},"_links":{"self":[{"href":"https:\/\/uj.adatbank.ro\/lexikon\/wp-json\/wp\/v2\/product\/21139","targetHints":{"allow":["GET"]}}],"collection":[{"href":"https:\/\/uj.adatbank.ro\/lexikon\/wp-json\/wp\/v2\/product"}],"about":[{"href":"https:\/\/uj.adatbank.ro\/lexikon\/wp-json\/wp\/v2\/types\/product"}],"replies":[{"embeddable":true,"href":"https:\/\/uj.adatbank.ro\/lexikon\/wp-json\/wp\/v2\/comments?post=21139"}],"wp:attachment":[{"href":"https:\/\/uj.adatbank.ro\/lexikon\/wp-json\/wp\/v2\/media?parent=21139"}],"wp:term":[{"taxonomy":"product_brand","embeddable":true,"href":"https:\/\/uj.adatbank.ro\/lexikon\/wp-json\/wp\/v2\/product_brand?post=21139"},{"taxonomy":"product_cat","embeddable":true,"href":"https:\/\/uj.adatbank.ro\/lexikon\/wp-json\/wp\/v2\/product_cat?post=21139"},{"taxonomy":"product_tag","embeddable":true,"href":"https:\/\/uj.adatbank.ro\/lexikon\/wp-json\/wp\/v2\/product_tag?post=21139"}],"curies":[{"name":"wp","href":"https:\/\/api.w.org\/{rel}","templated":true}]}}

SZABÓ György, bosi

<p>Székelybós? † Székelycsóka, 1847: ref. pap. – Mv.-en a Ref. Koll.-ban tanult (1781–), majd gr. Bethlen Sámuel fiainak a nevelője lett. Marburgban folytatta tanulmányait (1790–93). A dévai zsinat szentelte pappá (1793). Siklódon kezdte a szolgálatát (1793–97), onnan Székelyszentistvánon (1798–1801), Gegesen szolgált (1801–09), Somosdra hívták meg (1809. nov. 13.–1814), itt az ő idejében épült a templomuk tornya (1810–13) és a somosdi egyház elvált a 300 éves fíliájától, Csókától (1810–), itt született leánya Ágnes (1811. ápr. 16.), Csittszentivánban (1809–12) folytatta tevékenységét. Makfalvára távozott (1815–33), majd Gyulakután volt (1836–42), végül Csókában fejezte be lelkészségét (1842–47). <br /><strong>Irod.:</strong> Csittszentiván; Imreh Barna; Somosd; Szabó–Szögi.</br></p>

<p>Székelybós? † Székelycsóka, 1847: ref. pap. – Mv.-en a Ref. Koll.-ban tanult (1781–), majd gr. Bethlen Sámuel fiainak a nevelője lett. Marburgban folytatta tanulmányait (1790–93). A dévai zsinat szentelte pappá (1793). Siklódon kezdte a szolgálatát (1793–97), onnan Székelyszentistvánon (1798–1801), Gegesen szolgált (1801–09), Somosdra hívták meg (1809. nov. 13.–1814), itt az ő idejében épült a templomuk [&hellip;]</p>
