{"id":2114,"date":"2025-06-28T12:04:11","date_gmt":"2025-06-28T10:04:11","guid":{"rendered":"https:\/\/uj.adatbank.ro\/lexikon\/termek\/bambo-gabor\/"},"modified":"2025-06-28T12:04:11","modified_gmt":"2025-06-28T10:04:11","slug":"bambo-gabor","status":"publish","type":"product","link":"https:\/\/uj.adatbank.ro\/lexikon\/termek\/bambo-gabor\/","title":{"rendered":"B\u00c1MB\u00d3 G\u00e1bor"},"content":{"rendered":"<p>Mv., 1914., jan. 31., \u2020 Mv., 2002. aug. 3.: heged\u0171s, f\u0151pr\u00edm\u00e1s. \u2013 H\u00e9t oszt\u00e1lyt v\u00e9gzett, heged\u00fclni \u00e9desapj\u00e1t\u00f3l tanult, aki h\u00edres csell\u00f3s volt. \u00c9desapja ismertette meg a zen\u00e9vel: az opera, operett \u00e9s a m. n\u00e9pzen\u00e9vel. Zenei nevel\u00e9s\u00e9ben nagy szerepe volt a cs\u00edkszeredai sz\u00e1rmaz\u00e1s\u00fa Miczi Misk\u00e1nak. A II. vh. el\u0151tt a mv.-i Z\u00f6ld Fa vend\u00e9gl\u0151 pr\u00edm\u00e1sa. A h\u00e1bor\u00fa ut\u00e1n p\u00e1rtaktivistak\u00e9nt dolgozott, a Constructorul \u00e9p\u00edt\u00e9si sz\u00f6vetkezet, a Minszki Lajos \u00fczem (1952) k\u00e1derese volt. A Sz\u00e9kely N\u00e9pi Egy\u00fcttes majd a Maros M\u0171v\u00e9szegy\u00fcttes pr\u00edm\u00e1sa (1957\u2013), mv.-i Nemzeti Sz\u00ednh\u00e1znak is munkat\u00e1rsa, a Kis mad\u00e1r, az Olasz szalmakalap, A csik\u00f3s, az \u00c9nekes mad\u00e1r, a Vid\u00e1m sirat\u00f3 c. darabokban. Saj\u00e1t <strong>szerzem\u00e9nyei:<\/strong> m. \u00e9s rom\u00e1n n\u00f3t\u00e1k, rom\u00e1ncok. A Mv.-i R\u00e1di\u00f3 m\u0171soraiban m\u0171k\u00f6d\u00f6tt k\u00f6zre (1960. k.) K\u00f6zkedvelt \u00e9nekesek k\u00f6zkedvelt pr\u00edm\u00e1sa volt. A buk.-i t\u00e9v\u00e9 felv\u00e9telekre h\u00edvta meg, \u00edgy szerepelt M\u00e1ty\u00e1s Judittal a Sz\u00f6vetkezetek Orsz\u00e1gos Kongresszus\u00e1n, majd a Felei kos\u00e1rfon\u00f3r\u00f3l sz\u00f3l\u00f3 filmeken, k\u00e9s\u00f4bb Bordi Arank\u00e1val, Madaras G\u00e1borral, \u00e9s \u00f6n\u00e1ll\u00f3 zenekari sz\u00e1mokkal is. Nyugd\u00edjaz\u00e1sa ut\u00e1n Madaras G\u00e1borral, Cseh Judittal, Bordi Arank\u00e1val megalap\u00edtott\u00e1k az \u00d4szir\u00f3zsa Egy\u00fcttest, a mv.-i nyugd\u00edjasok sz\u00f6vets\u00e9g\u00e9n\u00e9l (1980\u2013). Nagylemeze jelent meg az \u00d4szir\u00f3zsa egy\u00fcttessel. K\u00f6z\u00f6s lemeze volt Madaras G\u00e1borral az Electrecord megb\u00edz\u00e1s\u00e1b\u00f3l. Vend\u00e9gszerepl\u00e9sen j\u00e1rt a Maros M\u0171v\u00e9szegy\u00fcttessel Jugoszl\u00e1vi\u00e1ban, N\u00e9meto.-ban, Magyaro.-on. H\u00edvt\u00e1k k\u00fclf\u00f6ldre is, de \u0151 maradt. Megh\u00edv\u00e1st kapott felv\u00e9telre a bp.-i r\u00e1di\u00f3hoz, de a hat\u00f3s\u00e1gok nem enged\u00e9lyezt\u00e9k. Mv. vend\u00e9gl\u0151iben is muzsik\u00e1lt: Kult\u00farpince, Bukarest, Maros, Oroszl\u00e1n, Z\u00f6ld Fa, Aranykakas, S\u00farlott Gr\u00e1dics. Mv. zenei \u00e9let\u00e9nek kiemelked\u0151 szem\u00e9lyis\u00e9ge. <br \/><strong>Irod.:<\/strong> Bartos 2012; B\u00f6l\u00f6ni Domokos: B. G. f\u0151pr\u00edm\u00e1s (N\u00fa, 2000., j\u00fan. 4.); [Nekrol\u00f3g] (N\u00fa., 2002. aug. 6.)<\/br><\/p>\n","protected":false},"excerpt":{"rendered":"<p>Mv., 1914., jan. 31., \u2020 Mv., 2002. aug. 3.: heged\u0171s, f\u0151pr\u00edm\u00e1s. \u2013 H\u00e9t oszt\u00e1lyt v\u00e9gzett, heged\u00fclni \u00e9desapj\u00e1t\u00f3l tanult, aki h\u00edres csell\u00f3s volt. \u00c9desapja ismertette meg a zen\u00e9vel: az opera, operett \u00e9s a m. n\u00e9pzen\u00e9vel. Zenei nevel\u00e9s\u00e9ben nagy szerepe volt a cs\u00edkszeredai sz\u00e1rmaz\u00e1s\u00fa Miczi Misk\u00e1nak. A II. vh. el\u0151tt a mv.-i Z\u00f6ld Fa vend\u00e9gl\u0151 pr\u00edm\u00e1sa. A [&hellip;]<\/p>\n","protected":false},"featured_media":0,"comment_status":"open","ping_status":"closed","template":"","meta":[],"product_brand":[],"product_cat":[137],"product_tag":[],"class_list":{"0":"post-2114","1":"product","2":"type-product","3":"status-publish","5":"product_cat-maros-megyei-eletrajzi-lexikon","7":"first","8":"instock","9":"shipping-taxable","10":"product-type-simple"},"_links":{"self":[{"href":"https:\/\/uj.adatbank.ro\/lexikon\/wp-json\/wp\/v2\/product\/2114","targetHints":{"allow":["GET"]}}],"collection":[{"href":"https:\/\/uj.adatbank.ro\/lexikon\/wp-json\/wp\/v2\/product"}],"about":[{"href":"https:\/\/uj.adatbank.ro\/lexikon\/wp-json\/wp\/v2\/types\/product"}],"replies":[{"embeddable":true,"href":"https:\/\/uj.adatbank.ro\/lexikon\/wp-json\/wp\/v2\/comments?post=2114"}],"wp:attachment":[{"href":"https:\/\/uj.adatbank.ro\/lexikon\/wp-json\/wp\/v2\/media?parent=2114"}],"wp:term":[{"taxonomy":"product_brand","embeddable":true,"href":"https:\/\/uj.adatbank.ro\/lexikon\/wp-json\/wp\/v2\/product_brand?post=2114"},{"taxonomy":"product_cat","embeddable":true,"href":"https:\/\/uj.adatbank.ro\/lexikon\/wp-json\/wp\/v2\/product_cat?post=2114"},{"taxonomy":"product_tag","embeddable":true,"href":"https:\/\/uj.adatbank.ro\/lexikon\/wp-json\/wp\/v2\/product_tag?post=2114"}],"curies":[{"name":"wp","href":"https:\/\/api.w.org\/{rel}","templated":true}]}}

BÁMBÓ Gábor

<p>Mv., 1914., jan. 31., † Mv., 2002. aug. 3.: hegedűs, főprímás. – Hét osztályt végzett, hegedülni édesapjától tanult, aki híres csellós volt. Édesapja ismertette meg a zenével: az opera, operett és a m. népzenével. Zenei nevelésében nagy szerepe volt a csíkszeredai származású Miczi Miskának. A II. vh. előtt a mv.-i Zöld Fa vendéglő prímása. A háború után pártaktivistaként dolgozott, a Constructorul építési szövetkezet, a Minszki Lajos üzem (1952) káderese volt. A Székely Népi Együttes majd a Maros Művészegyüttes prímása (1957–), mv.-i Nemzeti Színháznak is munkatársa, a Kis madár, az Olasz szalmakalap, A csikós, az Énekes madár, a Vidám sirató c. darabokban. Saját <strong>szerzeményei:</strong> m. és román nóták, románcok. A Mv.-i Rádió műsoraiban működött közre (1960. k.) Közkedvelt énekesek közkedvelt prímása volt. A buk.-i tévé felvételekre hívta meg, így szerepelt Mátyás Judittal a Szövetkezetek Országos Kongresszusán, majd a Felei kosárfonóról szóló filmeken, késôbb Bordi Arankával, Madaras Gáborral, és önálló zenekari számokkal is. Nyugdíjazása után Madaras Gáborral, Cseh Judittal, Bordi Arankával megalapították az Ôszirózsa Együttest, a mv.-i nyugdíjasok szövetségénél (1980–). Nagylemeze jelent meg az Ôszirózsa együttessel. Közös lemeze volt Madaras Gáborral az Electrecord megbízásából. Vendégszereplésen járt a Maros Művészegyüttessel Jugoszláviában, Németo.-ban, Magyaro.-on. Hívták külföldre is, de ő maradt. Meghívást kapott felvételre a bp.-i rádióhoz, de a hatóságok nem engedélyezték. Mv. vendéglőiben is muzsikált: Kultúrpince, Bukarest, Maros, Oroszlán, Zöld Fa, Aranykakas, Súrlott Grádics. Mv. zenei életének kiemelkedő személyisége. <br /><strong>Irod.:</strong> Bartos 2012; Bölöni Domokos: B. G. főprímás (Nú, 2000., jún. 4.); [Nekrológ] (Nú., 2002. aug. 6.)</br></p>

<p>Mv., 1914., jan. 31., † Mv., 2002. aug. 3.: hegedűs, főprímás. – Hét osztályt végzett, hegedülni édesapjától tanult, aki híres csellós volt. Édesapja ismertette meg a zenével: az opera, operett és a m. népzenével. Zenei nevelésében nagy szerepe volt a csíkszeredai származású Miczi Miskának. A II. vh. előtt a mv.-i Zöld Fa vendéglő prímása. A [&hellip;]</p>
