{"id":21143,"date":"2025-07-22T19:14:36","date_gmt":"2025-07-22T17:14:36","guid":{"rendered":"https:\/\/uj.adatbank.ro\/lexikon\/termek\/szabo-gyorgy-pal\/"},"modified":"2025-07-22T19:14:36","modified_gmt":"2025-07-22T17:14:36","slug":"szabo-gyorgy-pal","status":"publish","type":"product","link":"https:\/\/uj.adatbank.ro\/lexikon\/termek\/szabo-gyorgy-pal\/","title":{"rendered":"SZAB\u00d3 Gy\u00f6rgy P\u00e1l"},"content":{"rendered":"<p>Mv., 1930. okt. 18., \u2020 Mv., 2005. jan. 9.: matematikatan\u00e1r, m\u0171vel\u0151d\u00e9sszervez\u0151. \u2013 Feles\u00e9ge: Veres \u00c9va n\u00e9pt\u00e1nc-pedag\u00f3gus, n\u00e9pi iparm\u0171v\u00e9sz. \u2013 A kv.-i BTE matematika-fizika szak\u00e1t v\u00e9gezte (1952). Buk.-ben szerk. az \u00e1llami Pedag\u00f3giai K\u00f6nyvkiad\u00f3 m. szerkeszt\u0151s\u00e9g\u00e9ben (1952\u201355). Mv.-en a Megyei \u00c9p\u00edt\u00e9szeti Tr\u00f6szt labor\u00e1nsa (1955\u201358). Szakfel\u00fcgyel\u0151 a mv.-i MAT N\u00e9ptan\u00e1csa tanfel\u00fcgyel\u0151s\u00e9gi oszt\u00e1ly\u00e1n (1958\u201367); tan\u00edtott Mv.-en az 5. sz. \u00e1ltal\u00e1nos (1967\u201380) \u00e9s a 4. sz. \u00e1ltal\u00e1nos iskol\u00e1ban (1980\u201390). Az RMDSZ Maros megyei aleln\u00f6ke (1990\u201391), majd eln\u00f6ks\u00e9gi tagja (1990\u201394). Az \u00fajraalakult KZST alap\u00edt\u00f3 tagja (1990\u2013). Az EMKE egyik alap\u00edt\u00f3ja (1991), a Maros megyei szervezet\u00e9nek eln\u00f6ke (1991\u20132001), tiszteletbeli eln\u00f6ke (2001\u2013). A Gy\u00f6ngykoszor\u00fa n\u00e9pdal-, n\u00e9pviselet-, n\u00e9pt\u00e1nctal\u00e1lkoz\u00f3k kezdem\u00e9nyez\u0151je \u00e9s szervez\u0151je. A V\u00e1rtemplomi Egyh\u00e1zk\u00f6zs\u00e9g presbitere. K\u00fan Kocs\u00e1rd d\u00edjas (1995). <strong>Cikkei:<\/strong> A H\u00e9t, Korunk, M\u0171vel\u0151d\u00e9s, El\u0151re, Igaz Sz\u00f3, RMSZ, Eur\u00f3pai Id\u0151, N\u00fa.-ban jelentek meg, valamint elhangzottak a Kossuth R\u00e1di\u00f3ban, a Vas\u00e1rnapi \u00dajs\u00e1g rovatban: S\u00edrjunk az \u00f6r\u00f6mt\u0151l \u00e9s s\u00edrjunk a b\u00e1natt\u00f3l [1990. jan. 14.] (N\u00fa., 1990. jan. 23.; 1990. jan. 24.); S\u00e9relmeink [1988. szept. 18.] (N\u00fa., 1990. febr. 16.). \u2013 <strong>F. m.<\/strong>: <strong>t\u00e1rssz.:<\/strong> A nemzetis\u00e9gi kultur\u00e1lis anat\u00f3mi\u00e1r\u00f3l: A Balatonalm\u00e1diban 1994. \u00e1pr. 14\u201316-\u00e1n rendezett tan\u00e1cskoz\u00e1s el\u0151ad\u00e1sai (Bp., 1997). <br \/><strong>Irod.:<\/strong> B\u00f6l\u00f6ni Domokos: H\u00fasz \u00e9ve ragyog a Gy\u00f6ngykoszor\u00fa (N\u00fa., 2011. okt. 10.); EMKE; EMKK 2000; Kincses 2016; L\u00e1szl\u00f3 \u2013 Nov\u00e1k; L\u00e1szl\u00f3 Edit: In memoriam Sz.Gy. P. (1930\u20132005) (\u00daj Kezdet, 3. sz., 2005. m\u00e1rc.); M\u0171vel\u0151d\u00e9s (1995. dec.); RMKK; Sz. Gy. P. [Nekrol\u00f3g] (N\u00fa., 2005. jan. 11.).<\/br><\/p>\n","protected":false},"excerpt":{"rendered":"<p>Mv., 1930. okt. 18., \u2020 Mv., 2005. jan. 9.: matematikatan\u00e1r, m\u0171vel\u0151d\u00e9sszervez\u0151. \u2013 Feles\u00e9ge: Veres \u00c9va n\u00e9pt\u00e1nc-pedag\u00f3gus, n\u00e9pi iparm\u0171v\u00e9sz. \u2013 A kv.-i BTE matematika-fizika szak\u00e1t v\u00e9gezte (1952). Buk.-ben szerk. az \u00e1llami Pedag\u00f3giai K\u00f6nyvkiad\u00f3 m. szerkeszt\u0151s\u00e9g\u00e9ben (1952\u201355). Mv.-en a Megyei \u00c9p\u00edt\u00e9szeti Tr\u00f6szt labor\u00e1nsa (1955\u201358). Szakfel\u00fcgyel\u0151 a mv.-i MAT N\u00e9ptan\u00e1csa tanfel\u00fcgyel\u0151s\u00e9gi oszt\u00e1ly\u00e1n (1958\u201367); tan\u00edtott Mv.-en az 5. sz. [&hellip;]<\/p>\n","protected":false},"featured_media":0,"comment_status":"open","ping_status":"closed","template":"","meta":[],"product_brand":[],"product_cat":[137],"product_tag":[],"class_list":{"0":"post-21143","1":"product","2":"type-product","3":"status-publish","5":"product_cat-maros-megyei-eletrajzi-lexikon","7":"first","8":"instock","9":"shipping-taxable","10":"product-type-simple"},"_links":{"self":[{"href":"https:\/\/uj.adatbank.ro\/lexikon\/wp-json\/wp\/v2\/product\/21143","targetHints":{"allow":["GET"]}}],"collection":[{"href":"https:\/\/uj.adatbank.ro\/lexikon\/wp-json\/wp\/v2\/product"}],"about":[{"href":"https:\/\/uj.adatbank.ro\/lexikon\/wp-json\/wp\/v2\/types\/product"}],"replies":[{"embeddable":true,"href":"https:\/\/uj.adatbank.ro\/lexikon\/wp-json\/wp\/v2\/comments?post=21143"}],"wp:attachment":[{"href":"https:\/\/uj.adatbank.ro\/lexikon\/wp-json\/wp\/v2\/media?parent=21143"}],"wp:term":[{"taxonomy":"product_brand","embeddable":true,"href":"https:\/\/uj.adatbank.ro\/lexikon\/wp-json\/wp\/v2\/product_brand?post=21143"},{"taxonomy":"product_cat","embeddable":true,"href":"https:\/\/uj.adatbank.ro\/lexikon\/wp-json\/wp\/v2\/product_cat?post=21143"},{"taxonomy":"product_tag","embeddable":true,"href":"https:\/\/uj.adatbank.ro\/lexikon\/wp-json\/wp\/v2\/product_tag?post=21143"}],"curies":[{"name":"wp","href":"https:\/\/api.w.org\/{rel}","templated":true}]}}

SZABÓ György Pál

<p>Mv., 1930. okt. 18., † Mv., 2005. jan. 9.: matematikatanár, művelődésszervező. – Felesége: Veres Éva néptánc-pedagógus, népi iparművész. – A kv.-i BTE matematika-fizika szakát végezte (1952). Buk.-ben szerk. az állami Pedagógiai Könyvkiadó m. szerkesztőségében (1952–55). Mv.-en a Megyei Építészeti Tröszt laboránsa (1955–58). Szakfelügyelő a mv.-i MAT Néptanácsa tanfelügyelőségi osztályán (1958–67); tanított Mv.-en az 5. sz. általános (1967–80) és a 4. sz. általános iskolában (1980–90). Az RMDSZ Maros megyei alelnöke (1990–91), majd elnökségi tagja (1990–94). Az újraalakult KZST alapító tagja (1990–). Az EMKE egyik alapítója (1991), a Maros megyei szervezetének elnöke (1991–2001), tiszteletbeli elnöke (2001–). A Gyöngykoszorú népdal-, népviselet-, néptánctalálkozók kezdeményezője és szervezője. A Vártemplomi Egyházközség presbitere. Kún Kocsárd díjas (1995). <strong>Cikkei:</strong> A Hét, Korunk, Művelődés, Előre, Igaz Szó, RMSZ, Európai Idő, Nú.-ban jelentek meg, valamint elhangzottak a Kossuth Rádióban, a Vasárnapi Újság rovatban: Sírjunk az örömtől és sírjunk a bánattól [1990. jan. 14.] (Nú., 1990. jan. 23.; 1990. jan. 24.); Sérelmeink [1988. szept. 18.] (Nú., 1990. febr. 16.). – <strong>F. m.</strong>: <strong>társsz.:</strong> A nemzetiségi kulturális anatómiáról: A Balatonalmádiban 1994. ápr. 14–16-án rendezett tanácskozás előadásai (Bp., 1997). <br /><strong>Irod.:</strong> Bölöni Domokos: Húsz éve ragyog a Gyöngykoszorú (Nú., 2011. okt. 10.); EMKE; EMKK 2000; Kincses 2016; László – Novák; László Edit: In memoriam Sz.Gy. P. (1930–2005) (Új Kezdet, 3. sz., 2005. márc.); Művelődés (1995. dec.); RMKK; Sz. Gy. P. [Nekrológ] (Nú., 2005. jan. 11.).</br></p>

<p>Mv., 1930. okt. 18., † Mv., 2005. jan. 9.: matematikatanár, művelődésszervező. – Felesége: Veres Éva néptánc-pedagógus, népi iparművész. – A kv.-i BTE matematika-fizika szakát végezte (1952). Buk.-ben szerk. az állami Pedagógiai Könyvkiadó m. szerkesztőségében (1952–55). Mv.-en a Megyei Építészeti Tröszt laboránsa (1955–58). Szakfelügyelő a mv.-i MAT Néptanácsa tanfelügyelőségi osztályán (1958–67); tanított Mv.-en az 5. sz. [&hellip;]</p>
