{"id":21151,"date":"2025-07-22T19:14:54","date_gmt":"2025-07-22T17:14:54","guid":{"rendered":"https:\/\/uj.adatbank.ro\/lexikon\/termek\/szabo-ignac\/"},"modified":"2025-07-22T19:14:54","modified_gmt":"2025-07-22T17:14:54","slug":"szabo-ignac","status":"publish","type":"product","link":"https:\/\/uj.adatbank.ro\/lexikon\/termek\/szabo-ignac\/","title":{"rendered":"SZAB\u00d3 Ign\u00e1c"},"content":{"rendered":"<p>?1895, \u2020\u00a0Sz\u00e1szr\u00e9gen, 1982. \u00e1pr. 20.: munk\u00e1smozgalmi aktivista. \u2013 Az RKP tagja (1922), tev\u00e9kenyen r\u00e9szt vett a V\u00f6r\u00f6s Seg\u00e9ly \u00e9s a szakszervezeti mozgalomban, a Maros-v\u00f6lgyi faipari munk\u00e1sok sztr\u00e1jkj\u00e1ban. A Munk\u00e1s Paraszt Blokkban tev\u00e9kenykedett (1927\u201331). Letart\u00f3ztatt\u00e1k \u00e9s 3 \u00e9v 3 h\u00f3napi b\u00f6rt\u00f6nre \u00edt\u00e9lt\u00e9k (1934\u2013), majd folytatta forradalmi munk\u00e1ss\u00e1g\u00e1t. Felszabadul\u00e1s ut\u00e1n tov\u00e1bb dolgozott. \u00c9rdemei\u00e9rt az RSZK \u00e9rdemrendjeivel \u00e9s \u2013 \u00e9rmeiveil t\u00fcntett\u00e9k ki. <br \/><strong>Irod.:<\/strong> Sz. I.[Nekrol\u00f3g] (v. Z., 1982. \u00e1pr. 22.).<\/br><\/p>\n","protected":false},"excerpt":{"rendered":"<p>?1895, \u2020\u00a0Sz\u00e1szr\u00e9gen, 1982. \u00e1pr. 20.: munk\u00e1smozgalmi aktivista. \u2013 Az RKP tagja (1922), tev\u00e9kenyen r\u00e9szt vett a V\u00f6r\u00f6s Seg\u00e9ly \u00e9s a szakszervezeti mozgalomban, a Maros-v\u00f6lgyi faipari munk\u00e1sok sztr\u00e1jkj\u00e1ban. A Munk\u00e1s Paraszt Blokkban tev\u00e9kenykedett (1927\u201331). Letart\u00f3ztatt\u00e1k \u00e9s 3 \u00e9v 3 h\u00f3napi b\u00f6rt\u00f6nre \u00edt\u00e9lt\u00e9k (1934\u2013), majd folytatta forradalmi munk\u00e1ss\u00e1g\u00e1t. Felszabadul\u00e1s ut\u00e1n tov\u00e1bb dolgozott. \u00c9rdemei\u00e9rt az RSZK \u00e9rdemrendjeivel \u00e9s [&hellip;]<\/p>\n","protected":false},"featured_media":0,"comment_status":"open","ping_status":"closed","template":"","meta":[],"product_brand":[],"product_cat":[137],"product_tag":[],"class_list":{"0":"post-21151","1":"product","2":"type-product","3":"status-publish","5":"product_cat-maros-megyei-eletrajzi-lexikon","7":"first","8":"instock","9":"shipping-taxable","10":"product-type-simple"},"_links":{"self":[{"href":"https:\/\/uj.adatbank.ro\/lexikon\/wp-json\/wp\/v2\/product\/21151","targetHints":{"allow":["GET"]}}],"collection":[{"href":"https:\/\/uj.adatbank.ro\/lexikon\/wp-json\/wp\/v2\/product"}],"about":[{"href":"https:\/\/uj.adatbank.ro\/lexikon\/wp-json\/wp\/v2\/types\/product"}],"replies":[{"embeddable":true,"href":"https:\/\/uj.adatbank.ro\/lexikon\/wp-json\/wp\/v2\/comments?post=21151"}],"wp:attachment":[{"href":"https:\/\/uj.adatbank.ro\/lexikon\/wp-json\/wp\/v2\/media?parent=21151"}],"wp:term":[{"taxonomy":"product_brand","embeddable":true,"href":"https:\/\/uj.adatbank.ro\/lexikon\/wp-json\/wp\/v2\/product_brand?post=21151"},{"taxonomy":"product_cat","embeddable":true,"href":"https:\/\/uj.adatbank.ro\/lexikon\/wp-json\/wp\/v2\/product_cat?post=21151"},{"taxonomy":"product_tag","embeddable":true,"href":"https:\/\/uj.adatbank.ro\/lexikon\/wp-json\/wp\/v2\/product_tag?post=21151"}],"curies":[{"name":"wp","href":"https:\/\/api.w.org\/{rel}","templated":true}]}}

SZABÓ Ignác

<p>?1895, † Szászrégen, 1982. ápr. 20.: munkásmozgalmi aktivista. – Az RKP tagja (1922), tevékenyen részt vett a Vörös Segély és a szakszervezeti mozgalomban, a Maros-völgyi faipari munkások sztrájkjában. A Munkás Paraszt Blokkban tevékenykedett (1927–31). Letartóztatták és 3 év 3 hónapi börtönre ítélték (1934–), majd folytatta forradalmi munkásságát. Felszabadulás után tovább dolgozott. Érdemeiért az RSZK érdemrendjeivel és – érmeiveil tüntették ki. <br /><strong>Irod.:</strong> Sz. I.[Nekrológ] (v. Z., 1982. ápr. 22.).</br></p>

<p>?1895, † Szászrégen, 1982. ápr. 20.: munkásmozgalmi aktivista. – Az RKP tagja (1922), tevékenyen részt vett a Vörös Segély és a szakszervezeti mozgalomban, a Maros-völgyi faipari munkások sztrájkjában. A Munkás Paraszt Blokkban tevékenykedett (1927–31). Letartóztatták és 3 év 3 hónapi börtönre ítélték (1934–), majd folytatta forradalmi munkásságát. Felszabadulás után tovább dolgozott. Érdemeiért az RSZK érdemrendjeivel és [&hellip;]</p>
