{"id":21153,"date":"2025-07-22T19:14:58","date_gmt":"2025-07-22T17:14:58","guid":{"rendered":"https:\/\/uj.adatbank.ro\/lexikon\/termek\/szabo-imre\/"},"modified":"2025-07-22T19:14:58","modified_gmt":"2025-07-22T17:14:58","slug":"szabo-imre","status":"publish","type":"product","link":"https:\/\/uj.adatbank.ro\/lexikon\/termek\/szabo-imre\/","title":{"rendered":"SZAB\u00d3 Imre"},"content":{"rendered":"<p>1863.? \u2020\u00a0Mv., 1917. aug. 16.: b\u00edr\u00f3. \u2013 Sz. Imre \u00e9s V\u00e1mos Zsuzs\u00e1nna fia. Testv\u00e9rei: Sz. Lajos, Sz. Zsuzs\u00e1nna Vajda Imr\u00e9n\u00e9; Sz. M\u00e1ria S\u00e1rk\u00f6zy Lajosn\u00e9; Sz. Erzs\u00e9bet Horv\u00e1th Mih\u00e1lyn\u00e9. Feles\u00e9ge: Luk\u00e1cs Ilonka. \u2013 Dr., a mv.-i kir. t\u00f6rv\u00e9nysz\u00e9k tan\u00e1cseln\u00f6ke, a marosi ref. egyh\u00e1zmegye tan\u00e1csb\u00edr\u00f3ja, a mv.-i ref. egyh\u00e1zk\u00f6zs\u00e9g presbitere. \u2013 A mv.-i Kereskedelmi \u00e9s Iparkamara vitaestj\u00e9nek r\u00e9szvev\u0151je. <br \/><strong>Irod.:<\/strong> Gy\u00e1szjelent\u0151; R\u00e1cz Lajos: A cs\u0151djog reformj\u00e1r\u00f3l: Vitat\u00e1rgy a mv.-i Kereskedelmi \u00e9s Iparkamara 1914. febr. 20-\u00e1n tartott vitaest\u00e9ly\u00e9n (Mv, 1914).<\/br><\/p>\n","protected":false},"excerpt":{"rendered":"<p>1863.? \u2020\u00a0Mv., 1917. aug. 16.: b\u00edr\u00f3. \u2013 Sz. Imre \u00e9s V\u00e1mos Zsuzs\u00e1nna fia. Testv\u00e9rei: Sz. Lajos, Sz. Zsuzs\u00e1nna Vajda Imr\u00e9n\u00e9; Sz. M\u00e1ria S\u00e1rk\u00f6zy Lajosn\u00e9; Sz. Erzs\u00e9bet Horv\u00e1th Mih\u00e1lyn\u00e9. Feles\u00e9ge: Luk\u00e1cs Ilonka. \u2013 Dr., a mv.-i kir. t\u00f6rv\u00e9nysz\u00e9k tan\u00e1cseln\u00f6ke, a marosi ref. egyh\u00e1zmegye tan\u00e1csb\u00edr\u00f3ja, a mv.-i ref. egyh\u00e1zk\u00f6zs\u00e9g presbitere. \u2013 A mv.-i Kereskedelmi \u00e9s Iparkamara vitaestj\u00e9nek [&hellip;]<\/p>\n","protected":false},"featured_media":0,"comment_status":"open","ping_status":"closed","template":"","meta":[],"product_brand":[],"product_cat":[137],"product_tag":[],"class_list":{"0":"post-21153","1":"product","2":"type-product","3":"status-publish","5":"product_cat-maros-megyei-eletrajzi-lexikon","7":"first","8":"instock","9":"shipping-taxable","10":"product-type-simple"},"_links":{"self":[{"href":"https:\/\/uj.adatbank.ro\/lexikon\/wp-json\/wp\/v2\/product\/21153","targetHints":{"allow":["GET"]}}],"collection":[{"href":"https:\/\/uj.adatbank.ro\/lexikon\/wp-json\/wp\/v2\/product"}],"about":[{"href":"https:\/\/uj.adatbank.ro\/lexikon\/wp-json\/wp\/v2\/types\/product"}],"replies":[{"embeddable":true,"href":"https:\/\/uj.adatbank.ro\/lexikon\/wp-json\/wp\/v2\/comments?post=21153"}],"wp:attachment":[{"href":"https:\/\/uj.adatbank.ro\/lexikon\/wp-json\/wp\/v2\/media?parent=21153"}],"wp:term":[{"taxonomy":"product_brand","embeddable":true,"href":"https:\/\/uj.adatbank.ro\/lexikon\/wp-json\/wp\/v2\/product_brand?post=21153"},{"taxonomy":"product_cat","embeddable":true,"href":"https:\/\/uj.adatbank.ro\/lexikon\/wp-json\/wp\/v2\/product_cat?post=21153"},{"taxonomy":"product_tag","embeddable":true,"href":"https:\/\/uj.adatbank.ro\/lexikon\/wp-json\/wp\/v2\/product_tag?post=21153"}],"curies":[{"name":"wp","href":"https:\/\/api.w.org\/{rel}","templated":true}]}}

SZABÓ Imre

<p>1863.? † Mv., 1917. aug. 16.: bíró. – Sz. Imre és Vámos Zsuzsánna fia. Testvérei: Sz. Lajos, Sz. Zsuzsánna Vajda Imréné; Sz. Mária Sárközy Lajosné; Sz. Erzsébet Horváth Mihályné. Felesége: Lukács Ilonka. – Dr., a mv.-i kir. törvényszék tanácselnöke, a marosi ref. egyházmegye tanácsbírója, a mv.-i ref. egyházközség presbitere. – A mv.-i Kereskedelmi és Iparkamara vitaestjének részvevője. <br /><strong>Irod.:</strong> Gyászjelentő; Rácz Lajos: A csődjog reformjáról: Vitatárgy a mv.-i Kereskedelmi és Iparkamara 1914. febr. 20-án tartott vitaestélyén (Mv, 1914).</br></p>

<p>1863.? † Mv., 1917. aug. 16.: bíró. – Sz. Imre és Vámos Zsuzsánna fia. Testvérei: Sz. Lajos, Sz. Zsuzsánna Vajda Imréné; Sz. Mária Sárközy Lajosné; Sz. Erzsébet Horváth Mihályné. Felesége: Lukács Ilonka. – Dr., a mv.-i kir. törvényszék tanácselnöke, a marosi ref. egyházmegye tanácsbírója, a mv.-i ref. egyházközség presbitere. – A mv.-i Kereskedelmi és Iparkamara vitaestjének [&hellip;]</p>
