{"id":2116,"date":"2025-06-28T12:04:16","date_gmt":"2025-06-28T10:04:16","guid":{"rendered":"https:\/\/uj.adatbank.ro\/lexikon\/termek\/bambo-karoly-istvan\/"},"modified":"2025-06-28T12:04:16","modified_gmt":"2025-06-28T10:04:16","slug":"bambo-karoly-istvan","status":"publish","type":"product","link":"https:\/\/uj.adatbank.ro\/lexikon\/termek\/bambo-karoly-istvan\/","title":{"rendered":"B\u00c1MB\u00d3 K\u00e1roly Istv\u00e1n"},"content":{"rendered":"<p>1931., \u2020 Mv., 2004. m\u00e1j. 15.: zen\u00e9sz. \u2013 A Mv.-i Filharm\u00f3nia alap\u00edt\u00f3 tagja, heged\u0171s. Az els\u0151 koncerten Zeno Vancea vez\u00e9nyelt (1948. okt. 22.), a zenekar neve ekkor a Mv.-i Kult\u00farotthon Szimfonikus Zenekara. Fell\u00e9pett a mv.-i Sz\u00e9kely Sz\u00ednh\u00e1z Iszajev-Galics: Mem mag\u00e1n\u00fcgy c. darabj\u00e1nak el\u0151ad\u00e1s\u00e1n (1954). <br \/><strong>Irod.:<\/strong> Filarmonica 50; Horv\u00e1th Bea; J\u00e1ray Fekete Katalin (N\u00fa., 2000. nov. 2); [Nekrol\u00f3g](N\u00fa., 2004. m\u00e1j. 17.)<\/br><\/p>\n","protected":false},"excerpt":{"rendered":"<p>1931., \u2020 Mv., 2004. m\u00e1j. 15.: zen\u00e9sz. \u2013 A Mv.-i Filharm\u00f3nia alap\u00edt\u00f3 tagja, heged\u0171s. Az els\u0151 koncerten Zeno Vancea vez\u00e9nyelt (1948. okt. 22.), a zenekar neve ekkor a Mv.-i Kult\u00farotthon Szimfonikus Zenekara. Fell\u00e9pett a mv.-i Sz\u00e9kely Sz\u00ednh\u00e1z Iszajev-Galics: Mem mag\u00e1n\u00fcgy c. darabj\u00e1nak el\u0151ad\u00e1s\u00e1n (1954). Irod.: Filarmonica 50; Horv\u00e1th Bea; J\u00e1ray Fekete Katalin (N\u00fa., 2000. nov. [&hellip;]<\/p>\n","protected":false},"featured_media":0,"comment_status":"open","ping_status":"closed","template":"","meta":[],"product_brand":[],"product_cat":[137],"product_tag":[],"class_list":{"0":"post-2116","1":"product","2":"type-product","3":"status-publish","5":"product_cat-maros-megyei-eletrajzi-lexikon","7":"first","8":"instock","9":"shipping-taxable","10":"product-type-simple"},"_links":{"self":[{"href":"https:\/\/uj.adatbank.ro\/lexikon\/wp-json\/wp\/v2\/product\/2116","targetHints":{"allow":["GET"]}}],"collection":[{"href":"https:\/\/uj.adatbank.ro\/lexikon\/wp-json\/wp\/v2\/product"}],"about":[{"href":"https:\/\/uj.adatbank.ro\/lexikon\/wp-json\/wp\/v2\/types\/product"}],"replies":[{"embeddable":true,"href":"https:\/\/uj.adatbank.ro\/lexikon\/wp-json\/wp\/v2\/comments?post=2116"}],"wp:attachment":[{"href":"https:\/\/uj.adatbank.ro\/lexikon\/wp-json\/wp\/v2\/media?parent=2116"}],"wp:term":[{"taxonomy":"product_brand","embeddable":true,"href":"https:\/\/uj.adatbank.ro\/lexikon\/wp-json\/wp\/v2\/product_brand?post=2116"},{"taxonomy":"product_cat","embeddable":true,"href":"https:\/\/uj.adatbank.ro\/lexikon\/wp-json\/wp\/v2\/product_cat?post=2116"},{"taxonomy":"product_tag","embeddable":true,"href":"https:\/\/uj.adatbank.ro\/lexikon\/wp-json\/wp\/v2\/product_tag?post=2116"}],"curies":[{"name":"wp","href":"https:\/\/api.w.org\/{rel}","templated":true}]}}

BÁMBÓ Károly István

<p>1931., † Mv., 2004. máj. 15.: zenész. – A Mv.-i Filharmónia alapító tagja, hegedűs. Az első koncerten Zeno Vancea vezényelt (1948. okt. 22.), a zenekar neve ekkor a Mv.-i Kultúrotthon Szimfonikus Zenekara. Fellépett a mv.-i Székely Színház Iszajev-Galics: Mem magánügy c. darabjának előadásán (1954). <br /><strong>Irod.:</strong> Filarmonica 50; Horváth Bea; Járay Fekete Katalin (Nú., 2000. nov. 2); [Nekrológ](Nú., 2004. máj. 17.)</br></p>

<p>1931., † Mv., 2004. máj. 15.: zenész. – A Mv.-i Filharmónia alapító tagja, hegedűs. Az első koncerten Zeno Vancea vezényelt (1948. okt. 22.), a zenekar neve ekkor a Mv.-i Kultúrotthon Szimfonikus Zenekara. Fellépett a mv.-i Székely Színház Iszajev-Galics: Mem magánügy c. darabjának előadásán (1954). Irod.: Filarmonica 50; Horváth Bea; Járay Fekete Katalin (Nú., 2000. nov. [&hellip;]</p>
