{"id":21167,"date":"2025-07-22T19:15:25","date_gmt":"2025-07-22T17:15:25","guid":{"rendered":"https:\/\/uj.adatbank.ro\/lexikon\/termek\/szabo-istvan-9\/"},"modified":"2025-07-22T19:15:25","modified_gmt":"2025-07-22T17:15:25","slug":"szabo-istvan-9","status":"publish","type":"product","link":"https:\/\/uj.adatbank.ro\/lexikon\/termek\/szabo-istvan-9\/","title":{"rendered":"SZAB\u00d3 Istv\u00e1n"},"content":{"rendered":"<p>? \u2020?: a mv.-i Iparkamara tagja. \u2013 A Sz\u00e9kely Kongresszus Cs\u00edktusn\u00e1don (1902. aug. 28\u201330) tartott \u00fcl\u00e9s\u00e9n a rendez\u0151 bizotts\u00e1g tagja a mv.-i Iparkamara r\u00e9sz\u00e9r\u0151l. <br \/><strong>Irod.:<\/strong> A Sz\u00e9kely Kongresszus szervezete, tagjainak n\u00e9vsora, t\u00e1rgyal\u00e1sai \u00e9s hat\u00e1rozatai (Bp., 1902).<\/br><\/p>\n","protected":false},"excerpt":{"rendered":"<p>? \u2020?: a mv.-i Iparkamara tagja. \u2013 A Sz\u00e9kely Kongresszus Cs\u00edktusn\u00e1don (1902. aug. 28\u201330) tartott \u00fcl\u00e9s\u00e9n a rendez\u0151 bizotts\u00e1g tagja a mv.-i Iparkamara r\u00e9sz\u00e9r\u0151l. Irod.: A Sz\u00e9kely Kongresszus szervezete, tagjainak n\u00e9vsora, t\u00e1rgyal\u00e1sai \u00e9s hat\u00e1rozatai (Bp., 1902).<\/p>\n","protected":false},"featured_media":0,"comment_status":"open","ping_status":"closed","template":"","meta":[],"product_brand":[],"product_cat":[137],"product_tag":[],"class_list":{"0":"post-21167","1":"product","2":"type-product","3":"status-publish","5":"product_cat-maros-megyei-eletrajzi-lexikon","7":"first","8":"instock","9":"shipping-taxable","10":"product-type-simple"},"_links":{"self":[{"href":"https:\/\/uj.adatbank.ro\/lexikon\/wp-json\/wp\/v2\/product\/21167","targetHints":{"allow":["GET"]}}],"collection":[{"href":"https:\/\/uj.adatbank.ro\/lexikon\/wp-json\/wp\/v2\/product"}],"about":[{"href":"https:\/\/uj.adatbank.ro\/lexikon\/wp-json\/wp\/v2\/types\/product"}],"replies":[{"embeddable":true,"href":"https:\/\/uj.adatbank.ro\/lexikon\/wp-json\/wp\/v2\/comments?post=21167"}],"wp:attachment":[{"href":"https:\/\/uj.adatbank.ro\/lexikon\/wp-json\/wp\/v2\/media?parent=21167"}],"wp:term":[{"taxonomy":"product_brand","embeddable":true,"href":"https:\/\/uj.adatbank.ro\/lexikon\/wp-json\/wp\/v2\/product_brand?post=21167"},{"taxonomy":"product_cat","embeddable":true,"href":"https:\/\/uj.adatbank.ro\/lexikon\/wp-json\/wp\/v2\/product_cat?post=21167"},{"taxonomy":"product_tag","embeddable":true,"href":"https:\/\/uj.adatbank.ro\/lexikon\/wp-json\/wp\/v2\/product_tag?post=21167"}],"curies":[{"name":"wp","href":"https:\/\/api.w.org\/{rel}","templated":true}]}}