{"id":21168,"date":"2025-07-22T19:15:27","date_gmt":"2025-07-22T17:15:27","guid":{"rendered":"https:\/\/uj.adatbank.ro\/lexikon\/termek\/szabo-istvan-10\/"},"modified":"2025-07-22T19:15:27","modified_gmt":"2025-07-22T17:15:27","slug":"szabo-istvan-10","status":"publish","type":"product","link":"https:\/\/uj.adatbank.ro\/lexikon\/termek\/szabo-istvan-10\/","title":{"rendered":"SZAB\u00d3 Istv\u00e1n"},"content":{"rendered":"<p>Nagyteremi, 1878.,\u00a0\u2020?: gazd\u00e1lkod\u00f3 \u00e9s f\u00e9rfiszab\u00f3. \u2013 Sz\u00e1szr\u00e9genben v\u00e9gezte iskol\u00e1it, azut\u00e1n a szab\u00f3iparban szabadult fel. Seg\u00e9d\u00e9veinek let\u00f6lt\u00e9se ut\u00e1n \u00f6n\u00e1ll\u00f3 lett (1901) Teremi\u00fajfaluban. Tekint\u00e9lyes j\u00f3nev\u0171 iparosa a k\u00f6zs\u00e9gnek amellett gazd\u00e1lkod\u00e1ssal is foglalkozott. Az els\u0151 vh.-ban a 16. t\u00fcz\u00e9rezredben az olasz fronton harcolt. <br \/><strong>Irod.:<\/strong> Sz\u00e9kelyf\u00f6ld \u00ed. k.<\/br><\/p>\n","protected":false},"excerpt":{"rendered":"<p>Nagyteremi, 1878.,\u00a0\u2020?: gazd\u00e1lkod\u00f3 \u00e9s f\u00e9rfiszab\u00f3. \u2013 Sz\u00e1szr\u00e9genben v\u00e9gezte iskol\u00e1it, azut\u00e1n a szab\u00f3iparban szabadult fel. Seg\u00e9d\u00e9veinek let\u00f6lt\u00e9se ut\u00e1n \u00f6n\u00e1ll\u00f3 lett (1901) Teremi\u00fajfaluban. Tekint\u00e9lyes j\u00f3nev\u0171 iparosa a k\u00f6zs\u00e9gnek amellett gazd\u00e1lkod\u00e1ssal is foglalkozott. Az els\u0151 vh.-ban a 16. t\u00fcz\u00e9rezredben az olasz fronton harcolt. Irod.: Sz\u00e9kelyf\u00f6ld \u00ed. k.<\/p>\n","protected":false},"featured_media":0,"comment_status":"open","ping_status":"closed","template":"","meta":[],"product_brand":[],"product_cat":[137],"product_tag":[],"class_list":{"0":"post-21168","1":"product","2":"type-product","3":"status-publish","5":"product_cat-maros-megyei-eletrajzi-lexikon","7":"first","8":"instock","9":"shipping-taxable","10":"product-type-simple"},"_links":{"self":[{"href":"https:\/\/uj.adatbank.ro\/lexikon\/wp-json\/wp\/v2\/product\/21168","targetHints":{"allow":["GET"]}}],"collection":[{"href":"https:\/\/uj.adatbank.ro\/lexikon\/wp-json\/wp\/v2\/product"}],"about":[{"href":"https:\/\/uj.adatbank.ro\/lexikon\/wp-json\/wp\/v2\/types\/product"}],"replies":[{"embeddable":true,"href":"https:\/\/uj.adatbank.ro\/lexikon\/wp-json\/wp\/v2\/comments?post=21168"}],"wp:attachment":[{"href":"https:\/\/uj.adatbank.ro\/lexikon\/wp-json\/wp\/v2\/media?parent=21168"}],"wp:term":[{"taxonomy":"product_brand","embeddable":true,"href":"https:\/\/uj.adatbank.ro\/lexikon\/wp-json\/wp\/v2\/product_brand?post=21168"},{"taxonomy":"product_cat","embeddable":true,"href":"https:\/\/uj.adatbank.ro\/lexikon\/wp-json\/wp\/v2\/product_cat?post=21168"},{"taxonomy":"product_tag","embeddable":true,"href":"https:\/\/uj.adatbank.ro\/lexikon\/wp-json\/wp\/v2\/product_tag?post=21168"}],"curies":[{"name":"wp","href":"https:\/\/api.w.org\/{rel}","templated":true}]}}