{"id":2117,"date":"2025-06-28T12:04:18","date_gmt":"2025-06-28T10:04:18","guid":{"rendered":"https:\/\/uj.adatbank.ro\/lexikon\/termek\/bambo-laszlo\/"},"modified":"2025-06-28T12:04:18","modified_gmt":"2025-06-28T10:04:18","slug":"bambo-laszlo","status":"publish","type":"product","link":"https:\/\/uj.adatbank.ro\/lexikon\/termek\/bambo-laszlo\/","title":{"rendered":"B\u00c1MB\u00d3 L\u00e1szl\u00f3"},"content":{"rendered":"<p>Mv., 1924., \u2020 Mv., 1972. aug. 27.: zen\u00e9sz. \u2013 A Mv.-i \u00c1llami N\u00e9pi Egy\u00fcttes tagja. <br \/><strong>Irod.:<\/strong> [Nekrol\u00f3g] (V. Z., 1972. aug. 30.)<\/br><\/p>\n","protected":false},"excerpt":{"rendered":"<p>Mv., 1924., \u2020 Mv., 1972. aug. 27.: zen\u00e9sz. \u2013 A Mv.-i \u00c1llami N\u00e9pi Egy\u00fcttes tagja. Irod.: [Nekrol\u00f3g] (V. Z., 1972. aug. 30.)<\/p>\n","protected":false},"featured_media":0,"comment_status":"open","ping_status":"closed","template":"","meta":[],"product_brand":[],"product_cat":[137],"product_tag":[],"class_list":{"0":"post-2117","1":"product","2":"type-product","3":"status-publish","5":"product_cat-maros-megyei-eletrajzi-lexikon","7":"first","8":"instock","9":"shipping-taxable","10":"product-type-simple"},"_links":{"self":[{"href":"https:\/\/uj.adatbank.ro\/lexikon\/wp-json\/wp\/v2\/product\/2117","targetHints":{"allow":["GET"]}}],"collection":[{"href":"https:\/\/uj.adatbank.ro\/lexikon\/wp-json\/wp\/v2\/product"}],"about":[{"href":"https:\/\/uj.adatbank.ro\/lexikon\/wp-json\/wp\/v2\/types\/product"}],"replies":[{"embeddable":true,"href":"https:\/\/uj.adatbank.ro\/lexikon\/wp-json\/wp\/v2\/comments?post=2117"}],"wp:attachment":[{"href":"https:\/\/uj.adatbank.ro\/lexikon\/wp-json\/wp\/v2\/media?parent=2117"}],"wp:term":[{"taxonomy":"product_brand","embeddable":true,"href":"https:\/\/uj.adatbank.ro\/lexikon\/wp-json\/wp\/v2\/product_brand?post=2117"},{"taxonomy":"product_cat","embeddable":true,"href":"https:\/\/uj.adatbank.ro\/lexikon\/wp-json\/wp\/v2\/product_cat?post=2117"},{"taxonomy":"product_tag","embeddable":true,"href":"https:\/\/uj.adatbank.ro\/lexikon\/wp-json\/wp\/v2\/product_tag?post=2117"}],"curies":[{"name":"wp","href":"https:\/\/api.w.org\/{rel}","templated":true}]}}