{"id":21171,"date":"2025-07-22T19:15:34","date_gmt":"2025-07-22T17:15:34","guid":{"rendered":"https:\/\/uj.adatbank.ro\/lexikon\/termek\/szabo-istvan-13\/"},"modified":"2025-07-22T19:15:34","modified_gmt":"2025-07-22T17:15:34","slug":"szabo-istvan-13","status":"publish","type":"product","link":"https:\/\/uj.adatbank.ro\/lexikon\/termek\/szabo-istvan-13\/","title":{"rendered":"SZAB\u00d3 Istv\u00e1n"},"content":{"rendered":"<p>? 1926.? \u2020 Mv., 1992. m\u00e1j. 26.: tan\u00e1r. \u2013 A mv.-i 6. sz., \u00e9s 10. sz. iskol\u00e1ban. A Remeteszegi iskola aligazgat\u00f3-tan\u00e1ra (1963\u201364) \u00e9s tan\u00e1ra (1961\u201375). <br \/><strong>Irod.:<\/strong> Gimnaziul Al. I. Cuza; [Nekrol\u00f3g] (N\u00fa., 1992. m\u00e1j. 28.).<\/br><\/p>\n","protected":false},"excerpt":{"rendered":"<p>? 1926.? \u2020 Mv., 1992. m\u00e1j. 26.: tan\u00e1r. \u2013 A mv.-i 6. sz., \u00e9s 10. sz. iskol\u00e1ban. A Remeteszegi iskola aligazgat\u00f3-tan\u00e1ra (1963\u201364) \u00e9s tan\u00e1ra (1961\u201375). Irod.: Gimnaziul Al. I. Cuza; [Nekrol\u00f3g] (N\u00fa., 1992. m\u00e1j. 28.).<\/p>\n","protected":false},"featured_media":0,"comment_status":"open","ping_status":"closed","template":"","meta":[],"product_brand":[],"product_cat":[137],"product_tag":[],"class_list":{"0":"post-21171","1":"product","2":"type-product","3":"status-publish","5":"product_cat-maros-megyei-eletrajzi-lexikon","7":"first","8":"instock","9":"shipping-taxable","10":"product-type-simple"},"_links":{"self":[{"href":"https:\/\/uj.adatbank.ro\/lexikon\/wp-json\/wp\/v2\/product\/21171","targetHints":{"allow":["GET"]}}],"collection":[{"href":"https:\/\/uj.adatbank.ro\/lexikon\/wp-json\/wp\/v2\/product"}],"about":[{"href":"https:\/\/uj.adatbank.ro\/lexikon\/wp-json\/wp\/v2\/types\/product"}],"replies":[{"embeddable":true,"href":"https:\/\/uj.adatbank.ro\/lexikon\/wp-json\/wp\/v2\/comments?post=21171"}],"wp:attachment":[{"href":"https:\/\/uj.adatbank.ro\/lexikon\/wp-json\/wp\/v2\/media?parent=21171"}],"wp:term":[{"taxonomy":"product_brand","embeddable":true,"href":"https:\/\/uj.adatbank.ro\/lexikon\/wp-json\/wp\/v2\/product_brand?post=21171"},{"taxonomy":"product_cat","embeddable":true,"href":"https:\/\/uj.adatbank.ro\/lexikon\/wp-json\/wp\/v2\/product_cat?post=21171"},{"taxonomy":"product_tag","embeddable":true,"href":"https:\/\/uj.adatbank.ro\/lexikon\/wp-json\/wp\/v2\/product_tag?post=21171"}],"curies":[{"name":"wp","href":"https:\/\/api.w.org\/{rel}","templated":true}]}}