{"id":21173,"date":"2025-07-22T19:15:38","date_gmt":"2025-07-22T17:15:38","guid":{"rendered":"https:\/\/uj.adatbank.ro\/lexikon\/termek\/szabo-istvan-fogarasi-vitez\/"},"modified":"2025-07-22T19:15:38","modified_gmt":"2025-07-22T17:15:38","slug":"szabo-istvan-fogarasi-vitez","status":"publish","type":"product","link":"https:\/\/uj.adatbank.ro\/lexikon\/termek\/szabo-istvan-fogarasi-vitez\/","title":{"rendered":"SZAB\u00d3 Istv\u00e1n, fogarasi, vit\u00e9z"},"content":{"rendered":"<p>Sz\u00e9kelyb\u0151, 1892., \u2020?: jegyz\u0151. \u2013 Tanulm\u00e1nyait Mv.-en v\u00e9gezte, jegyz\u0151i oklevelet szerzett (1927). Az els\u0151 vh.-ban a 22. gy. e.-ban az orosz \u00e9s az olasz fronton harcolt, k\u00e9tszer sebes\u00fclt, az I. o. ez\u00fcst vit. \u00e9., a Sig. Laud. kit\u00fcntet\u00e9ssel f\u0151hadnagyi rangban szerelt le. A h\u00e1bor\u00fa ut\u00e1n letart\u00f3ztatt\u00e1k, 3 h\u00e9tig fogvatartott\u00e1k, csak magas v\u00e1ls\u00e1gd\u00edj fej\u00e9ben engedt\u00e9k szabadon. Okl\u00e1ndon f\u0151jegyz\u0151 volt, \u00e1ll\u00e1s\u00e1b\u00f3l elbocs\u00e1jtott\u00e1k (1936), majd ism\u00e9t dolgozni kezdett mint k\u00f6zs\u00e9gi f\u0151jegyz\u0151 (1940\u2013). <br \/><strong>Irod.:<\/strong> Sz\u00e9kelyf\u00f6ld \u00ed. k.<\/br><\/p>\n","protected":false},"excerpt":{"rendered":"<p>Sz\u00e9kelyb\u0151, 1892., \u2020?: jegyz\u0151. \u2013 Tanulm\u00e1nyait Mv.-en v\u00e9gezte, jegyz\u0151i oklevelet szerzett (1927). Az els\u0151 vh.-ban a 22. gy. e.-ban az orosz \u00e9s az olasz fronton harcolt, k\u00e9tszer sebes\u00fclt, az I. o. ez\u00fcst vit. \u00e9., a Sig. Laud. kit\u00fcntet\u00e9ssel f\u0151hadnagyi rangban szerelt le. A h\u00e1bor\u00fa ut\u00e1n letart\u00f3ztatt\u00e1k, 3 h\u00e9tig fogvatartott\u00e1k, csak magas v\u00e1ls\u00e1gd\u00edj fej\u00e9ben engedt\u00e9k szabadon. [&hellip;]<\/p>\n","protected":false},"featured_media":0,"comment_status":"open","ping_status":"closed","template":"","meta":[],"product_brand":[],"product_cat":[137],"product_tag":[],"class_list":{"0":"post-21173","1":"product","2":"type-product","3":"status-publish","5":"product_cat-maros-megyei-eletrajzi-lexikon","7":"first","8":"instock","9":"shipping-taxable","10":"product-type-simple"},"_links":{"self":[{"href":"https:\/\/uj.adatbank.ro\/lexikon\/wp-json\/wp\/v2\/product\/21173","targetHints":{"allow":["GET"]}}],"collection":[{"href":"https:\/\/uj.adatbank.ro\/lexikon\/wp-json\/wp\/v2\/product"}],"about":[{"href":"https:\/\/uj.adatbank.ro\/lexikon\/wp-json\/wp\/v2\/types\/product"}],"replies":[{"embeddable":true,"href":"https:\/\/uj.adatbank.ro\/lexikon\/wp-json\/wp\/v2\/comments?post=21173"}],"wp:attachment":[{"href":"https:\/\/uj.adatbank.ro\/lexikon\/wp-json\/wp\/v2\/media?parent=21173"}],"wp:term":[{"taxonomy":"product_brand","embeddable":true,"href":"https:\/\/uj.adatbank.ro\/lexikon\/wp-json\/wp\/v2\/product_brand?post=21173"},{"taxonomy":"product_cat","embeddable":true,"href":"https:\/\/uj.adatbank.ro\/lexikon\/wp-json\/wp\/v2\/product_cat?post=21173"},{"taxonomy":"product_tag","embeddable":true,"href":"https:\/\/uj.adatbank.ro\/lexikon\/wp-json\/wp\/v2\/product_tag?post=21173"}],"curies":[{"name":"wp","href":"https:\/\/api.w.org\/{rel}","templated":true}]}}

SZABÓ István, fogarasi, vitéz

<p>Székelybő, 1892., †?: jegyző. – Tanulmányait Mv.-en végezte, jegyzői oklevelet szerzett (1927). Az első vh.-ban a 22. gy. e.-ban az orosz és az olasz fronton harcolt, kétszer sebesült, az I. o. ezüst vit. é., a Sig. Laud. kitüntetéssel főhadnagyi rangban szerelt le. A háború után letartóztatták, 3 hétig fogvatartották, csak magas válságdíj fejében engedték szabadon. Oklándon főjegyző volt, állásából elbocsájtották (1936), majd ismét dolgozni kezdett mint községi főjegyző (1940–). <br /><strong>Irod.:</strong> Székelyföld í. k.</br></p>

<p>Székelybő, 1892., †?: jegyző. – Tanulmányait Mv.-en végezte, jegyzői oklevelet szerzett (1927). Az első vh.-ban a 22. gy. e.-ban az orosz és az olasz fronton harcolt, kétszer sebesült, az I. o. ezüst vit. é., a Sig. Laud. kitüntetéssel főhadnagyi rangban szerelt le. A háború után letartóztatták, 3 hétig fogvatartották, csak magas válságdíj fejében engedték szabadon. [&hellip;]</p>
