{"id":21175,"date":"2025-07-22T19:15:41","date_gmt":"2025-07-22T17:15:41","guid":{"rendered":"https:\/\/uj.adatbank.ro\/lexikon\/termek\/szabo-istvanne-adorjan-etelka\/"},"modified":"2025-07-22T19:15:41","modified_gmt":"2025-07-22T17:15:41","slug":"szabo-istvanne-adorjan-etelka","status":"publish","type":"product","link":"https:\/\/uj.adatbank.ro\/lexikon\/termek\/szabo-istvanne-adorjan-etelka\/","title":{"rendered":"SZAB\u00d3 Istv\u00e1nn\u00e9 ADORJ\u00c1N Etelka"},"content":{"rendered":"<p>Torda, 1924.\u2020 Mv., 1985: orvos. \u2013 Egyetemi tanulm\u00e1nyi \u00e9veit Kv.-on kezdte \u00e9s Mv.-en folytatta \u00e9s fejezte be (1952). Mv.-en a V\u00e9rk\u00f6zpontban dolgozott, majd nyugd\u00edjaz\u00e1s\u00e1ig a r\u00e9gi Sz\u00fcl\u00e9szeti klinika laborat\u00f3rium\u00e1nak vezet\u0151je. Megkapta az Orvostudom\u00e1nyok doktora c\u00edmet (1972). <br \/><strong>Irod.:<\/strong> Kiss\u2013P\u00e9terffy\u2013P\u00e9terffy.<\/br><\/p>\n","protected":false},"excerpt":{"rendered":"<p>Torda, 1924.\u2020 Mv., 1985: orvos. \u2013 Egyetemi tanulm\u00e1nyi \u00e9veit Kv.-on kezdte \u00e9s Mv.-en folytatta \u00e9s fejezte be (1952). Mv.-en a V\u00e9rk\u00f6zpontban dolgozott, majd nyugd\u00edjaz\u00e1s\u00e1ig a r\u00e9gi Sz\u00fcl\u00e9szeti klinika laborat\u00f3rium\u00e1nak vezet\u0151je. Megkapta az Orvostudom\u00e1nyok doktora c\u00edmet (1972). Irod.: Kiss\u2013P\u00e9terffy\u2013P\u00e9terffy.<\/p>\n","protected":false},"featured_media":0,"comment_status":"open","ping_status":"closed","template":"","meta":[],"product_brand":[],"product_cat":[137],"product_tag":[],"class_list":{"0":"post-21175","1":"product","2":"type-product","3":"status-publish","5":"product_cat-maros-megyei-eletrajzi-lexikon","7":"first","8":"instock","9":"shipping-taxable","10":"product-type-simple"},"_links":{"self":[{"href":"https:\/\/uj.adatbank.ro\/lexikon\/wp-json\/wp\/v2\/product\/21175","targetHints":{"allow":["GET"]}}],"collection":[{"href":"https:\/\/uj.adatbank.ro\/lexikon\/wp-json\/wp\/v2\/product"}],"about":[{"href":"https:\/\/uj.adatbank.ro\/lexikon\/wp-json\/wp\/v2\/types\/product"}],"replies":[{"embeddable":true,"href":"https:\/\/uj.adatbank.ro\/lexikon\/wp-json\/wp\/v2\/comments?post=21175"}],"wp:attachment":[{"href":"https:\/\/uj.adatbank.ro\/lexikon\/wp-json\/wp\/v2\/media?parent=21175"}],"wp:term":[{"taxonomy":"product_brand","embeddable":true,"href":"https:\/\/uj.adatbank.ro\/lexikon\/wp-json\/wp\/v2\/product_brand?post=21175"},{"taxonomy":"product_cat","embeddable":true,"href":"https:\/\/uj.adatbank.ro\/lexikon\/wp-json\/wp\/v2\/product_cat?post=21175"},{"taxonomy":"product_tag","embeddable":true,"href":"https:\/\/uj.adatbank.ro\/lexikon\/wp-json\/wp\/v2\/product_tag?post=21175"}],"curies":[{"name":"wp","href":"https:\/\/api.w.org\/{rel}","templated":true}]}}