{"id":21177,"date":"2025-07-22T19:15:46","date_gmt":"2025-07-22T17:15:46","guid":{"rendered":"https:\/\/uj.adatbank.ro\/lexikon\/termek\/szabo-ivan\/"},"modified":"2025-07-22T19:15:46","modified_gmt":"2025-07-22T17:15:46","slug":"szabo-ivan","status":"publish","type":"product","link":"https:\/\/uj.adatbank.ro\/lexikon\/termek\/szabo-ivan\/","title":{"rendered":"SZAB\u00d3 Iv\u00e1n"},"content":{"rendered":"<p>Mv., 1822. \u2020 Edinburgh, 1858. j\u00fal. 15.: f\u00e9nyk\u00e9p\u00e9sz, honv\u00e9dhadnagy. \u2013 A Szabads\u00e1gharc lever\u00e9se ut\u00e1n Sk\u00f3ci\u00e1ba menek\u00fclt \u00e9s letelepedett Edinburgban. F\u00e9nyk\u00e9pezni Thomas Rodgerst\u0151l tanult. Munk\u00e1ss\u00e1g\u00e1t a sk\u00f3ciai St. Andrew-ban kezdte (1856), ahol a Photographic Society of Edinburgh \u2013 F\u00e9nyk\u00e9p\u00e9szeti T\u00e1rsas\u00e1g az els\u0151k k\u00f6z\u00f6tt v\u00e1lasztotta tagjai sor\u00e1ba. Magas szinten m\u0171velte a f\u00e9nyk\u00e9pez\u00e9st, a 19 sz.-i portr\u00e9m\u0171v\u00e9szet egyik legnagyobb egy\u00e9nis\u00e9g\u00e9vel D. O. Hillel dolgozott egy\u00fctt Edinburgban. Saj\u00e1t m\u0171termet nyitott Edinburghban (1857). Eml\u00e9k\u00e9t mai is \u00e1polj\u00e1k a v\u00e1rosban. A Sk\u00f3t Nemzeti Arck\u00e9pt\u00e1rban ma is megtal\u00e1lhat\u00f3 3 f\u00e9nyk\u00e9pe. Az edinburghi s\u00edrk\u00f6v\u00e9n ez a felirat tal\u00e1lhat\u00f3: \u201eA fot\u00f3m\u0171v\u00e9szet\u00e9rt, amit r\u00f6vid \u00e9lete alatt tett, dics\u00e9ret illess\u00e9k\u201d. <br \/><strong>Irod.:<\/strong> Castellum \u00c9rtes\u00edt\u0151 (2002, 8. sz.); Erd\u00e9lyi Lajos: Egy \u00e9vvel Daguerre ut\u00e1n (\u00daj \u00c9let, 2. sz., 1971); Mikl\u00f3si \u2013Sikes; Nagy Mikl\u00f3s Kund: Szab\u00f3 Iv\u00e1nra eml\u00e9keztek Edinburgban (N\u00fa., M\u00fazsa, 2012. m\u00e1rc. 24.); Todea 2013; T\u00f6r\u00f6k G\u00e1sp\u00e1r: A sk\u00f3tok h\u00e1l\u00e1ja (N\u00fa., M\u00fazsa, 2009. dec. 5.).<\/br><\/p>\n","protected":false},"excerpt":{"rendered":"<p>Mv., 1822. \u2020 Edinburgh, 1858. j\u00fal. 15.: f\u00e9nyk\u00e9p\u00e9sz, honv\u00e9dhadnagy. \u2013 A Szabads\u00e1gharc lever\u00e9se ut\u00e1n Sk\u00f3ci\u00e1ba menek\u00fclt \u00e9s letelepedett Edinburgban. F\u00e9nyk\u00e9pezni Thomas Rodgerst\u0151l tanult. Munk\u00e1ss\u00e1g\u00e1t a sk\u00f3ciai St. Andrew-ban kezdte (1856), ahol a Photographic Society of Edinburgh \u2013 F\u00e9nyk\u00e9p\u00e9szeti T\u00e1rsas\u00e1g az els\u0151k k\u00f6z\u00f6tt v\u00e1lasztotta tagjai sor\u00e1ba. Magas szinten m\u0171velte a f\u00e9nyk\u00e9pez\u00e9st, a 19 sz.-i portr\u00e9m\u0171v\u00e9szet egyik [&hellip;]<\/p>\n","protected":false},"featured_media":0,"comment_status":"open","ping_status":"closed","template":"","meta":[],"product_brand":[],"product_cat":[137],"product_tag":[],"class_list":{"0":"post-21177","1":"product","2":"type-product","3":"status-publish","5":"product_cat-maros-megyei-eletrajzi-lexikon","7":"first","8":"instock","9":"shipping-taxable","10":"product-type-simple"},"_links":{"self":[{"href":"https:\/\/uj.adatbank.ro\/lexikon\/wp-json\/wp\/v2\/product\/21177","targetHints":{"allow":["GET"]}}],"collection":[{"href":"https:\/\/uj.adatbank.ro\/lexikon\/wp-json\/wp\/v2\/product"}],"about":[{"href":"https:\/\/uj.adatbank.ro\/lexikon\/wp-json\/wp\/v2\/types\/product"}],"replies":[{"embeddable":true,"href":"https:\/\/uj.adatbank.ro\/lexikon\/wp-json\/wp\/v2\/comments?post=21177"}],"wp:attachment":[{"href":"https:\/\/uj.adatbank.ro\/lexikon\/wp-json\/wp\/v2\/media?parent=21177"}],"wp:term":[{"taxonomy":"product_brand","embeddable":true,"href":"https:\/\/uj.adatbank.ro\/lexikon\/wp-json\/wp\/v2\/product_brand?post=21177"},{"taxonomy":"product_cat","embeddable":true,"href":"https:\/\/uj.adatbank.ro\/lexikon\/wp-json\/wp\/v2\/product_cat?post=21177"},{"taxonomy":"product_tag","embeddable":true,"href":"https:\/\/uj.adatbank.ro\/lexikon\/wp-json\/wp\/v2\/product_tag?post=21177"}],"curies":[{"name":"wp","href":"https:\/\/api.w.org\/{rel}","templated":true}]}}

SZABÓ Iván

<p>Mv., 1822. † Edinburgh, 1858. júl. 15.: fényképész, honvédhadnagy. – A Szabadságharc leverése után Skóciába menekült és letelepedett Edinburgban. Fényképezni Thomas Rodgerstől tanult. Munkásságát a skóciai St. Andrew-ban kezdte (1856), ahol a Photographic Society of Edinburgh – Fényképészeti Társaság az elsők között választotta tagjai sorába. Magas szinten művelte a fényképezést, a 19 sz.-i portréművészet egyik legnagyobb egyéniségével D. O. Hillel dolgozott együtt Edinburgban. Saját műtermet nyitott Edinburghban (1857). Emlékét mai is ápolják a városban. A Skót Nemzeti Arcképtárban ma is megtalálható 3 fényképe. Az edinburghi sírkövén ez a felirat található: „A fotóművészetért, amit rövid élete alatt tett, dicséret illessék”. <br /><strong>Irod.:</strong> Castellum Értesítő (2002, 8. sz.); Erdélyi Lajos: Egy évvel Daguerre után (Új Élet, 2. sz., 1971); Miklósi –Sikes; Nagy Miklós Kund: Szabó Ivánra emlékeztek Edinburgban (Nú., Múzsa, 2012. márc. 24.); Todea 2013; Török Gáspár: A skótok hálája (Nú., Múzsa, 2009. dec. 5.).</br></p>

<p>Mv., 1822. † Edinburgh, 1858. júl. 15.: fényképész, honvédhadnagy. – A Szabadságharc leverése után Skóciába menekült és letelepedett Edinburgban. Fényképezni Thomas Rodgerstől tanult. Munkásságát a skóciai St. Andrew-ban kezdte (1856), ahol a Photographic Society of Edinburgh – Fényképészeti Társaság az elsők között választotta tagjai sorába. Magas szinten művelte a fényképezést, a 19 sz.-i portréművészet egyik [&hellip;]</p>
