{"id":2118,"date":"2025-06-28T12:04:19","date_gmt":"2025-06-28T10:04:19","guid":{"rendered":"https:\/\/uj.adatbank.ro\/lexikon\/termek\/ban-anna\/"},"modified":"2025-06-28T12:04:19","modified_gmt":"2025-06-28T10:04:19","slug":"ban-anna","status":"publish","type":"product","link":"https:\/\/uj.adatbank.ro\/lexikon\/termek\/ban-anna\/","title":{"rendered":"B\u00c1N Anna"},"content":{"rendered":"<p>Ny\u00e1r\u00e1dremete, 1932. aug. 14., \u2020 Szatm\u00e1rn\u00e9meti, 1973. dec. 1.: sz\u00edn\u00e9szn\u0151. \u2013 Ny\u00e1r\u00e1dszered\u00e1n amat\u00f6r sz\u00ednj\u00e1tsz\u00f3k\u00e9nt h\u00edvta fel a kv.-i tehets\u00e9gkutat\u00f3 int\u00e9zet figyelm\u00e9t M\u00f3ricz Zs.: H\u00e9tkrajc\u00e1r\u00e1-nak dramatiz\u00e1l\u00e1s\u00e1val. A mv.-i Szentgy\u00f6rgyi Istv\u00e1n Sz\u00ednm\u0171v\u00e9szeti Int\u00e9zetben v\u00e9gzett (1953), \u00e9s tagja annak a sz\u00ednh\u00e1zalap\u00edt\u00f3 \u00e9vfolyamnak, amelyik Harag Gy\u00f6rgy vezet\u00e9s\u00e9vel l\u00e9trehozta Nagyb\u00e1ny\u00e1n az \u00f6t\u00f6dik rom\u00e1niai m. sz\u00ednh\u00e1zat (1953. aug.). Amikor a sz\u00ednh\u00e1z Szatm\u00e1rn\u00e9metibe k\u00f6lt\u00f6z\u00f6tt, tov\u00e1bbra is a t\u00e1rsulat tagja maradt. Tehets\u00e9ges, vonz\u00f3 k\u00fclsej\u0171, sok \u00e9s v\u00e1ltozatos karakteralak\u00edt\u00e1sa volt. \u00d6n\u00e1ll\u00f3 \u00f6ssze\u00e1ll\u00edt\u00e1sokkal, p\u00f3diumm\u0171sorokkal is kieg\u00e9sz\u00edtette szerepeit. \u2013 <strong>F. sz.:<\/strong> Roberta Alden (Dreiser: Amerikai trag\u00e9dia); Kurtiz\u00e1n (Shakespeare: T\u00e9ved\u00e9sek v\u00edgj\u00e1t\u00e9ka); Mip (Goodrich\u2013Hackett: Anna Frank napl\u00f3ja); Kl\u00e1ra (Sarkadi I.: Elveszett paradicsom); Rh\u00e9dey Eszter (M\u00f3ricz Zs.: \u00dari muri); N\u00f3ra (Ibsen). <br \/><strong>Irod.:<\/strong> MSZL; Ny\u00e1r\u00e1dszereda: Kiskalauz; R\u00daL<\/br><\/p>\n","protected":false},"excerpt":{"rendered":"<p>Ny\u00e1r\u00e1dremete, 1932. aug. 14., \u2020 Szatm\u00e1rn\u00e9meti, 1973. dec. 1.: sz\u00edn\u00e9szn\u0151. \u2013 Ny\u00e1r\u00e1dszered\u00e1n amat\u00f6r sz\u00ednj\u00e1tsz\u00f3k\u00e9nt h\u00edvta fel a kv.-i tehets\u00e9gkutat\u00f3 int\u00e9zet figyelm\u00e9t M\u00f3ricz Zs.: H\u00e9tkrajc\u00e1r\u00e1-nak dramatiz\u00e1l\u00e1s\u00e1val. A mv.-i Szentgy\u00f6rgyi Istv\u00e1n Sz\u00ednm\u0171v\u00e9szeti Int\u00e9zetben v\u00e9gzett (1953), \u00e9s tagja annak a sz\u00ednh\u00e1zalap\u00edt\u00f3 \u00e9vfolyamnak, amelyik Harag Gy\u00f6rgy vezet\u00e9s\u00e9vel l\u00e9trehozta Nagyb\u00e1ny\u00e1n az \u00f6t\u00f6dik rom\u00e1niai m. sz\u00ednh\u00e1zat (1953. aug.). Amikor a sz\u00ednh\u00e1z [&hellip;]<\/p>\n","protected":false},"featured_media":0,"comment_status":"open","ping_status":"closed","template":"","meta":[],"product_brand":[],"product_cat":[137],"product_tag":[],"class_list":{"0":"post-2118","1":"product","2":"type-product","3":"status-publish","5":"product_cat-maros-megyei-eletrajzi-lexikon","7":"first","8":"instock","9":"shipping-taxable","10":"product-type-simple"},"_links":{"self":[{"href":"https:\/\/uj.adatbank.ro\/lexikon\/wp-json\/wp\/v2\/product\/2118","targetHints":{"allow":["GET"]}}],"collection":[{"href":"https:\/\/uj.adatbank.ro\/lexikon\/wp-json\/wp\/v2\/product"}],"about":[{"href":"https:\/\/uj.adatbank.ro\/lexikon\/wp-json\/wp\/v2\/types\/product"}],"replies":[{"embeddable":true,"href":"https:\/\/uj.adatbank.ro\/lexikon\/wp-json\/wp\/v2\/comments?post=2118"}],"wp:attachment":[{"href":"https:\/\/uj.adatbank.ro\/lexikon\/wp-json\/wp\/v2\/media?parent=2118"}],"wp:term":[{"taxonomy":"product_brand","embeddable":true,"href":"https:\/\/uj.adatbank.ro\/lexikon\/wp-json\/wp\/v2\/product_brand?post=2118"},{"taxonomy":"product_cat","embeddable":true,"href":"https:\/\/uj.adatbank.ro\/lexikon\/wp-json\/wp\/v2\/product_cat?post=2118"},{"taxonomy":"product_tag","embeddable":true,"href":"https:\/\/uj.adatbank.ro\/lexikon\/wp-json\/wp\/v2\/product_tag?post=2118"}],"curies":[{"name":"wp","href":"https:\/\/api.w.org\/{rel}","templated":true}]}}

BÁN Anna

<p>Nyárádremete, 1932. aug. 14., † Szatmárnémeti, 1973. dec. 1.: színésznő. – Nyárádszeredán amatör színjátszóként hívta fel a kv.-i tehetségkutató intézet figyelmét Móricz Zs.: Hétkrajcárá-nak dramatizálásával. A mv.-i Szentgyörgyi István Színművészeti Intézetben végzett (1953), és tagja annak a színházalapító évfolyamnak, amelyik Harag György vezetésével létrehozta Nagybányán az ötödik romániai m. színházat (1953. aug.). Amikor a színház Szatmárnémetibe költözött, továbbra is a társulat tagja maradt. Tehetséges, vonzó külsejű, sok és változatos karakteralakítása volt. Önálló összeállításokkal, pódiumműsorokkal is kiegészítette szerepeit. – <strong>F. sz.:</strong> Roberta Alden (Dreiser: Amerikai tragédia); Kurtizán (Shakespeare: Tévedések vígjátéka); Mip (Goodrich–Hackett: Anna Frank naplója); Klára (Sarkadi I.: Elveszett paradicsom); Rhédey Eszter (Móricz Zs.: Úri muri); Nóra (Ibsen). <br /><strong>Irod.:</strong> MSZL; Nyárádszereda: Kiskalauz; RÚL</br></p>

<p>Nyárádremete, 1932. aug. 14., † Szatmárnémeti, 1973. dec. 1.: színésznő. – Nyárádszeredán amatör színjátszóként hívta fel a kv.-i tehetségkutató intézet figyelmét Móricz Zs.: Hétkrajcárá-nak dramatizálásával. A mv.-i Szentgyörgyi István Színművészeti Intézetben végzett (1953), és tagja annak a színházalapító évfolyamnak, amelyik Harag György vezetésével létrehozta Nagybányán az ötödik romániai m. színházat (1953. aug.). Amikor a színház [&hellip;]</p>
