{"id":21180,"date":"2025-07-22T19:15:53","date_gmt":"2025-07-22T17:15:53","guid":{"rendered":"https:\/\/uj.adatbank.ro\/lexikon\/termek\/szabo-janos-3\/"},"modified":"2025-07-22T19:15:53","modified_gmt":"2025-07-22T17:15:53","slug":"szabo-janos-3","status":"publish","type":"product","link":"https:\/\/uj.adatbank.ro\/lexikon\/termek\/szabo-janos-3\/","title":{"rendered":"SZAB\u00d3 J\u00e1nos"},"content":{"rendered":"<p>Altorja, 1819. nov. 19., \u2020\u00a01879. dec. 28.: r. k. pap. \u2013 Tanult Kant\u00e1n, Kv.-on, Gyulafeh\u00e9rv\u00e1ron \u00e9s Pesten. Papp\u00e1 szentelt\u00e9k (1844. j\u00fal. 28.). Tan\u00e1r Gyulafeh\u00e9rv\u00e1ron, k\u00e1pl\u00e1n \u00e9s tan\u00e1r Zalatn\u00e1n, Kv.-on. Forradalmi magatart\u00e1sa miatt beb\u00f6rt\u00f6n\u00f6zt\u00e9k (1949). Helyettes pl\u00e9b\u00e1nos Cs\u00edkszentgy\u00f6rgy\u00f6n, K\u00e9zdiszentkereszten, S\u00e1rfalv\u00e1n. Pl\u00e9b\u00e1nos volt Sz\u00e9kelyv\u00e9ck\u00e9n \u00e9s Magyarzs\u00e1kodo, Bar\u00f3ton (1853\u201367), Felvincen \u00e9s torda-aranyosi f\u0151esperes (1874). <br \/><strong>Irod.:<\/strong> Ferenczi S\u00e1ndor 2009.<\/br><\/p>\n","protected":false},"excerpt":{"rendered":"<p>Altorja, 1819. nov. 19., \u2020\u00a01879. dec. 28.: r. k. pap. \u2013 Tanult Kant\u00e1n, Kv.-on, Gyulafeh\u00e9rv\u00e1ron \u00e9s Pesten. Papp\u00e1 szentelt\u00e9k (1844. j\u00fal. 28.). Tan\u00e1r Gyulafeh\u00e9rv\u00e1ron, k\u00e1pl\u00e1n \u00e9s tan\u00e1r Zalatn\u00e1n, Kv.-on. Forradalmi magatart\u00e1sa miatt beb\u00f6rt\u00f6n\u00f6zt\u00e9k (1949). Helyettes pl\u00e9b\u00e1nos Cs\u00edkszentgy\u00f6rgy\u00f6n, K\u00e9zdiszentkereszten, S\u00e1rfalv\u00e1n. Pl\u00e9b\u00e1nos volt Sz\u00e9kelyv\u00e9ck\u00e9n \u00e9s Magyarzs\u00e1kodo, Bar\u00f3ton (1853\u201367), Felvincen \u00e9s torda-aranyosi f\u0151esperes (1874). Irod.: Ferenczi S\u00e1ndor 2009.<\/p>\n","protected":false},"featured_media":0,"comment_status":"open","ping_status":"closed","template":"","meta":[],"product_brand":[],"product_cat":[137],"product_tag":[],"class_list":{"0":"post-21180","1":"product","2":"type-product","3":"status-publish","5":"product_cat-maros-megyei-eletrajzi-lexikon","7":"first","8":"instock","9":"shipping-taxable","10":"product-type-simple"},"_links":{"self":[{"href":"https:\/\/uj.adatbank.ro\/lexikon\/wp-json\/wp\/v2\/product\/21180","targetHints":{"allow":["GET"]}}],"collection":[{"href":"https:\/\/uj.adatbank.ro\/lexikon\/wp-json\/wp\/v2\/product"}],"about":[{"href":"https:\/\/uj.adatbank.ro\/lexikon\/wp-json\/wp\/v2\/types\/product"}],"replies":[{"embeddable":true,"href":"https:\/\/uj.adatbank.ro\/lexikon\/wp-json\/wp\/v2\/comments?post=21180"}],"wp:attachment":[{"href":"https:\/\/uj.adatbank.ro\/lexikon\/wp-json\/wp\/v2\/media?parent=21180"}],"wp:term":[{"taxonomy":"product_brand","embeddable":true,"href":"https:\/\/uj.adatbank.ro\/lexikon\/wp-json\/wp\/v2\/product_brand?post=21180"},{"taxonomy":"product_cat","embeddable":true,"href":"https:\/\/uj.adatbank.ro\/lexikon\/wp-json\/wp\/v2\/product_cat?post=21180"},{"taxonomy":"product_tag","embeddable":true,"href":"https:\/\/uj.adatbank.ro\/lexikon\/wp-json\/wp\/v2\/product_tag?post=21180"}],"curies":[{"name":"wp","href":"https:\/\/api.w.org\/{rel}","templated":true}]}}

SZABÓ János

<p>Altorja, 1819. nov. 19., † 1879. dec. 28.: r. k. pap. – Tanult Kantán, Kv.-on, Gyulafehérváron és Pesten. Pappá szentelték (1844. júl. 28.). Tanár Gyulafehérváron, káplán és tanár Zalatnán, Kv.-on. Forradalmi magatartása miatt bebörtönözték (1949). Helyettes plébános Csíkszentgyörgyön, Kézdiszentkereszten, Sárfalván. Plébános volt Székelyvéckén és Magyarzsákodo, Baróton (1853–67), Felvincen és torda-aranyosi főesperes (1874). <br /><strong>Irod.:</strong> Ferenczi Sándor 2009.</br></p>

<p>Altorja, 1819. nov. 19., † 1879. dec. 28.: r. k. pap. – Tanult Kantán, Kv.-on, Gyulafehérváron és Pesten. Pappá szentelték (1844. júl. 28.). Tanár Gyulafehérváron, káplán és tanár Zalatnán, Kv.-on. Forradalmi magatartása miatt bebörtönözték (1949). Helyettes plébános Csíkszentgyörgyön, Kézdiszentkereszten, Sárfalván. Plébános volt Székelyvéckén és Magyarzsákodo, Baróton (1853–67), Felvincen és torda-aranyosi főesperes (1874). Irod.: Ferenczi Sándor 2009.</p>
