{"id":21183,"date":"2025-07-22T19:15:59","date_gmt":"2025-07-22T17:15:59","guid":{"rendered":"https:\/\/uj.adatbank.ro\/lexikon\/termek\/szabo-janos-6\/"},"modified":"2025-07-22T19:15:59","modified_gmt":"2025-07-22T17:15:59","slug":"szabo-janos-6","status":"publish","type":"product","link":"https:\/\/uj.adatbank.ro\/lexikon\/termek\/szabo-janos-6\/","title":{"rendered":"SZAB\u00d3 J\u00e1nos"},"content":{"rendered":"<p>Mv., 1907. febr. 14., \u2020?: kov\u00e1cs. \u2013 Letart\u00f3ztatt\u00e1k (1961. nov. 7.) \u00e9s azzal a v\u00e1ddal \u00e1ll\u00edtott\u00e1k b\u00edr\u00f3s\u00e1g el\u00e9, hogy rendszerellenes besz\u00e9lget\u00e9seket folytatott, ellens\u00e9gesen komment\u00e1lta a nemzetis\u00e9g helyzet\u00e9t. <br \/><strong>Irod.:<\/strong> 1956 Erd\u00e9lyben.<\/br><\/p>\n","protected":false},"excerpt":{"rendered":"<p>Mv., 1907. febr. 14., \u2020?: kov\u00e1cs. \u2013 Letart\u00f3ztatt\u00e1k (1961. nov. 7.) \u00e9s azzal a v\u00e1ddal \u00e1ll\u00edtott\u00e1k b\u00edr\u00f3s\u00e1g el\u00e9, hogy rendszerellenes besz\u00e9lget\u00e9seket folytatott, ellens\u00e9gesen komment\u00e1lta a nemzetis\u00e9g helyzet\u00e9t. Irod.: 1956 Erd\u00e9lyben.<\/p>\n","protected":false},"featured_media":0,"comment_status":"open","ping_status":"closed","template":"","meta":[],"product_brand":[],"product_cat":[137],"product_tag":[],"class_list":{"0":"post-21183","1":"product","2":"type-product","3":"status-publish","5":"product_cat-maros-megyei-eletrajzi-lexikon","7":"first","8":"instock","9":"shipping-taxable","10":"product-type-simple"},"_links":{"self":[{"href":"https:\/\/uj.adatbank.ro\/lexikon\/wp-json\/wp\/v2\/product\/21183","targetHints":{"allow":["GET"]}}],"collection":[{"href":"https:\/\/uj.adatbank.ro\/lexikon\/wp-json\/wp\/v2\/product"}],"about":[{"href":"https:\/\/uj.adatbank.ro\/lexikon\/wp-json\/wp\/v2\/types\/product"}],"replies":[{"embeddable":true,"href":"https:\/\/uj.adatbank.ro\/lexikon\/wp-json\/wp\/v2\/comments?post=21183"}],"wp:attachment":[{"href":"https:\/\/uj.adatbank.ro\/lexikon\/wp-json\/wp\/v2\/media?parent=21183"}],"wp:term":[{"taxonomy":"product_brand","embeddable":true,"href":"https:\/\/uj.adatbank.ro\/lexikon\/wp-json\/wp\/v2\/product_brand?post=21183"},{"taxonomy":"product_cat","embeddable":true,"href":"https:\/\/uj.adatbank.ro\/lexikon\/wp-json\/wp\/v2\/product_cat?post=21183"},{"taxonomy":"product_tag","embeddable":true,"href":"https:\/\/uj.adatbank.ro\/lexikon\/wp-json\/wp\/v2\/product_tag?post=21183"}],"curies":[{"name":"wp","href":"https:\/\/api.w.org\/{rel}","templated":true}]}}