{"id":21185,"date":"2025-07-22T19:16:03","date_gmt":"2025-07-22T17:16:03","guid":{"rendered":"https:\/\/uj.adatbank.ro\/lexikon\/termek\/szabo-janos-%c2%a7\/"},"modified":"2025-07-22T19:16:03","modified_gmt":"2025-07-22T17:16:03","slug":"szabo-janos-%c2%a7","status":"publish","type":"product","link":"https:\/\/uj.adatbank.ro\/lexikon\/termek\/szabo-janos-%c2%a7\/","title":{"rendered":"SZAB\u00d3 J\u00e1nos, \u00a7"},"content":{"rendered":"<p>Sz\u00e9kelyudvarhely, 1790. m\u00e1j. 19. (keresztelt\u00e9k), \u2020 Mv., 1851. jan. 27.: fest\u0151, grafikus. \u2013 Sz. .-Ferenc sz\u00edjgy\u00e1rt\u00f3 fia. Testv\u00e9rei: J\u00f3zsef (1788. \u00e1pr. 4 \u2013?), Rebeka (1793. jan. 7.\u2013?), Susanna (1796. nov. 17.\u2013?) \u00e9s M\u00f3zes (1798, dec. 22.\u2013?), mv.-i sz\u00edjgy\u00e1rt\u00f3, nemzet\u0151r az 1848\u201349. forradalomban. \u2013 M\u00f3zes seg\u00edts\u00e9g\u00e9vel a mv.-i Ref. Koll.-ban tanult, egyszerre subscrib\u00e1lt Jeney D\u00e1niellel (1807). K\u00f6ztan\u00edt\u00f3 volt a grammatika oszt\u00e1lyban. Bolyai Farkas tan\u00edtotta rajzolni, biztatta, hogy l\u00e9pjen m\u0171v\u00e9szi p\u00e1ly\u00e1ra, (egyes kutat\u00f3k szerint a b\u00e9csi m\u0171v\u00e9szeti akad.-\u00e1n k\u00e9pezte mag\u00e1t). Buk.-ben festett (1815). Visszat\u00e9rt Mv.-re, de nem volt megrendel\u00e9se. Csombordon a br. Kem\u00e9ny Simon csal\u00e1dj\u00e1ban festette meg Kem\u00e9nyn\u00e9 Teleki Anna portr\u00e9j\u00e1t (1816\u201319). Kv.-on (1820 k.) lefestette gr. B\u00e1nfffy Gy\u00f6rgy gubern\u00e1tort, Bodor P\u00e1lt, Bolyai Farkast (1846 k.). Dom\u00e1don a Bolyain\u00e9 Benk\u0151 Zsuzsanna temet\u00e9s\u00e9n volt (1821 szept.) \u00e9s visszat\u00e9rt Mv.-re..Pesten, majd B\u00e9csben tart\u00f3zkodott (1829\u2013), itt elszeg\u00e9nyedett \u00e9s Bolyai Farkas gy\u0171jt\u00e9se seg\u00edts\u00e9g\u00e9vel t\u00e9rt vissza Mv.-re, Brass\u00f3ban \u00e9s \u00fajb\u00f3l Kv.-on m\u0171k\u00f6d\u00f6tt. A Kv.-on az Erd\u00e9lyi H\u00edrad\u00f3 szerk.-s\u00e9g\u00e9ben dolgozott (1930\u201334, tov\u00e1bbra is tag 1848). Az ekkor zajl\u00f3 ogy.-en (1834) lerajzolta br. J\u00f3sika Mikl\u00f3st, Haller Istv\u00e1nt, Wessel\u00e9nyi Mikl\u00f3st, Mikes J\u00e1nost, Sz\u00e1sz K\u00e1rolyt, Teleki Domokost. Litogr\u00e1fi\u00e1kat is k\u00e9sz\u00edtett, k\u0151nyomatot adott ki Mv.-r\u0151l. A portr\u00e9kat a b\u00e9csi k\u0151nyomda nyomtatta. Kv.-on Barab\u00e1s Mikl\u00f3ssal dolgozott a Barra-f\u00e9le k\u0151nyomd\u00e1ban (1938\u201339), Barab\u00e1s Mikl\u00f3s rajzoktat\u00f3ja is volt. Lerajzolta (1846), majd olajfestm\u00e9nyk\u00e9nt is lefestette Bolyai Farkast. Buk.-ben sem lett sikeres (1846\u201347), v\u00e9gleg visszat\u00e9rt Mv.-re (1848). M\u0171vei k\u00f6z\u00fcl De\u00e1ki F\u00fcl\u00f6p Ter\u00e9zia arck\u00e9pe a Sz\u00e9pm\u0171v\u00e9szeti M\u00fazeumban, Sz\u00e1sz K\u00e1roly arck\u00e9pe a M. T\u00f6rt. K\u00e9pcsarnokban van. Miniat\u0171rjei a S\u00e9nyi L\u00e1szl\u00f3-f\u00e9le gy\u0171jtem\u00e9nyben vannak. T\u00fcd\u0151bajban, nagy szeg\u00e9nys\u00e9gben halt meg. B\u00facs\u00faztat\u00f3ja \u00e9s nekrol\u00f3g \u00edr\u00f3ja Bolyai Farkas volt. <br \/><strong>Irod.:<\/strong> Apor \u2013 Ol\u00e1h-G\u00e1l; B. Nagy Margit, 1977.; Banner; Barab\u00e1s Mikl\u00f3s \u00f6n\u00e9letrajza (Kv., 1944); Bolyai-levelek; \u00c9ber; Kiss P\u00e1l M; Kiss P\u00e1l, M.: Szab\u00f3 J\u00e1nos (1794\u20131851) = M\u0171v\u00e9szett\u00f6rt\u00e9neti \u00c9rtes\u00edt\u0151 (1. sz., 1966., Bp.); Lyka; A modern k\u00e9pt\u00e1r katal\u00f3gusa (Bp., 1913); Moln\u00e1r; Ol\u00e1h-G\u00e1l R\u00f3bert: , aki megrajzolta Bolyai Farkas arck\u00e9p\u00e9t (N\u00fa., Sz\u00ednes Vil\u00e1g, 2009. febr. 28.); Ol\u00e1h-G\u00e1l R\u00f3bert: Sz. J. (1784\u20131851), a mv.-i piktor (N\u00fa., Sz\u00ednes Vil\u00e1g, 2012. j\u00fan. 30.); A T\u00f6rt\u00e9nelmi K\u00e9pcsarnok m\u0171t\u00e1rgyainak le\u00edr\u00f3 lajstroma (Bp., 1907); \u00daIL; Zsigmond Irma: A Teleki T\u00e9ka m\u00falt sz\u00e1zadi olvas\u00f3napl\u00f3i = Mv. t\u00f6rt\u00e9net\u00e9b\u0151l.<\/br><\/p>\n","protected":false},"excerpt":{"rendered":"<p>Sz\u00e9kelyudvarhely, 1790. m\u00e1j. 19. (keresztelt\u00e9k), \u2020 Mv., 1851. jan. 27.: fest\u0151, grafikus. \u2013 Sz. .-Ferenc sz\u00edjgy\u00e1rt\u00f3 fia. Testv\u00e9rei: J\u00f3zsef (1788. \u00e1pr. 4 \u2013?), Rebeka (1793. jan. 7.\u2013?), Susanna (1796. nov. 17.\u2013?) \u00e9s M\u00f3zes (1798, dec. 22.\u2013?), mv.-i sz\u00edjgy\u00e1rt\u00f3, nemzet\u0151r az 1848\u201349. forradalomban. \u2013 M\u00f3zes seg\u00edts\u00e9g\u00e9vel a mv.-i Ref. Koll.-ban tanult, egyszerre subscrib\u00e1lt Jeney D\u00e1niellel (1807). [&hellip;]<\/p>\n","protected":false},"featured_media":0,"comment_status":"open","ping_status":"closed","template":"","meta":[],"product_brand":[],"product_cat":[137],"product_tag":[],"class_list":{"0":"post-21185","1":"product","2":"type-product","3":"status-publish","5":"product_cat-maros-megyei-eletrajzi-lexikon","7":"first","8":"instock","9":"shipping-taxable","10":"product-type-simple"},"_links":{"self":[{"href":"https:\/\/uj.adatbank.ro\/lexikon\/wp-json\/wp\/v2\/product\/21185","targetHints":{"allow":["GET"]}}],"collection":[{"href":"https:\/\/uj.adatbank.ro\/lexikon\/wp-json\/wp\/v2\/product"}],"about":[{"href":"https:\/\/uj.adatbank.ro\/lexikon\/wp-json\/wp\/v2\/types\/product"}],"replies":[{"embeddable":true,"href":"https:\/\/uj.adatbank.ro\/lexikon\/wp-json\/wp\/v2\/comments?post=21185"}],"wp:attachment":[{"href":"https:\/\/uj.adatbank.ro\/lexikon\/wp-json\/wp\/v2\/media?parent=21185"}],"wp:term":[{"taxonomy":"product_brand","embeddable":true,"href":"https:\/\/uj.adatbank.ro\/lexikon\/wp-json\/wp\/v2\/product_brand?post=21185"},{"taxonomy":"product_cat","embeddable":true,"href":"https:\/\/uj.adatbank.ro\/lexikon\/wp-json\/wp\/v2\/product_cat?post=21185"},{"taxonomy":"product_tag","embeddable":true,"href":"https:\/\/uj.adatbank.ro\/lexikon\/wp-json\/wp\/v2\/product_tag?post=21185"}],"curies":[{"name":"wp","href":"https:\/\/api.w.org\/{rel}","templated":true}]}}

SZABÓ János, §

<p>Székelyudvarhely, 1790. máj. 19. (keresztelték), † Mv., 1851. jan. 27.: festő, grafikus. – Sz. .-Ferenc szíjgyártó fia. Testvérei: József (1788. ápr. 4 –?), Rebeka (1793. jan. 7.–?), Susanna (1796. nov. 17.–?) és Mózes (1798, dec. 22.–?), mv.-i szíjgyártó, nemzetőr az 1848–49. forradalomban. – Mózes segítségével a mv.-i Ref. Koll.-ban tanult, egyszerre subscribált Jeney Dániellel (1807). Köztanító volt a grammatika osztályban. Bolyai Farkas tanította rajzolni, biztatta, hogy lépjen művészi pályára, (egyes kutatók szerint a bécsi művészeti akad.-án képezte magát). Buk.-ben festett (1815). Visszatért Mv.-re, de nem volt megrendelése. Csombordon a br. Kemény Simon családjában festette meg Keményné Teleki Anna portréját (1816–19). Kv.-on (1820 k.) lefestette gr. Bánfffy György gubernátort, Bodor Pált, Bolyai Farkast (1846 k.). Domádon a Bolyainé Benkő Zsuzsanna temetésén volt (1821 szept.) és visszatért Mv.-re..Pesten, majd Bécsben tartózkodott (1829–), itt elszegényedett és Bolyai Farkas gyűjtése segítségével tért vissza Mv.-re, Brassóban és újból Kv.-on működött. A Kv.-on az Erdélyi Híradó szerk.-ségében dolgozott (1930–34, továbbra is tag 1848). Az ekkor zajló ogy.-en (1834) lerajzolta br. Jósika Miklóst, Haller Istvánt, Wesselényi Miklóst, Mikes Jánost, Szász Károlyt, Teleki Domokost. Litográfiákat is készített, kőnyomatot adott ki Mv.-ről. A portrékat a bécsi kőnyomda nyomtatta. Kv.-on Barabás Miklóssal dolgozott a Barra-féle kőnyomdában (1938–39), Barabás Miklós rajzoktatója is volt. Lerajzolta (1846), majd olajfestményként is lefestette Bolyai Farkast. Buk.-ben sem lett sikeres (1846–47), végleg visszatért Mv.-re (1848). Művei közül Deáki Fülöp Terézia arcképe a Szépművészeti Múzeumban, Szász Károly arcképe a M. Tört. Képcsarnokban van. Miniatűrjei a Sényi László-féle gyűjteményben vannak. Tüdőbajban, nagy szegénységben halt meg. Búcsúztatója és nekrológ írója Bolyai Farkas volt. <br /><strong>Irod.:</strong> Apor – Oláh-Gál; B. Nagy Margit, 1977.; Banner; Barabás Miklós önéletrajza (Kv., 1944); Bolyai-levelek; Éber; Kiss Pál M; Kiss Pál, M.: Szabó János (1794–1851) = Művészettörténeti Értesítő (1. sz., 1966., Bp.); Lyka; A modern képtár katalógusa (Bp., 1913); Molnár; Oláh-Gál Róbert: , aki megrajzolta Bolyai Farkas arcképét (Nú., Színes Világ, 2009. febr. 28.); Oláh-Gál Róbert: Sz. J. (1784–1851), a mv.-i piktor (Nú., Színes Világ, 2012. jún. 30.); A Történelmi Képcsarnok műtárgyainak leíró lajstroma (Bp., 1907); ÚIL; Zsigmond Irma: A Teleki Téka múlt századi olvasónaplói = Mv. történetéből.</br></p>

<p>Székelyudvarhely, 1790. máj. 19. (keresztelték), † Mv., 1851. jan. 27.: festő, grafikus. – Sz. .-Ferenc szíjgyártó fia. Testvérei: József (1788. ápr. 4 –?), Rebeka (1793. jan. 7.–?), Susanna (1796. nov. 17.–?) és Mózes (1798, dec. 22.–?), mv.-i szíjgyártó, nemzetőr az 1848–49. forradalomban. – Mózes segítségével a mv.-i Ref. Koll.-ban tanult, egyszerre subscribált Jeney Dániellel (1807). [&hellip;]</p>
