{"id":21189,"date":"2025-07-22T19:16:12","date_gmt":"2025-07-22T17:16:12","guid":{"rendered":"https:\/\/uj.adatbank.ro\/lexikon\/termek\/szabo-jeno-2\/"},"modified":"2025-07-22T19:16:12","modified_gmt":"2025-07-22T17:16:12","slug":"szabo-jeno-2","status":"publish","type":"product","link":"https:\/\/uj.adatbank.ro\/lexikon\/termek\/szabo-jeno-2\/","title":{"rendered":"SZAB\u00d3 Jen\u0151"},"content":{"rendered":"<p>Szeged, 1887., \u2020 Mv., 1959.: orvos. \u2013 Feles\u00e9ge. K\u00f6ntzey Lenke (1895 \u2013?). \u2013 Orvosi egyetemi tanulm\u00e1nyait Kv.-on folytatta \u00e9s v\u00e9gzett (1911). M\u00e1r hallgat\u00f3k\u00e9nt is tan\u00e1ra volt Lechner \u00d6d\u00f6n prof., majd n\u00e1la az ideggy\u00f3gy\u00e1szaton folytatta orvosk\u00e9nt. Dics\u0151szentm\u00e1rtonban az ideg- \u00e9s elmegy\u00f3gy\u00e1szat\u00e1n m\u0171k\u00f6d\u00f6tt (1914-ig). Betegsz\u00e1ll\u00edt\u00f3vonatparancsnok soroz\u00f3 orvosa (1914\u20131918). K\u00f6rzeti orvos Radn\u00f3ton (1920 ut\u00e1n), k\u00e9nyszernyugd\u00edjazt\u00e1k, mert a bukaresti rom\u00e1n nyelvvizsg\u00e1t nem v\u00e1llalta (1930). Ideg- \u00e9s elmegy\u00f3gy\u00e1sz Mv.-en (1940\u2013). A mv.-i R.K. Gimn. orvosa \u00e9s eg\u00e9szs\u00e9gtan tan\u00e1ra volt (valamikor 1940\u20131944 k.) Nyugd\u00edjba vonult (1950). \u2013 Tanulm\u00e1nya: A csecsem\u0151 gondoz\u00e1sa (Falu F\u00fczetek, 1930). <br \/><strong>Irod.:<\/strong> Kiss\u2013P.\u2013P.; KZST1930; MMK; \u00dcnnepi k\u00f6nyv.<\/br><\/p>\n","protected":false},"excerpt":{"rendered":"<p>Szeged, 1887., \u2020 Mv., 1959.: orvos. \u2013 Feles\u00e9ge. K\u00f6ntzey Lenke (1895 \u2013?). \u2013 Orvosi egyetemi tanulm\u00e1nyait Kv.-on folytatta \u00e9s v\u00e9gzett (1911). M\u00e1r hallgat\u00f3k\u00e9nt is tan\u00e1ra volt Lechner \u00d6d\u00f6n prof., majd n\u00e1la az ideggy\u00f3gy\u00e1szaton folytatta orvosk\u00e9nt. Dics\u0151szentm\u00e1rtonban az ideg- \u00e9s elmegy\u00f3gy\u00e1szat\u00e1n m\u0171k\u00f6d\u00f6tt (1914-ig). Betegsz\u00e1ll\u00edt\u00f3vonatparancsnok soroz\u00f3 orvosa (1914\u20131918). K\u00f6rzeti orvos Radn\u00f3ton (1920 ut\u00e1n), k\u00e9nyszernyugd\u00edjazt\u00e1k, mert a bukaresti [&hellip;]<\/p>\n","protected":false},"featured_media":0,"comment_status":"open","ping_status":"closed","template":"","meta":[],"product_brand":[],"product_cat":[137],"product_tag":[],"class_list":{"0":"post-21189","1":"product","2":"type-product","3":"status-publish","5":"product_cat-maros-megyei-eletrajzi-lexikon","7":"first","8":"instock","9":"shipping-taxable","10":"product-type-simple"},"_links":{"self":[{"href":"https:\/\/uj.adatbank.ro\/lexikon\/wp-json\/wp\/v2\/product\/21189","targetHints":{"allow":["GET"]}}],"collection":[{"href":"https:\/\/uj.adatbank.ro\/lexikon\/wp-json\/wp\/v2\/product"}],"about":[{"href":"https:\/\/uj.adatbank.ro\/lexikon\/wp-json\/wp\/v2\/types\/product"}],"replies":[{"embeddable":true,"href":"https:\/\/uj.adatbank.ro\/lexikon\/wp-json\/wp\/v2\/comments?post=21189"}],"wp:attachment":[{"href":"https:\/\/uj.adatbank.ro\/lexikon\/wp-json\/wp\/v2\/media?parent=21189"}],"wp:term":[{"taxonomy":"product_brand","embeddable":true,"href":"https:\/\/uj.adatbank.ro\/lexikon\/wp-json\/wp\/v2\/product_brand?post=21189"},{"taxonomy":"product_cat","embeddable":true,"href":"https:\/\/uj.adatbank.ro\/lexikon\/wp-json\/wp\/v2\/product_cat?post=21189"},{"taxonomy":"product_tag","embeddable":true,"href":"https:\/\/uj.adatbank.ro\/lexikon\/wp-json\/wp\/v2\/product_tag?post=21189"}],"curies":[{"name":"wp","href":"https:\/\/api.w.org\/{rel}","templated":true}]}}

SZABÓ Jenő

<p>Szeged, 1887., † Mv., 1959.: orvos. – Felesége. Köntzey Lenke (1895 –?). – Orvosi egyetemi tanulmányait Kv.-on folytatta és végzett (1911). Már hallgatóként is tanára volt Lechner Ödön prof., majd nála az ideggyógyászaton folytatta orvosként. Dicsőszentmártonban az ideg- és elmegyógyászatán működött (1914-ig). Betegszállítóvonatparancsnok sorozó orvosa (1914–1918). Körzeti orvos Radnóton (1920 után), kényszernyugdíjazták, mert a bukaresti román nyelvvizsgát nem vállalta (1930). Ideg- és elmegyógyász Mv.-en (1940–). A mv.-i R.K. Gimn. orvosa és egészségtan tanára volt (valamikor 1940–1944 k.) Nyugdíjba vonult (1950). – Tanulmánya: A csecsemő gondozása (Falu Füzetek, 1930). <br /><strong>Irod.:</strong> Kiss–P.–P.; KZST1930; MMK; Ünnepi könyv.</br></p>

<p>Szeged, 1887., † Mv., 1959.: orvos. – Felesége. Köntzey Lenke (1895 –?). – Orvosi egyetemi tanulmányait Kv.-on folytatta és végzett (1911). Már hallgatóként is tanára volt Lechner Ödön prof., majd nála az ideggyógyászaton folytatta orvosként. Dicsőszentmártonban az ideg- és elmegyógyászatán működött (1914-ig). Betegszállítóvonatparancsnok sorozó orvosa (1914–1918). Körzeti orvos Radnóton (1920 után), kényszernyugdíjazták, mert a bukaresti [&hellip;]</p>
