{"id":21190,"date":"2025-07-22T19:16:14","date_gmt":"2025-07-22T17:16:14","guid":{"rendered":"https:\/\/uj.adatbank.ro\/lexikon\/termek\/szabo-jeno-3\/"},"modified":"2025-07-22T19:16:14","modified_gmt":"2025-07-22T17:16:14","slug":"szabo-jeno-3","status":"publish","type":"product","link":"https:\/\/uj.adatbank.ro\/lexikon\/termek\/szabo-jeno-3\/","title":{"rendered":"SZAB\u00d3 Jen\u0151"},"content":{"rendered":"<p>Mv., 1891., jan. 29., \u2020 Mv., 1965. j\u00fan. 8.: \u00fajs\u00e1g\u00edr\u00f3. \u2013 K\u00f6z\u00e9piskol\u00e1it Mv.-en a Piarista gimn\u00e1ziumban, majd a kereskedelmi k\u00f6z\u00e9piskol\u00e1ban v\u00e9gezte R\u00f6vid ideig a mv.-i H\u00edrlap (1912), a Sz\u00ednh\u00e1zi \u00dajs\u00e1g (1912), Az Ellen\u0151r (1924) felel\u0151s szerk.-je, a Marosmenti Sport c. lap szerkeszt\u0151je (1922), a Zord Id\u0151 akvizit\u0151re (1920). T\u00f6bb mv.-i munk\u00e1smozgalmi lapn\u00e1l dolgozott (1921\u2013): El\u0151re (1921\u201322); Ellen\u0151r (\u20131924), a Vil\u00e1g felel\u0151s szerkeszt\u0151je (1924\u201326); tud\u00f3s\u00edt\u00f3ja a Brass\u00f3i Lapok (1929\u201338), a temesv\u00e1ri 6 \u00d3rai \u00dajs\u00e1g (1932\u201333), a kv.-i J\u00f3est\u00e9t, Famunk\u00e1s-nak (1934\u201340) a Sz\u00e9kely N\u00e9pben is jelent meg \u00edr\u00e1sa. A mv.-i munk\u00e1s m\u0171kedvel\u0151 egy\u00fcttest ir\u00e1ny\u00edtotta (1924\u201329), sz\u00e1m\u00e1ra proletkultos sz\u00edndarabokat \u00edrt, t\u00f6bb el\u0151ad\u00e1st rendezett. Irodalmi ideol\u00f3giai k\u00f6r\u00f6ket vezetett a szervezett munk\u00e1sifj\u00fas\u00e1gnak. Sim\u00f3 G\u00e9za ut\u00e1n \u0151 volt az Egys\u00e9ges Szakszervezetek Maros megyei titk\u00e1ra. T\u00f6bbsz\u00f6r volt b\u00f6rt\u00f6nben (pl. 1926, 31). A k\u00e9t vh. k\u00f6z\u00f6tt kapcsolatba ker\u00fclt az illeg\u00e1lis kommunista munk\u00e1smozgalommal, az MTK (Munk\u00e1s Torna Klub) egyik vezet\u0151je. A mv.-i Munk\u00e1sotthonban a m\u0171kedvel\u0151 egy\u00fcttest ir\u00e1ny\u00edtotta (1924\u201329), sz\u00e1m\u00e1ra proletkultos sz\u00edndarabokat \u00edrt, t\u00f6bb el\u0151ad\u00e1st rendezett. Irodalmi ideol\u00f3giai k\u00f6r\u00f6ket vezetett a szervezett munk\u00e1sifj\u00fas\u00e1gnak, amig a hat\u00f3s\u00e1gok bez\u00e1rt\u00e1k a Munk\u00e1sotthont. A N\u00e9pv\u00e9delmi Egyes\u00fclet-n\u00e9l dolgozott (1945\u2013). A szem\u00e9lyi kultusz idej\u00e9n kiz\u00e1rt\u00e1k a kommunista p\u00e1rtb\u00f3l (1946 ut\u00e1n). Versekkel a T\u00fck\u00f6rben jelentkezett (1924), T\u00f6bb egyfelvon\u00e1sos sz\u00edndarabokat \u00edrt (1924\u201329; 40 es \u00e9vek m\u00e1sodik fele): Auton\u00f3mia, Maj\u00e1lis, Pacalist\u00e1k, A S\u00edber, Nincs meg\u00e1ll\u00e1s, Berlin fel\u00e9, Marshall-demokr\u00e1cia, V\u00e1lasztunk, Fapadon, Besurran\u00f3k, A telefon, A rend\u0151r. Ezek k\u00f6z\u00fcl t\u00f6bbet Kass\u00e1n s\u0151t Pr\u00e1g\u00e1ban \u00e1s New Yorkban is el\u0151adtak munk\u00e1sm\u0171kedvel\u0151 egy\u00fcttesek. Szabadszerelem c. 4 felvon\u00e1sosa \u00e9s \u00c1rnyvonalak c. egyfelvon\u00e1sosa Temesv\u00e1ron a Munk\u00e1s Kult\u00fark\u00f6r \u00e1ltal hirdetett versenyen els\u0151 d\u00edjat nyert. Eml\u00e9kez\u00e9seit \u00e9s sz\u00e1mos m\u00e1s \u00edr\u00e1s\u00e1t csal\u00e1dja a Teleki\u2013Bolyai K\u00f6nyvt\u00e1rban helyezte el. <br \/><strong>Irod.:<\/strong> Id\u0151t\u00e1r 3; Molter 2.; \u00d6kr\u00f6s; Popt\u0103ma\u015f\u2013M\u00f3zes; R. K. Okt.\u20131.<\/br><\/p>\n","protected":false},"excerpt":{"rendered":"<p>Mv., 1891., jan. 29., \u2020 Mv., 1965. j\u00fan. 8.: \u00fajs\u00e1g\u00edr\u00f3. \u2013 K\u00f6z\u00e9piskol\u00e1it Mv.-en a Piarista gimn\u00e1ziumban, majd a kereskedelmi k\u00f6z\u00e9piskol\u00e1ban v\u00e9gezte R\u00f6vid ideig a mv.-i H\u00edrlap (1912), a Sz\u00ednh\u00e1zi \u00dajs\u00e1g (1912), Az Ellen\u0151r (1924) felel\u0151s szerk.-je, a Marosmenti Sport c. lap szerkeszt\u0151je (1922), a Zord Id\u0151 akvizit\u0151re (1920). T\u00f6bb mv.-i munk\u00e1smozgalmi lapn\u00e1l dolgozott (1921\u2013): El\u0151re [&hellip;]<\/p>\n","protected":false},"featured_media":0,"comment_status":"open","ping_status":"closed","template":"","meta":[],"product_brand":[],"product_cat":[137],"product_tag":[],"class_list":{"0":"post-21190","1":"product","2":"type-product","3":"status-publish","5":"product_cat-maros-megyei-eletrajzi-lexikon","7":"first","8":"instock","9":"shipping-taxable","10":"product-type-simple"},"_links":{"self":[{"href":"https:\/\/uj.adatbank.ro\/lexikon\/wp-json\/wp\/v2\/product\/21190","targetHints":{"allow":["GET"]}}],"collection":[{"href":"https:\/\/uj.adatbank.ro\/lexikon\/wp-json\/wp\/v2\/product"}],"about":[{"href":"https:\/\/uj.adatbank.ro\/lexikon\/wp-json\/wp\/v2\/types\/product"}],"replies":[{"embeddable":true,"href":"https:\/\/uj.adatbank.ro\/lexikon\/wp-json\/wp\/v2\/comments?post=21190"}],"wp:attachment":[{"href":"https:\/\/uj.adatbank.ro\/lexikon\/wp-json\/wp\/v2\/media?parent=21190"}],"wp:term":[{"taxonomy":"product_brand","embeddable":true,"href":"https:\/\/uj.adatbank.ro\/lexikon\/wp-json\/wp\/v2\/product_brand?post=21190"},{"taxonomy":"product_cat","embeddable":true,"href":"https:\/\/uj.adatbank.ro\/lexikon\/wp-json\/wp\/v2\/product_cat?post=21190"},{"taxonomy":"product_tag","embeddable":true,"href":"https:\/\/uj.adatbank.ro\/lexikon\/wp-json\/wp\/v2\/product_tag?post=21190"}],"curies":[{"name":"wp","href":"https:\/\/api.w.org\/{rel}","templated":true}]}}

SZABÓ Jenő

<p>Mv., 1891., jan. 29., † Mv., 1965. jún. 8.: újságíró. – Középiskoláit Mv.-en a Piarista gimnáziumban, majd a kereskedelmi középiskolában végezte Rövid ideig a mv.-i Hírlap (1912), a Színházi Újság (1912), Az Ellenőr (1924) felelős szerk.-je, a Marosmenti Sport c. lap szerkesztője (1922), a Zord Idő akvizitőre (1920). Több mv.-i munkásmozgalmi lapnál dolgozott (1921–): Előre (1921–22); Ellenőr (–1924), a Világ felelős szerkesztője (1924–26); tudósítója a Brassói Lapok (1929–38), a temesvári 6 Órai Újság (1932–33), a kv.-i Jóestét, Famunkás-nak (1934–40) a Székely Népben is jelent meg írása. A mv.-i munkás műkedvelő együttest irányította (1924–29), számára proletkultos színdarabokat írt, több előadást rendezett. Irodalmi ideológiai köröket vezetett a szervezett munkásifjúságnak. Simó Géza után ő volt az Egységes Szakszervezetek Maros megyei titkára. Többször volt börtönben (pl. 1926, 31). A két vh. között kapcsolatba került az illegális kommunista munkásmozgalommal, az MTK (Munkás Torna Klub) egyik vezetője. A mv.-i Munkásotthonban a műkedvelő együttest irányította (1924–29), számára proletkultos színdarabokat írt, több előadást rendezett. Irodalmi ideológiai köröket vezetett a szervezett munkásifjúságnak, amig a hatóságok bezárták a Munkásotthont. A Népvédelmi Egyesület-nél dolgozott (1945–). A személyi kultusz idején kizárták a kommunista pártból (1946 után). Versekkel a Tükörben jelentkezett (1924), Több egyfelvonásos színdarabokat írt (1924–29; 40 es évek második fele): Autonómia, Majális, Pacalisták, A Síber, Nincs megállás, Berlin felé, Marshall-demokrácia, Választunk, Fapadon, Besurranók, A telefon, A rendőr. Ezek közül többet Kassán sőt Prágában ás New Yorkban is előadtak munkásműkedvelő együttesek. Szabadszerelem c. 4 felvonásosa és Árnyvonalak c. egyfelvonásosa Temesváron a Munkás Kultúrkör által hirdetett versenyen első díjat nyert. Emlékezéseit és számos más írását családja a Teleki–Bolyai Könyvtárban helyezte el. <br /><strong>Irod.:</strong> Időtár 3; Molter 2.; Ökrös; Poptămaş–Mózes; R. K. Okt.–1.</br></p>

<p>Mv., 1891., jan. 29., † Mv., 1965. jún. 8.: újságíró. – Középiskoláit Mv.-en a Piarista gimnáziumban, majd a kereskedelmi középiskolában végezte Rövid ideig a mv.-i Hírlap (1912), a Színházi Újság (1912), Az Ellenőr (1924) felelős szerk.-je, a Marosmenti Sport c. lap szerkesztője (1922), a Zord Idő akvizitőre (1920). Több mv.-i munkásmozgalmi lapnál dolgozott (1921–): Előre [&hellip;]</p>
