{"id":21198,"date":"2025-07-22T19:16:28","date_gmt":"2025-07-22T17:16:28","guid":{"rendered":"https:\/\/uj.adatbank.ro\/lexikon\/termek\/szabo-jozsef-7\/"},"modified":"2025-07-22T19:16:28","modified_gmt":"2025-07-22T17:16:28","slug":"szabo-jozsef-7","status":"publish","type":"product","link":"https:\/\/uj.adatbank.ro\/lexikon\/termek\/szabo-jozsef-7\/","title":{"rendered":"SZAB\u00d3 J\u00f3zsef"},"content":{"rendered":"<p>\u00c9rszak\u00e1csi, 1881. \u00e1pr. 1., \u2020\u00a0Mv., 1944. febr. 10.: tan\u00e1r, igazgat\u00f3. \u2013 Feles\u00e9ge: Nagy Margit. Gyermekeik: Margit Horv\u00e1th Andr\u00e1sn\u00e9; Lajos; Kl\u00e1ra Benedek K\u00e1lm\u00e1nn\u00e9; Vilmos; Zs\u00f3fia Gy\u0151ry B\u00e9l\u00e1n\u00e9; \u00c9va. \u2013 Elemi iskol\u00e1t Tasn\u00e1don, k\u00f6z\u00e9piskol\u00e1t Zilahon \u00e9s az egyetem m.-latin szak\u00e1t Kv.-on v\u00e9gezete. A Mv.-i Ref. Koll. tan\u00e1ra, alapvizsg\u00e1zott tan\u00e1rjel\u00f6lt (1904\u201311), a tanul\u00f3k k\u00f6nyvt\u00e1r\u00e1nak felel\u0151se (1904\u201306)tan\u00edtott m. \u00e9s latin nyelvet, term\u00e9szetrajzot \u00e9s sz\u00e9p\u00edr\u00e1st, okleveles tan\u00e1r (1911\u201344), az olvas\u00f3egylet eln\u00f6ke, el\u00f6lj\u00e1r\u00f3s\u00e1gi jegyz\u0151, katonai szolg\u00e1latot teljes\u00edtett D\u00e9sen (1915. febr.-nov.). Az iskola gazdas\u00e1gi igazgat\u00f3ja (1920\u2013), rektora nyugd\u00edjaz\u00e1s\u00e1ig (1939\u201343. m\u00e1j. 31.). Az erd\u00e9lyr\u00e9szi K\u00f6zoktat\u00e1si Bizotts\u00e1g tagja (1940). Az egyh\u00e1zk\u00f6zs\u00e9g presbitere. A Mv. Ref. Koll. \u00c9vk\u00f6nyv\u00e9nek \u00f6ssze\u00e1ll\u00edt\u00f3ja (1939\u201341). <br \/><strong>Irod.:<\/strong> Csekme; csal\u00e1di inf.; Elekes B\u00e9la 1999; Id\u0151t\u00e1r 3; Koncz; Kozma; Lev\u00e9lt\u00e1ri gy\u00e1szj.; Mv. t\u00f6rt. 2.; Sebesty\u00e9n.<\/br><\/p>\n","protected":false},"excerpt":{"rendered":"<p>\u00c9rszak\u00e1csi, 1881. \u00e1pr. 1., \u2020\u00a0Mv., 1944. febr. 10.: tan\u00e1r, igazgat\u00f3. \u2013 Feles\u00e9ge: Nagy Margit. Gyermekeik: Margit Horv\u00e1th Andr\u00e1sn\u00e9; Lajos; Kl\u00e1ra Benedek K\u00e1lm\u00e1nn\u00e9; Vilmos; Zs\u00f3fia Gy\u0151ry B\u00e9l\u00e1n\u00e9; \u00c9va. \u2013 Elemi iskol\u00e1t Tasn\u00e1don, k\u00f6z\u00e9piskol\u00e1t Zilahon \u00e9s az egyetem m.-latin szak\u00e1t Kv.-on v\u00e9gezete. A Mv.-i Ref. Koll. tan\u00e1ra, alapvizsg\u00e1zott tan\u00e1rjel\u00f6lt (1904\u201311), a tanul\u00f3k k\u00f6nyvt\u00e1r\u00e1nak felel\u0151se (1904\u201306)tan\u00edtott m. \u00e9s [&hellip;]<\/p>\n","protected":false},"featured_media":0,"comment_status":"open","ping_status":"closed","template":"","meta":[],"product_brand":[],"product_cat":[137],"product_tag":[],"class_list":{"0":"post-21198","1":"product","2":"type-product","3":"status-publish","5":"product_cat-maros-megyei-eletrajzi-lexikon","7":"first","8":"instock","9":"shipping-taxable","10":"product-type-simple"},"_links":{"self":[{"href":"https:\/\/uj.adatbank.ro\/lexikon\/wp-json\/wp\/v2\/product\/21198","targetHints":{"allow":["GET"]}}],"collection":[{"href":"https:\/\/uj.adatbank.ro\/lexikon\/wp-json\/wp\/v2\/product"}],"about":[{"href":"https:\/\/uj.adatbank.ro\/lexikon\/wp-json\/wp\/v2\/types\/product"}],"replies":[{"embeddable":true,"href":"https:\/\/uj.adatbank.ro\/lexikon\/wp-json\/wp\/v2\/comments?post=21198"}],"wp:attachment":[{"href":"https:\/\/uj.adatbank.ro\/lexikon\/wp-json\/wp\/v2\/media?parent=21198"}],"wp:term":[{"taxonomy":"product_brand","embeddable":true,"href":"https:\/\/uj.adatbank.ro\/lexikon\/wp-json\/wp\/v2\/product_brand?post=21198"},{"taxonomy":"product_cat","embeddable":true,"href":"https:\/\/uj.adatbank.ro\/lexikon\/wp-json\/wp\/v2\/product_cat?post=21198"},{"taxonomy":"product_tag","embeddable":true,"href":"https:\/\/uj.adatbank.ro\/lexikon\/wp-json\/wp\/v2\/product_tag?post=21198"}],"curies":[{"name":"wp","href":"https:\/\/api.w.org\/{rel}","templated":true}]}}

SZABÓ József

<p>Érszakácsi, 1881. ápr. 1., † Mv., 1944. febr. 10.: tanár, igazgató. – Felesége: Nagy Margit. Gyermekeik: Margit Horváth Andrásné; Lajos; Klára Benedek Kálmánné; Vilmos; Zsófia Győry Béláné; Éva. – Elemi iskolát Tasnádon, középiskolát Zilahon és az egyetem m.-latin szakát Kv.-on végezete. A Mv.-i Ref. Koll. tanára, alapvizsgázott tanárjelölt (1904–11), a tanulók könyvtárának felelőse (1904–06)tanított m. és latin nyelvet, természetrajzot és szépírást, okleveles tanár (1911–44), az olvasóegylet elnöke, elöljárósági jegyző, katonai szolgálatot teljesített Désen (1915. febr.-nov.). Az iskola gazdasági igazgatója (1920–), rektora nyugdíjazásáig (1939–43. máj. 31.). Az erdélyrészi Közoktatási Bizottság tagja (1940). Az egyházközség presbitere. A Mv. Ref. Koll. Évkönyvének összeállítója (1939–41). <br /><strong>Irod.:</strong> Csekme; családi inf.; Elekes Béla 1999; Időtár 3; Koncz; Kozma; Levéltári gyászj.; Mv. tört. 2.; Sebestyén.</br></p>

<p>Érszakácsi, 1881. ápr. 1., † Mv., 1944. febr. 10.: tanár, igazgató. – Felesége: Nagy Margit. Gyermekeik: Margit Horváth Andrásné; Lajos; Klára Benedek Kálmánné; Vilmos; Zsófia Győry Béláné; Éva. – Elemi iskolát Tasnádon, középiskolát Zilahon és az egyetem m.-latin szakát Kv.-on végezete. A Mv.-i Ref. Koll. tanára, alapvizsgázott tanárjelölt (1904–11), a tanulók könyvtárának felelőse (1904–06)tanított m. és [&hellip;]</p>
