{"id":21205,"date":"2025-07-22T19:16:41","date_gmt":"2025-07-22T17:16:41","guid":{"rendered":"https:\/\/uj.adatbank.ro\/lexikon\/termek\/szabo-jozsef-14\/"},"modified":"2025-07-22T19:16:41","modified_gmt":"2025-07-22T17:16:41","slug":"szabo-jozsef-14","status":"publish","type":"product","link":"https:\/\/uj.adatbank.ro\/lexikon\/termek\/szabo-jozsef-14\/","title":{"rendered":"SZAB\u00d3 J\u00f3zsef"},"content":{"rendered":"<p>Erd\u0151csin\u00e1d? \u2020? 2005.: agr\u00e1rm\u00e9rn\u00f6k. \u2013 Sz\u00fcl\u0151faluj\u00e1ban v\u00e9gezte az elemi oszt\u00e1lyokat, majd a sz\u00e1szr\u00e9geni 2. sz. l\u00edc.-ban tanult, Kv.-on agron\u00f3mi\u00e1t v\u00e9gzett az egyetemen. Tan\u00edtott Sz\u00e1szr\u00e9genben? Agron\u00f3musk\u00e9nt dolgozott a Gyergy\u00f3i-medenc\u00e9ben, a burgonyatermeszt\u00e9si \u00e1llom\u00e1son. T\u00f6bb tanulm\u00e1nyt \u00edrt, megszerezte a doktori c\u00edmet. Mv.-en a Sapientia egyetemen tan\u00edtott. <br \/><strong>Irod.:<\/strong> Jenei \u00c1rp\u00e1d: In memoriam dr. Szab\u00f3 J\u00f3zsef (N\u00fa., 2008. nov. 4.).<\/br><\/p>\n","protected":false},"excerpt":{"rendered":"<p>Erd\u0151csin\u00e1d? \u2020? 2005.: agr\u00e1rm\u00e9rn\u00f6k. \u2013 Sz\u00fcl\u0151faluj\u00e1ban v\u00e9gezte az elemi oszt\u00e1lyokat, majd a sz\u00e1szr\u00e9geni 2. sz. l\u00edc.-ban tanult, Kv.-on agron\u00f3mi\u00e1t v\u00e9gzett az egyetemen. Tan\u00edtott Sz\u00e1szr\u00e9genben? Agron\u00f3musk\u00e9nt dolgozott a Gyergy\u00f3i-medenc\u00e9ben, a burgonyatermeszt\u00e9si \u00e1llom\u00e1son. T\u00f6bb tanulm\u00e1nyt \u00edrt, megszerezte a doktori c\u00edmet. Mv.-en a Sapientia egyetemen tan\u00edtott. Irod.: Jenei \u00c1rp\u00e1d: In memoriam dr. Szab\u00f3 J\u00f3zsef (N\u00fa., 2008. nov. 4.).<\/p>\n","protected":false},"featured_media":0,"comment_status":"open","ping_status":"closed","template":"","meta":[],"product_brand":[],"product_cat":[137],"product_tag":[],"class_list":{"0":"post-21205","1":"product","2":"type-product","3":"status-publish","5":"product_cat-maros-megyei-eletrajzi-lexikon","7":"first","8":"instock","9":"shipping-taxable","10":"product-type-simple"},"_links":{"self":[{"href":"https:\/\/uj.adatbank.ro\/lexikon\/wp-json\/wp\/v2\/product\/21205","targetHints":{"allow":["GET"]}}],"collection":[{"href":"https:\/\/uj.adatbank.ro\/lexikon\/wp-json\/wp\/v2\/product"}],"about":[{"href":"https:\/\/uj.adatbank.ro\/lexikon\/wp-json\/wp\/v2\/types\/product"}],"replies":[{"embeddable":true,"href":"https:\/\/uj.adatbank.ro\/lexikon\/wp-json\/wp\/v2\/comments?post=21205"}],"wp:attachment":[{"href":"https:\/\/uj.adatbank.ro\/lexikon\/wp-json\/wp\/v2\/media?parent=21205"}],"wp:term":[{"taxonomy":"product_brand","embeddable":true,"href":"https:\/\/uj.adatbank.ro\/lexikon\/wp-json\/wp\/v2\/product_brand?post=21205"},{"taxonomy":"product_cat","embeddable":true,"href":"https:\/\/uj.adatbank.ro\/lexikon\/wp-json\/wp\/v2\/product_cat?post=21205"},{"taxonomy":"product_tag","embeddable":true,"href":"https:\/\/uj.adatbank.ro\/lexikon\/wp-json\/wp\/v2\/product_tag?post=21205"}],"curies":[{"name":"wp","href":"https:\/\/api.w.org\/{rel}","templated":true}]}}

SZABÓ József

<p>Erdőcsinád? †? 2005.: agrármérnök. – Szülőfalujában végezte az elemi osztályokat, majd a szászrégeni 2. sz. líc.-ban tanult, Kv.-on agronómiát végzett az egyetemen. Tanított Szászrégenben? Agronómusként dolgozott a Gyergyói-medencében, a burgonyatermesztési állomáson. Több tanulmányt írt, megszerezte a doktori címet. Mv.-en a Sapientia egyetemen tanított. <br /><strong>Irod.:</strong> Jenei Árpád: In memoriam dr. Szabó József (Nú., 2008. nov. 4.).</br></p>

<p>Erdőcsinád? †? 2005.: agrármérnök. – Szülőfalujában végezte az elemi osztályokat, majd a szászrégeni 2. sz. líc.-ban tanult, Kv.-on agronómiát végzett az egyetemen. Tanított Szászrégenben? Agronómusként dolgozott a Gyergyói-medencében, a burgonyatermesztési állomáson. Több tanulmányt írt, megszerezte a doktori címet. Mv.-en a Sapientia egyetemen tanított. Irod.: Jenei Árpád: In memoriam dr. Szabó József (Nú., 2008. nov. 4.).</p>
