{"id":21207,"date":"2025-07-22T19:16:46","date_gmt":"2025-07-22T17:16:46","guid":{"rendered":"https:\/\/uj.adatbank.ro\/lexikon\/termek\/szabo-jozsef-baratosi\/"},"modified":"2025-07-22T19:16:46","modified_gmt":"2025-07-22T17:16:46","slug":"szabo-jozsef-baratosi","status":"publish","type":"product","link":"https:\/\/uj.adatbank.ro\/lexikon\/termek\/szabo-jozsef-baratosi\/","title":{"rendered":"SZAB\u00d3 J\u00f3zsef, bar\u00e1tosi"},"content":{"rendered":"<p>1789.? \u2020\u00a0Mv., 1864. dec. 13.a szentistv\u00e1ni csal\u00e1di s\u00edrba temett\u00e9k: sz\u00e1mvev\u0151 tiszt. \u2013 Feles\u00e9ge: Grimm Borb\u00e1ra. Gyermekeik: Sz. J\u00f3zsef; Sz. Paulina Matieka K\u00e1rolyn\u00e9. \u2013 B\u00e1ny\u00e1szi udvari sz\u00e1mvev\u0151s\u00e9gi tiszt. <br \/><strong>Irod.:<\/strong> Gy\u00e1szjelent\u0151.<\/br><\/p>\n","protected":false},"excerpt":{"rendered":"<p>1789.? \u2020\u00a0Mv., 1864. dec. 13.a szentistv\u00e1ni csal\u00e1di s\u00edrba temett\u00e9k: sz\u00e1mvev\u0151 tiszt. \u2013 Feles\u00e9ge: Grimm Borb\u00e1ra. Gyermekeik: Sz. J\u00f3zsef; Sz. Paulina Matieka K\u00e1rolyn\u00e9. \u2013 B\u00e1ny\u00e1szi udvari sz\u00e1mvev\u0151s\u00e9gi tiszt. Irod.: Gy\u00e1szjelent\u0151.<\/p>\n","protected":false},"featured_media":0,"comment_status":"open","ping_status":"closed","template":"","meta":[],"product_brand":[],"product_cat":[137],"product_tag":[],"class_list":{"0":"post-21207","1":"product","2":"type-product","3":"status-publish","5":"product_cat-maros-megyei-eletrajzi-lexikon","7":"first","8":"instock","9":"shipping-taxable","10":"product-type-simple"},"_links":{"self":[{"href":"https:\/\/uj.adatbank.ro\/lexikon\/wp-json\/wp\/v2\/product\/21207","targetHints":{"allow":["GET"]}}],"collection":[{"href":"https:\/\/uj.adatbank.ro\/lexikon\/wp-json\/wp\/v2\/product"}],"about":[{"href":"https:\/\/uj.adatbank.ro\/lexikon\/wp-json\/wp\/v2\/types\/product"}],"replies":[{"embeddable":true,"href":"https:\/\/uj.adatbank.ro\/lexikon\/wp-json\/wp\/v2\/comments?post=21207"}],"wp:attachment":[{"href":"https:\/\/uj.adatbank.ro\/lexikon\/wp-json\/wp\/v2\/media?parent=21207"}],"wp:term":[{"taxonomy":"product_brand","embeddable":true,"href":"https:\/\/uj.adatbank.ro\/lexikon\/wp-json\/wp\/v2\/product_brand?post=21207"},{"taxonomy":"product_cat","embeddable":true,"href":"https:\/\/uj.adatbank.ro\/lexikon\/wp-json\/wp\/v2\/product_cat?post=21207"},{"taxonomy":"product_tag","embeddable":true,"href":"https:\/\/uj.adatbank.ro\/lexikon\/wp-json\/wp\/v2\/product_tag?post=21207"}],"curies":[{"name":"wp","href":"https:\/\/api.w.org\/{rel}","templated":true}]}}