{"id":21213,"date":"2025-07-22T19:16:59","date_gmt":"2025-07-22T17:16:59","guid":{"rendered":"https:\/\/uj.adatbank.ro\/lexikon\/termek\/szabo-kalman-edmond-odon-zagoni\/"},"modified":"2025-07-22T19:16:59","modified_gmt":"2025-07-22T17:16:59","slug":"szabo-kalman-edmond-odon-zagoni","status":"publish","type":"product","link":"https:\/\/uj.adatbank.ro\/lexikon\/termek\/szabo-kalman-edmond-odon-zagoni\/","title":{"rendered":"SZAB\u00d3 K\u00e1lm\u00e1n Edmond \u0150d\u00f6n, z\u00e1goni"},"content":{"rendered":"<p>Sz\u00e1szr\u00e9gen, 1892. jan. 10., \u2020?: f\u00f6ldbirtokos, szolgab\u00edr\u00f3, tisztvisel\u0151. \u2013 K\u00f6z\u00e9piskolai tanulm\u00e1nyait Bp.-en a jogi egyetemet Kv.-on v\u00e9gezte, majd k\u00f6zigazgat\u00e1si p\u00e1ly\u00e1ra l\u00e9pett, de hivatal\u00e1b\u00f3l elt\u00e1vol\u00edtott\u00e1k, azut\u00e1n gazd\u00e1lkod\u00e1ssal \u00e9s v\u00e1ndorm\u00e9h\u00e9szettel foglalkozott. A r\u00e9geni j\u00e1r\u00e1s szolgab\u00edr\u00f3ja lett (1940\u2013). Tagja az EMP-nak. Minden kultur\u00e1lis, hazafias \u00e9s szoci\u00e1lis \u00fcgy t\u00e1mogat\u00f3ja, a Kaszin\u00f3 alap\u00edt\u00f3 \u00e9s igazgat\u00f3s\u00e1gi tagja, a r. k. egyh\u00e1z \u00e9s a N\u00e9psz\u00f6vets\u00e9g vezet\u0151s\u00e9gi tagja volt. Tisztvisel\u0151 (1960 k.). Letartoztatt\u00e1k \u201ea n\u00e9pi hatalommal szembeni ellens\u00e9ges propaganda kifejt\u00e9se miatt\u201d (1961. \u00e1pr. 4.). <br \/><strong>Irod.:<\/strong> 1956 Erd\u00e9lyben; \u00c1ldozatok; Sz\u00e9kelyf\u00f6ld \u00ed. k.<\/br><\/p>\n","protected":false},"excerpt":{"rendered":"<p>Sz\u00e1szr\u00e9gen, 1892. jan. 10., \u2020?: f\u00f6ldbirtokos, szolgab\u00edr\u00f3, tisztvisel\u0151. \u2013 K\u00f6z\u00e9piskolai tanulm\u00e1nyait Bp.-en a jogi egyetemet Kv.-on v\u00e9gezte, majd k\u00f6zigazgat\u00e1si p\u00e1ly\u00e1ra l\u00e9pett, de hivatal\u00e1b\u00f3l elt\u00e1vol\u00edtott\u00e1k, azut\u00e1n gazd\u00e1lkod\u00e1ssal \u00e9s v\u00e1ndorm\u00e9h\u00e9szettel foglalkozott. A r\u00e9geni j\u00e1r\u00e1s szolgab\u00edr\u00f3ja lett (1940\u2013). Tagja az EMP-nak. Minden kultur\u00e1lis, hazafias \u00e9s szoci\u00e1lis \u00fcgy t\u00e1mogat\u00f3ja, a Kaszin\u00f3 alap\u00edt\u00f3 \u00e9s igazgat\u00f3s\u00e1gi tagja, a r. k. egyh\u00e1z [&hellip;]<\/p>\n","protected":false},"featured_media":0,"comment_status":"open","ping_status":"closed","template":"","meta":[],"product_brand":[],"product_cat":[137],"product_tag":[],"class_list":{"0":"post-21213","1":"product","2":"type-product","3":"status-publish","5":"product_cat-maros-megyei-eletrajzi-lexikon","7":"first","8":"instock","9":"shipping-taxable","10":"product-type-simple"},"_links":{"self":[{"href":"https:\/\/uj.adatbank.ro\/lexikon\/wp-json\/wp\/v2\/product\/21213","targetHints":{"allow":["GET"]}}],"collection":[{"href":"https:\/\/uj.adatbank.ro\/lexikon\/wp-json\/wp\/v2\/product"}],"about":[{"href":"https:\/\/uj.adatbank.ro\/lexikon\/wp-json\/wp\/v2\/types\/product"}],"replies":[{"embeddable":true,"href":"https:\/\/uj.adatbank.ro\/lexikon\/wp-json\/wp\/v2\/comments?post=21213"}],"wp:attachment":[{"href":"https:\/\/uj.adatbank.ro\/lexikon\/wp-json\/wp\/v2\/media?parent=21213"}],"wp:term":[{"taxonomy":"product_brand","embeddable":true,"href":"https:\/\/uj.adatbank.ro\/lexikon\/wp-json\/wp\/v2\/product_brand?post=21213"},{"taxonomy":"product_cat","embeddable":true,"href":"https:\/\/uj.adatbank.ro\/lexikon\/wp-json\/wp\/v2\/product_cat?post=21213"},{"taxonomy":"product_tag","embeddable":true,"href":"https:\/\/uj.adatbank.ro\/lexikon\/wp-json\/wp\/v2\/product_tag?post=21213"}],"curies":[{"name":"wp","href":"https:\/\/api.w.org\/{rel}","templated":true}]}}

SZABÓ Kálmán Edmond Ődön, zágoni

<p>Szászrégen, 1892. jan. 10., †?: földbirtokos, szolgabíró, tisztviselő. – Középiskolai tanulmányait Bp.-en a jogi egyetemet Kv.-on végezte, majd közigazgatási pályára lépett, de hivatalából eltávolították, azután gazdálkodással és vándorméhészettel foglalkozott. A régeni járás szolgabírója lett (1940–). Tagja az EMP-nak. Minden kulturális, hazafias és szociális ügy támogatója, a Kaszinó alapító és igazgatósági tagja, a r. k. egyház és a Népszövetség vezetőségi tagja volt. Tisztviselő (1960 k.). Letartoztatták „a népi hatalommal szembeni ellenséges propaganda kifejtése miatt” (1961. ápr. 4.). <br /><strong>Irod.:</strong> 1956 Erdélyben; Áldozatok; Székelyföld í. k.</br></p>

<p>Szászrégen, 1892. jan. 10., †?: földbirtokos, szolgabíró, tisztviselő. – Középiskolai tanulmányait Bp.-en a jogi egyetemet Kv.-on végezte, majd közigazgatási pályára lépett, de hivatalából eltávolították, azután gazdálkodással és vándorméhészettel foglalkozott. A régeni járás szolgabírója lett (1940–). Tagja az EMP-nak. Minden kulturális, hazafias és szociális ügy támogatója, a Kaszinó alapító és igazgatósági tagja, a r. k. egyház [&hellip;]</p>
