{"id":21214,"date":"2025-07-22T19:17:01","date_gmt":"2025-07-22T17:17:01","guid":{"rendered":"https:\/\/uj.adatbank.ro\/lexikon\/termek\/szabo-karoly\/"},"modified":"2025-07-22T19:17:01","modified_gmt":"2025-07-22T17:17:01","slug":"szabo-karoly","status":"publish","type":"product","link":"https:\/\/uj.adatbank.ro\/lexikon\/termek\/szabo-karoly\/","title":{"rendered":"SZAB\u00d3 K\u00e1roly"},"content":{"rendered":"<p>Kisgalambfalva, 1887. nov. 30., \u2020\u00a0Koronka, 1969.: ref. lelk\u00e9sz. \u2013 Sz. K. \u00e9s Felszeghi R\u00f3za fia. 7 testv\u00e9re R\u00f3za, Domokos, Berta, B\u00e9la, Albert, Jol\u00e1n k\u00f6z\u00fcl a legid\u0151sebb. Feles\u00e9ge: Fekete Ilus (1896. jan. 20. \u2013 Koronka, 1960. szept. 19.), (esk\u00fcv\u0151: 1919. febr. 2.\u2013). Gyermekeik: K\u00e1roly (Nagysolymos, 1919. nov. 23. jan. 20. \u2013?), a k\u00e9s\u0151bbi csittszentiv\u00e1nyi lelk\u00e9sz; Iluska (\u2020), Attila. (Nagysolymos, 1925. m\u00e1rc. 4.\u2013?). \u2013 Sz\u00fcl\u0151faluj\u00e1ban, majd a sz\u00e9kelyudvarhelyi koll. IV. elemi oszt.-t\u00f3l kezdve tanult, ott v\u00e9gezte a gim.-ot, \u00e9retts\u00e9gizett (1906. j\u00fan.). A kv.-i Ref. Teol\u00f3gi\u00e1ra iratkozott be (1906. szept.\u2013), j\u00f3 tanul\u00f3k\u00e9nt Bethlen-fejedelem d\u00edjat kapott, teljesen ingyenesen v\u00e9gezhette a teol\u00f3gi\u00e1t \u00e9s k\u00f6lts\u00e9gei fedez\u00e9s\u00e9re seg\u00edtett az Egyetemi k\u00f6nyvt\u00e1r k\u00f6lt\u00f6ztet\u00e9s\u00e9ben, lelt\u00e1rozott \u00e9s havi 30 koron\u00e1t keresett. Seg\u00e9dlelk\u00e9sz, k\u00e1pl\u00e1n Kisbaconban (1910. j\u00fal. 1. \u2013 11. m\u00e1rc.), Somker\u00e9ken (1911. \u00e1pr. 1.-j\u00fan.), Nagysolymosban, (1911. j\u00fal. 1.\u201313. szept. 1.), majd Ikefalv\u00e1n. Lelk\u00e9sznek v\u00e1lasztott\u00e1k Nagysolymosban (1914. j\u00fan. 28. \u2013 1927.), kit\u00f6rt a h\u00e1bor\u00fa, kihirdett\u00e9k az \u00e1ltal\u00e1nos mozg\u00f3s\u00edt\u00e1st (1914. aug. 2.), de felmentett\u00e9k. R\u00e9szt vett Debrecenben a Lelk\u00e9sz\u00e9rtekezlet orsz. gy\u0171l\u00e9s\u00e9n \u00e9s \u00fcnnep\u00e9ly\u00e9n, melyet a reform\u00e1ci\u00f3 400 \u00e9ves eml\u00e9k\u00e9re rendeztek (1917). Solymosban megjav\u00edttatta az orgon\u00e1t, \u00faj harangot \u00f6ntetett, eml\u00e9km\u0171vet \u00e1ll\u00edtottak a h\u0151si halottaknak, megalap\u00edtotta a ref. iskol\u00e1t. Fiait a mv.-i ref. gimn.-ban akarta tan\u00edttatni, ez\u00e9rt megp\u00e1ly\u00e1zta a Kov\u00e1cs L\u00e1szl\u00f3 ut\u00e1n, meg\u00fcresedett koronkai lelk\u00e9szi \u00e1ll\u00e1st, ahol addig Foszt\u00f3 Gy\u00f6rgy jeddi, majd T\u00f6vissy Antal hagym\u00e1sbodoni lelk\u00e9sz adminisztr\u00e1lt. Megv\u00e1lasztott\u00e1k Koronk\u00e1ra (1927. dec. \u2013 nyugd\u00edjaz\u00e1s\u00e1ig, 1963. jan. 1.). Feladat\u00e1nak tartotta a tan\u00edt\u00f3k h\u00e1tral\u00e9kos fizet\u00e9s\u00e9nek rendez\u00e9s\u00e9t, a koronkai iskol\u00e1ban Nagy J\u00f3zsef volt az igazgat\u00f3 \u00e9s k\u00e1ntor, a tan\u00edt\u00f3n\u0151 \u00f6zv. Magyari L\u00e1szl\u00f3n\u00e9 Albert Gabriella. Megjav\u00edtott\u00e1k a templomtorony fed\u00e9lzet\u00e9t, R\u00f6mischer mv.-i b\u00e1dogossal. Telket vettek \u00e9s r\u00e1\u00e9p\u00edtett\u00e9k a megrong\u00e1l\u00f3dott harangoz\u00f3i lak\u00e1st. T\u00e1mfalat \u00e9p\u00edtettek betonb\u00f3l a templom k\u00f6r\u00fcl \u00e9s dr\u00f3tker\u00edt\u00e9st. Elmenek\u00fclt a csal\u00e1dj\u00e1val (1944 \u0151sz\u00e9n). A 16 hold f\u00f6ldje, sz\u0151l\u0151se, h\u00e1za a kollekt\u00edv tulajdon\u00e1ba ker\u00fclt. K\u00e9ziratban olvashat\u00f3 visszaeml\u00e9kez\u00e9se \u00e9let\u00e9re, tev\u00e9kenys\u00e9g\u00e9re. <br \/><strong>Irod.:<\/strong> csal\u00e1di inf.<\/br><\/p>\n","protected":false},"excerpt":{"rendered":"<p>Kisgalambfalva, 1887. nov. 30., \u2020\u00a0Koronka, 1969.: ref. lelk\u00e9sz. \u2013 Sz. K. \u00e9s Felszeghi R\u00f3za fia. 7 testv\u00e9re R\u00f3za, Domokos, Berta, B\u00e9la, Albert, Jol\u00e1n k\u00f6z\u00fcl a legid\u0151sebb. Feles\u00e9ge: Fekete Ilus (1896. jan. 20. \u2013 Koronka, 1960. szept. 19.), (esk\u00fcv\u0151: 1919. febr. 2.\u2013). Gyermekeik: K\u00e1roly (Nagysolymos, 1919. nov. 23. jan. 20. \u2013?), a k\u00e9s\u0151bbi csittszentiv\u00e1nyi lelk\u00e9sz; Iluska [&hellip;]<\/p>\n","protected":false},"featured_media":0,"comment_status":"open","ping_status":"closed","template":"","meta":[],"product_brand":[],"product_cat":[137],"product_tag":[],"class_list":{"0":"post-21214","1":"product","2":"type-product","3":"status-publish","5":"product_cat-maros-megyei-eletrajzi-lexikon","7":"first","8":"instock","9":"shipping-taxable","10":"product-type-simple"},"_links":{"self":[{"href":"https:\/\/uj.adatbank.ro\/lexikon\/wp-json\/wp\/v2\/product\/21214","targetHints":{"allow":["GET"]}}],"collection":[{"href":"https:\/\/uj.adatbank.ro\/lexikon\/wp-json\/wp\/v2\/product"}],"about":[{"href":"https:\/\/uj.adatbank.ro\/lexikon\/wp-json\/wp\/v2\/types\/product"}],"replies":[{"embeddable":true,"href":"https:\/\/uj.adatbank.ro\/lexikon\/wp-json\/wp\/v2\/comments?post=21214"}],"wp:attachment":[{"href":"https:\/\/uj.adatbank.ro\/lexikon\/wp-json\/wp\/v2\/media?parent=21214"}],"wp:term":[{"taxonomy":"product_brand","embeddable":true,"href":"https:\/\/uj.adatbank.ro\/lexikon\/wp-json\/wp\/v2\/product_brand?post=21214"},{"taxonomy":"product_cat","embeddable":true,"href":"https:\/\/uj.adatbank.ro\/lexikon\/wp-json\/wp\/v2\/product_cat?post=21214"},{"taxonomy":"product_tag","embeddable":true,"href":"https:\/\/uj.adatbank.ro\/lexikon\/wp-json\/wp\/v2\/product_tag?post=21214"}],"curies":[{"name":"wp","href":"https:\/\/api.w.org\/{rel}","templated":true}]}}

SZABÓ Károly

<p>Kisgalambfalva, 1887. nov. 30., † Koronka, 1969.: ref. lelkész. – Sz. K. és Felszeghi Róza fia. 7 testvére Róza, Domokos, Berta, Béla, Albert, Jolán közül a legidősebb. Felesége: Fekete Ilus (1896. jan. 20. – Koronka, 1960. szept. 19.), (esküvő: 1919. febr. 2.–). Gyermekeik: Károly (Nagysolymos, 1919. nov. 23. jan. 20. –?), a későbbi csittszentiványi lelkész; Iluska (†), Attila. (Nagysolymos, 1925. márc. 4.–?). – Szülőfalujában, majd a székelyudvarhelyi koll. IV. elemi oszt.-tól kezdve tanult, ott végezte a gim.-ot, érettségizett (1906. jún.). A kv.-i Ref. Teológiára iratkozott be (1906. szept.–), jó tanulóként Bethlen-fejedelem díjat kapott, teljesen ingyenesen végezhette a teológiát és költségei fedezésére segített az Egyetemi könyvtár költöztetésében, leltározott és havi 30 koronát keresett. Segédlelkész, káplán Kisbaconban (1910. júl. 1. – 11. márc.), Somkeréken (1911. ápr. 1.-jún.), Nagysolymosban, (1911. júl. 1.–13. szept. 1.), majd Ikefalván. Lelkésznek választották Nagysolymosban (1914. jún. 28. – 1927.), kitört a háború, kihirdették az általános mozgósítást (1914. aug. 2.), de felmentették. Részt vett Debrecenben a Lelkészértekezlet orsz. gyűlésén és ünnepélyén, melyet a reformáció 400 éves emlékére rendeztek (1917). Solymosban megjavíttatta az orgonát, új harangot öntetett, emlékművet állítottak a hősi halottaknak, megalapította a ref. iskolát. Fiait a mv.-i ref. gimn.-ban akarta taníttatni, ezért megpályázta a Kovács László után, megüresedett koronkai lelkészi állást, ahol addig Fosztó György jeddi, majd Tövissy Antal hagymásbodoni lelkész adminisztrált. Megválasztották Koronkára (1927. dec. – nyugdíjazásáig, 1963. jan. 1.). Feladatának tartotta a tanítók hátralékos fizetésének rendezését, a koronkai iskolában Nagy József volt az igazgató és kántor, a tanítónő özv. Magyari Lászlóné Albert Gabriella. Megjavították a templomtorony fedélzetét, Römischer mv.-i bádogossal. Telket vettek és ráépítették a megrongálódott harangozói lakást. Támfalat építettek betonból a templom körül és drótkerítést. Elmenekült a családjával (1944 őszén). A 16 hold földje, szőlőse, háza a kollektív tulajdonába került. Kéziratban olvasható visszaemlékezése életére, tevékenységére. <br /><strong>Irod.:</strong> családi inf.</br></p>

<p>Kisgalambfalva, 1887. nov. 30., † Koronka, 1969.: ref. lelkész. – Sz. K. és Felszeghi Róza fia. 7 testvére Róza, Domokos, Berta, Béla, Albert, Jolán közül a legidősebb. Felesége: Fekete Ilus (1896. jan. 20. – Koronka, 1960. szept. 19.), (esküvő: 1919. febr. 2.–). Gyermekeik: Károly (Nagysolymos, 1919. nov. 23. jan. 20. –?), a későbbi csittszentiványi lelkész; Iluska [&hellip;]</p>
