{"id":21217,"date":"2025-07-22T19:17:07","date_gmt":"2025-07-22T17:17:07","guid":{"rendered":"https:\/\/uj.adatbank.ro\/lexikon\/termek\/szabo-karoly-4\/"},"modified":"2025-07-22T19:17:07","modified_gmt":"2025-07-22T17:17:07","slug":"szabo-karoly-4","status":"publish","type":"product","link":"https:\/\/uj.adatbank.ro\/lexikon\/termek\/szabo-karoly-4\/","title":{"rendered":"SZAB\u00d3 K\u00e1roly"},"content":{"rendered":"<p>Gernyeszeg, 1921., \u2020\u00a0Gernyeszeg, 1990. m\u00e1rc. 1.: tan\u00e1r, iskolaigazgat\u00f3. <br \/><strong>Irod.:<\/strong> [Nekrol\u00f3g] (N\u00fa., 1990. m\u00e1rc. 3.).<\/br><\/p>\n","protected":false},"excerpt":{"rendered":"<p>Gernyeszeg, 1921., \u2020\u00a0Gernyeszeg, 1990. m\u00e1rc. 1.: tan\u00e1r, iskolaigazgat\u00f3. Irod.: [Nekrol\u00f3g] (N\u00fa., 1990. m\u00e1rc. 3.).<\/p>\n","protected":false},"featured_media":0,"comment_status":"open","ping_status":"closed","template":"","meta":[],"product_brand":[],"product_cat":[137],"product_tag":[],"class_list":{"0":"post-21217","1":"product","2":"type-product","3":"status-publish","5":"product_cat-maros-megyei-eletrajzi-lexikon","7":"first","8":"instock","9":"shipping-taxable","10":"product-type-simple"},"_links":{"self":[{"href":"https:\/\/uj.adatbank.ro\/lexikon\/wp-json\/wp\/v2\/product\/21217","targetHints":{"allow":["GET"]}}],"collection":[{"href":"https:\/\/uj.adatbank.ro\/lexikon\/wp-json\/wp\/v2\/product"}],"about":[{"href":"https:\/\/uj.adatbank.ro\/lexikon\/wp-json\/wp\/v2\/types\/product"}],"replies":[{"embeddable":true,"href":"https:\/\/uj.adatbank.ro\/lexikon\/wp-json\/wp\/v2\/comments?post=21217"}],"wp:attachment":[{"href":"https:\/\/uj.adatbank.ro\/lexikon\/wp-json\/wp\/v2\/media?parent=21217"}],"wp:term":[{"taxonomy":"product_brand","embeddable":true,"href":"https:\/\/uj.adatbank.ro\/lexikon\/wp-json\/wp\/v2\/product_brand?post=21217"},{"taxonomy":"product_cat","embeddable":true,"href":"https:\/\/uj.adatbank.ro\/lexikon\/wp-json\/wp\/v2\/product_cat?post=21217"},{"taxonomy":"product_tag","embeddable":true,"href":"https:\/\/uj.adatbank.ro\/lexikon\/wp-json\/wp\/v2\/product_tag?post=21217"}],"curies":[{"name":"wp","href":"https:\/\/api.w.org\/{rel}","templated":true}]}}