{"id":21218,"date":"2025-07-22T19:17:09","date_gmt":"2025-07-22T17:17:09","guid":{"rendered":"https:\/\/uj.adatbank.ro\/lexikon\/termek\/szabo-karoly-5\/"},"modified":"2025-07-22T19:17:09","modified_gmt":"2025-07-22T17:17:09","slug":"szabo-karoly-5","status":"publish","type":"product","link":"https:\/\/uj.adatbank.ro\/lexikon\/termek\/szabo-karoly-5\/","title":{"rendered":"SZAB\u00d3 K\u00e1roly"},"content":{"rendered":"<p>S\u00e1romberke, 1921. okt. 10., \u2020 S\u00e1romberke, 1992. \u00e1pr. 7.: gazd\u00e1lkod\u00f3. \u2013 Letart\u00f3ztatt\u00e1k (1959. szept. 8.) \u00e9s a MAT Katonai \u00dcgy\u00e9szs\u00e9ge a s\u00e1romberki kollektiviz\u00e1l\u00e1s-ellenes megmozdul\u00e1s kapcs\u00e1n \u00e1ll\u00edtotta b\u00edr\u00f3s\u00e1g el\u00e9. A kv.-i Katonai B\u00edr\u00f3s\u00e1g 3 \u00e9vre \u00edt\u00e9lte. A D\u00e9va melletti Musaru aranyb\u00e1ny\u00e1j\u00e1ban volt k\u00e9nyszermunk\u00e1s. Szabadul\u00e1sa (1961) ut\u00e1n a Gaz-Metan V\u00e1llalatn\u00e1l dolgozott. <br \/><strong>Irod.:<\/strong> 1956 Erd\u00e9lyben.<\/br><\/p>\n","protected":false},"excerpt":{"rendered":"<p>S\u00e1romberke, 1921. okt. 10., \u2020 S\u00e1romberke, 1992. \u00e1pr. 7.: gazd\u00e1lkod\u00f3. \u2013 Letart\u00f3ztatt\u00e1k (1959. szept. 8.) \u00e9s a MAT Katonai \u00dcgy\u00e9szs\u00e9ge a s\u00e1romberki kollektiviz\u00e1l\u00e1s-ellenes megmozdul\u00e1s kapcs\u00e1n \u00e1ll\u00edtotta b\u00edr\u00f3s\u00e1g el\u00e9. A kv.-i Katonai B\u00edr\u00f3s\u00e1g 3 \u00e9vre \u00edt\u00e9lte. A D\u00e9va melletti Musaru aranyb\u00e1ny\u00e1j\u00e1ban volt k\u00e9nyszermunk\u00e1s. Szabadul\u00e1sa (1961) ut\u00e1n a Gaz-Metan V\u00e1llalatn\u00e1l dolgozott. Irod.: 1956 Erd\u00e9lyben.<\/p>\n","protected":false},"featured_media":0,"comment_status":"open","ping_status":"closed","template":"","meta":[],"product_brand":[],"product_cat":[137],"product_tag":[],"class_list":{"0":"post-21218","1":"product","2":"type-product","3":"status-publish","5":"product_cat-maros-megyei-eletrajzi-lexikon","7":"first","8":"instock","9":"shipping-taxable","10":"product-type-simple"},"_links":{"self":[{"href":"https:\/\/uj.adatbank.ro\/lexikon\/wp-json\/wp\/v2\/product\/21218","targetHints":{"allow":["GET"]}}],"collection":[{"href":"https:\/\/uj.adatbank.ro\/lexikon\/wp-json\/wp\/v2\/product"}],"about":[{"href":"https:\/\/uj.adatbank.ro\/lexikon\/wp-json\/wp\/v2\/types\/product"}],"replies":[{"embeddable":true,"href":"https:\/\/uj.adatbank.ro\/lexikon\/wp-json\/wp\/v2\/comments?post=21218"}],"wp:attachment":[{"href":"https:\/\/uj.adatbank.ro\/lexikon\/wp-json\/wp\/v2\/media?parent=21218"}],"wp:term":[{"taxonomy":"product_brand","embeddable":true,"href":"https:\/\/uj.adatbank.ro\/lexikon\/wp-json\/wp\/v2\/product_brand?post=21218"},{"taxonomy":"product_cat","embeddable":true,"href":"https:\/\/uj.adatbank.ro\/lexikon\/wp-json\/wp\/v2\/product_cat?post=21218"},{"taxonomy":"product_tag","embeddable":true,"href":"https:\/\/uj.adatbank.ro\/lexikon\/wp-json\/wp\/v2\/product_tag?post=21218"}],"curies":[{"name":"wp","href":"https:\/\/api.w.org\/{rel}","templated":true}]}}