{"id":2122,"date":"2025-06-28T12:04:28","date_gmt":"2025-06-28T10:04:28","guid":{"rendered":"https:\/\/uj.adatbank.ro\/lexikon\/termek\/ban-mihaly-szeredai\/"},"modified":"2025-06-28T12:04:28","modified_gmt":"2025-06-28T10:04:28","slug":"ban-mihaly-szeredai","status":"publish","type":"product","link":"https:\/\/uj.adatbank.ro\/lexikon\/termek\/ban-mihaly-szeredai\/","title":{"rendered":"B\u00c1N Mih\u00e1ly, szeredai"},"content":{"rendered":"<p>?, \u2020 ? : nemes. \u2013 Szeredai csal\u00e1d tagja, egy\u00fctt P\u00e9ter, Tam\u00e1s \u00e9s L\u00e1szl\u00f3val R\u00e1k\u00f3czi Zsigmondt\u00f3l kaptak c. n. l. (1607. j\u00fan. 22). Kihirdett\u00e9k: Sz\u00e9kelyv\u00e1s\u00e1rhely (1608. jan. 31.) Marostorda vm. lt. I. Ferenc kir\u00e1lynak \u00e1tirat\u00e1ban (1818. m\u00e1j. 19.). <br \/><strong>Irod.:<\/strong> MCK<\/br><\/p>\n","protected":false},"excerpt":{"rendered":"<p>?, \u2020 ? : nemes. \u2013 Szeredai csal\u00e1d tagja, egy\u00fctt P\u00e9ter, Tam\u00e1s \u00e9s L\u00e1szl\u00f3val R\u00e1k\u00f3czi Zsigmondt\u00f3l kaptak c. n. l. (1607. j\u00fan. 22). Kihirdett\u00e9k: Sz\u00e9kelyv\u00e1s\u00e1rhely (1608. jan. 31.) Marostorda vm. lt. I. Ferenc kir\u00e1lynak \u00e1tirat\u00e1ban (1818. m\u00e1j. 19.). Irod.: MCK<\/p>\n","protected":false},"featured_media":0,"comment_status":"open","ping_status":"closed","template":"","meta":[],"product_brand":[],"product_cat":[137],"product_tag":[],"class_list":{"0":"post-2122","1":"product","2":"type-product","3":"status-publish","5":"product_cat-maros-megyei-eletrajzi-lexikon","7":"first","8":"instock","9":"shipping-taxable","10":"product-type-simple"},"_links":{"self":[{"href":"https:\/\/uj.adatbank.ro\/lexikon\/wp-json\/wp\/v2\/product\/2122","targetHints":{"allow":["GET"]}}],"collection":[{"href":"https:\/\/uj.adatbank.ro\/lexikon\/wp-json\/wp\/v2\/product"}],"about":[{"href":"https:\/\/uj.adatbank.ro\/lexikon\/wp-json\/wp\/v2\/types\/product"}],"replies":[{"embeddable":true,"href":"https:\/\/uj.adatbank.ro\/lexikon\/wp-json\/wp\/v2\/comments?post=2122"}],"wp:attachment":[{"href":"https:\/\/uj.adatbank.ro\/lexikon\/wp-json\/wp\/v2\/media?parent=2122"}],"wp:term":[{"taxonomy":"product_brand","embeddable":true,"href":"https:\/\/uj.adatbank.ro\/lexikon\/wp-json\/wp\/v2\/product_brand?post=2122"},{"taxonomy":"product_cat","embeddable":true,"href":"https:\/\/uj.adatbank.ro\/lexikon\/wp-json\/wp\/v2\/product_cat?post=2122"},{"taxonomy":"product_tag","embeddable":true,"href":"https:\/\/uj.adatbank.ro\/lexikon\/wp-json\/wp\/v2\/product_tag?post=2122"}],"curies":[{"name":"wp","href":"https:\/\/api.w.org\/{rel}","templated":true}]}}