{"id":21221,"date":"2025-07-22T19:17:14","date_gmt":"2025-07-22T17:17:14","guid":{"rendered":"https:\/\/uj.adatbank.ro\/lexikon\/termek\/szabo-klara-kinga\/"},"modified":"2025-07-22T19:17:14","modified_gmt":"2025-07-22T17:17:14","slug":"szabo-klara-kinga","status":"publish","type":"product","link":"https:\/\/uj.adatbank.ro\/lexikon\/termek\/szabo-klara-kinga\/","title":{"rendered":"SZAB\u00d3 Kl\u00e1ra Kinga"},"content":{"rendered":"<p>Mv., 1951., \u2020\u00a0Toronto, 1995. aug. 18.: sportol\u00f3. \u2013 F\u00e9rje: kv.-i Szab\u00f3 P\u00e1l, pszichol\u00f3gus. A Bolyai Farkas Lyc. Re\u00e1l tagozat\u00e1n \u00e9retts\u00e9gizett, a buk.-i Testnevel\u0151 F\u0151iskol\u00e1n v\u00e9gzett. A f\u0151iskola csapat\u00e1val minden Universiadet megnyertek, majd a v\u00e1logatottba ker\u00fcltek, Balk\u00e1nbajnoks\u00e1gokat nyertek. Kos\u00e1rlabd\u00e1z\u00f3. Tagja volt a rom\u00e1n olimpiai n\u0151i kos\u00e1rlabda-v\u00e1logatottnak, a m\u00fcncheni olimpi\u00e1n szerepelt. Egy olaszorsz\u00e1gi turn\u00e9 sor\u00e1n disszid\u00e1lt (1974). Kanad\u00e1ban telepedett le. Tov\u00e1bbk\u00e9pezte mag\u00e1t, informatik\u00e1t tanult \u00e9s a toront\u00f3i Kereskedelmi Bankn\u00e1l helyezkedett el. F\u00e9rjhez ment Szab\u00f3 P\u00e1l pszichol\u00f3gushoz, aki szint\u00e9n Kanad\u00e1ban v\u00e9gezte az egyetemet. Metr\u00f3szerencs\u00e9tlens\u00e9g alkalm\u00e1val halt meg Toront\u00f3ban. <br \/><strong>Irod.:<\/strong> Bodolai Gy\u00f6ngyi: Egy karrier kett\u0151be t\u00f6rt (N\u00fa., 1995. szept. 1.); A nap h\u00edrei (N\u00fa., 1996. aug. 22.).<\/br><\/p>\n","protected":false},"excerpt":{"rendered":"<p>Mv., 1951., \u2020\u00a0Toronto, 1995. aug. 18.: sportol\u00f3. \u2013 F\u00e9rje: kv.-i Szab\u00f3 P\u00e1l, pszichol\u00f3gus. A Bolyai Farkas Lyc. Re\u00e1l tagozat\u00e1n \u00e9retts\u00e9gizett, a buk.-i Testnevel\u0151 F\u0151iskol\u00e1n v\u00e9gzett. A f\u0151iskola csapat\u00e1val minden Universiadet megnyertek, majd a v\u00e1logatottba ker\u00fcltek, Balk\u00e1nbajnoks\u00e1gokat nyertek. Kos\u00e1rlabd\u00e1z\u00f3. Tagja volt a rom\u00e1n olimpiai n\u0151i kos\u00e1rlabda-v\u00e1logatottnak, a m\u00fcncheni olimpi\u00e1n szerepelt. Egy olaszorsz\u00e1gi turn\u00e9 sor\u00e1n disszid\u00e1lt (1974). [&hellip;]<\/p>\n","protected":false},"featured_media":0,"comment_status":"open","ping_status":"closed","template":"","meta":[],"product_brand":[],"product_cat":[137],"product_tag":[],"class_list":{"0":"post-21221","1":"product","2":"type-product","3":"status-publish","5":"product_cat-maros-megyei-eletrajzi-lexikon","7":"first","8":"instock","9":"shipping-taxable","10":"product-type-simple"},"_links":{"self":[{"href":"https:\/\/uj.adatbank.ro\/lexikon\/wp-json\/wp\/v2\/product\/21221","targetHints":{"allow":["GET"]}}],"collection":[{"href":"https:\/\/uj.adatbank.ro\/lexikon\/wp-json\/wp\/v2\/product"}],"about":[{"href":"https:\/\/uj.adatbank.ro\/lexikon\/wp-json\/wp\/v2\/types\/product"}],"replies":[{"embeddable":true,"href":"https:\/\/uj.adatbank.ro\/lexikon\/wp-json\/wp\/v2\/comments?post=21221"}],"wp:attachment":[{"href":"https:\/\/uj.adatbank.ro\/lexikon\/wp-json\/wp\/v2\/media?parent=21221"}],"wp:term":[{"taxonomy":"product_brand","embeddable":true,"href":"https:\/\/uj.adatbank.ro\/lexikon\/wp-json\/wp\/v2\/product_brand?post=21221"},{"taxonomy":"product_cat","embeddable":true,"href":"https:\/\/uj.adatbank.ro\/lexikon\/wp-json\/wp\/v2\/product_cat?post=21221"},{"taxonomy":"product_tag","embeddable":true,"href":"https:\/\/uj.adatbank.ro\/lexikon\/wp-json\/wp\/v2\/product_tag?post=21221"}],"curies":[{"name":"wp","href":"https:\/\/api.w.org\/{rel}","templated":true}]}}

SZABÓ Klára Kinga

<p>Mv., 1951., † Toronto, 1995. aug. 18.: sportoló. – Férje: kv.-i Szabó Pál, pszichológus. A Bolyai Farkas Lyc. Reál tagozatán érettségizett, a buk.-i Testnevelő Főiskolán végzett. A főiskola csapatával minden Universiadet megnyertek, majd a válogatottba kerültek, Balkánbajnokságokat nyertek. Kosárlabdázó. Tagja volt a román olimpiai női kosárlabda-válogatottnak, a müncheni olimpián szerepelt. Egy olaszországi turné során disszidált (1974). Kanadában telepedett le. Továbbképezte magát, informatikát tanult és a torontói Kereskedelmi Banknál helyezkedett el. Férjhez ment Szabó Pál pszichológushoz, aki szintén Kanadában végezte az egyetemet. Metrószerencsétlenség alkalmával halt meg Torontóban. <br /><strong>Irod.:</strong> Bodolai Gyöngyi: Egy karrier kettőbe tört (Nú., 1995. szept. 1.); A nap hírei (Nú., 1996. aug. 22.).</br></p>

<p>Mv., 1951., † Toronto, 1995. aug. 18.: sportoló. – Férje: kv.-i Szabó Pál, pszichológus. A Bolyai Farkas Lyc. Reál tagozatán érettségizett, a buk.-i Testnevelő Főiskolán végzett. A főiskola csapatával minden Universiadet megnyertek, majd a válogatottba kerültek, Balkánbajnokságokat nyertek. Kosárlabdázó. Tagja volt a román olimpiai női kosárlabda-válogatottnak, a müncheni olimpián szerepelt. Egy olaszországi turné során disszidált (1974). [&hellip;]</p>
