{"id":21222,"date":"2025-07-22T19:17:16","date_gmt":"2025-07-22T17:17:16","guid":{"rendered":"https:\/\/uj.adatbank.ro\/lexikon\/termek\/szabo-konrad\/"},"modified":"2025-07-22T19:17:16","modified_gmt":"2025-07-22T17:17:16","slug":"szabo-konrad","status":"publish","type":"product","link":"https:\/\/uj.adatbank.ro\/lexikon\/termek\/szabo-konrad\/","title":{"rendered":"SZAB\u00d3 Konr\u00e1d"},"content":{"rendered":"<p>Csomort\u00e1n, 1735., \u2020\u00a0Radn\u00f3t, 1780. m\u00e1rc. 11.: minorita szerzetes, pl\u00e9b\u00e1nos. \u2013 A k\u00f6z\u00e9piskolai tanulm\u00e1nyai ut\u00e1n bel\u00e9pett a minoritarendbe, b\u00f6lcseletet \u00e9s teol\u00f3gi\u00e1t tanult, \u00e1ldoz\u00f3papp\u00e1 szentelt\u00e9k. Tan\u00e1r volt a k\u00e9zdiv\u00e1s\u00e1rhely-kantai gimn\u00e1ziumban. K\u00fcl\u00f6nb\u00f6z\u0151 misszi\u00f3kban hitt\u00e9r\u00edt\u0151, majd udvari pap, v\u00e9g\u00fcl Radn\u00f3ton pl\u00e9b\u00e1noshelyettes hal\u00e1l\u00e1ig. <strong><strong>F. m.<\/strong><\/strong>: Parentum nimiusw amor est sui ipsius ultor (m. nyelve\u0171 iskoladr\u00e1ma k\u00e9zirata; K\u00e9zdiv\u00e1s\u00e1rhely, 1762); De Bacho (1765, a k\u00e9zirat elveszett). <br \/><strong>Irod.:<\/strong> Monay: magyaro.-i \u00e9s erd\u00e9lyi minorit\u00e1k.<\/br><\/p>\n","protected":false},"excerpt":{"rendered":"<p>Csomort\u00e1n, 1735., \u2020\u00a0Radn\u00f3t, 1780. m\u00e1rc. 11.: minorita szerzetes, pl\u00e9b\u00e1nos. \u2013 A k\u00f6z\u00e9piskolai tanulm\u00e1nyai ut\u00e1n bel\u00e9pett a minoritarendbe, b\u00f6lcseletet \u00e9s teol\u00f3gi\u00e1t tanult, \u00e1ldoz\u00f3papp\u00e1 szentelt\u00e9k. Tan\u00e1r volt a k\u00e9zdiv\u00e1s\u00e1rhely-kantai gimn\u00e1ziumban. K\u00fcl\u00f6nb\u00f6z\u0151 misszi\u00f3kban hitt\u00e9r\u00edt\u0151, majd udvari pap, v\u00e9g\u00fcl Radn\u00f3ton pl\u00e9b\u00e1noshelyettes hal\u00e1l\u00e1ig. F. m.: Parentum nimiusw amor est sui ipsius ultor (m. nyelve\u0171 iskoladr\u00e1ma k\u00e9zirata; K\u00e9zdiv\u00e1s\u00e1rhely, 1762); De Bacho [&hellip;]<\/p>\n","protected":false},"featured_media":0,"comment_status":"open","ping_status":"closed","template":"","meta":[],"product_brand":[],"product_cat":[137],"product_tag":[],"class_list":{"0":"post-21222","1":"product","2":"type-product","3":"status-publish","5":"product_cat-maros-megyei-eletrajzi-lexikon","7":"first","8":"instock","9":"shipping-taxable","10":"product-type-simple"},"_links":{"self":[{"href":"https:\/\/uj.adatbank.ro\/lexikon\/wp-json\/wp\/v2\/product\/21222","targetHints":{"allow":["GET"]}}],"collection":[{"href":"https:\/\/uj.adatbank.ro\/lexikon\/wp-json\/wp\/v2\/product"}],"about":[{"href":"https:\/\/uj.adatbank.ro\/lexikon\/wp-json\/wp\/v2\/types\/product"}],"replies":[{"embeddable":true,"href":"https:\/\/uj.adatbank.ro\/lexikon\/wp-json\/wp\/v2\/comments?post=21222"}],"wp:attachment":[{"href":"https:\/\/uj.adatbank.ro\/lexikon\/wp-json\/wp\/v2\/media?parent=21222"}],"wp:term":[{"taxonomy":"product_brand","embeddable":true,"href":"https:\/\/uj.adatbank.ro\/lexikon\/wp-json\/wp\/v2\/product_brand?post=21222"},{"taxonomy":"product_cat","embeddable":true,"href":"https:\/\/uj.adatbank.ro\/lexikon\/wp-json\/wp\/v2\/product_cat?post=21222"},{"taxonomy":"product_tag","embeddable":true,"href":"https:\/\/uj.adatbank.ro\/lexikon\/wp-json\/wp\/v2\/product_tag?post=21222"}],"curies":[{"name":"wp","href":"https:\/\/api.w.org\/{rel}","templated":true}]}}

SZABÓ Konrád

<p>Csomortán, 1735., † Radnót, 1780. márc. 11.: minorita szerzetes, plébános. – A középiskolai tanulmányai után belépett a minoritarendbe, bölcseletet és teológiát tanult, áldozópappá szentelték. Tanár volt a kézdivásárhely-kantai gimnáziumban. Különböző missziókban hittérítő, majd udvari pap, végül Radnóton plébánoshelyettes haláláig. <strong><strong>F. m.</strong></strong>: Parentum nimiusw amor est sui ipsius ultor (m. nyelveű iskoladráma kézirata; Kézdivásárhely, 1762); De Bacho (1765, a kézirat elveszett). <br /><strong>Irod.:</strong> Monay: magyaro.-i és erdélyi minoriták.</br></p>

<p>Csomortán, 1735., † Radnót, 1780. márc. 11.: minorita szerzetes, plébános. – A középiskolai tanulmányai után belépett a minoritarendbe, bölcseletet és teológiát tanult, áldozópappá szentelték. Tanár volt a kézdivásárhely-kantai gimnáziumban. Különböző missziókban hittérítő, majd udvari pap, végül Radnóton plébánoshelyettes haláláig. F. m.: Parentum nimiusw amor est sui ipsius ultor (m. nyelveű iskoladráma kézirata; Kézdivásárhely, 1762); De Bacho [&hellip;]</p>
