{"id":21224,"date":"2025-07-22T19:17:22","date_gmt":"2025-07-22T17:17:22","guid":{"rendered":"https:\/\/uj.adatbank.ro\/lexikon\/termek\/szabo-lajos-2\/"},"modified":"2025-07-22T19:17:22","modified_gmt":"2025-07-22T17:17:22","slug":"szabo-lajos-2","status":"publish","type":"product","link":"https:\/\/uj.adatbank.ro\/lexikon\/termek\/szabo-lajos-2\/","title":{"rendered":"SZAB\u00d3 Lajos"},"content":{"rendered":"<p>? \u2020?: k\u00e1ntortan\u00edt\u00f3. \u2013 Ny\u00e1r\u00e1dszered\u00e1ban tan\u00edtott. 40 \u00e9ves tan\u00edt\u00f3i jubileum\u00e1t meg\u00fcnnepelte a tan\u00edt\u00f3test\u00fclet a megye f\u0151isp\u00e1nja \u00e9s kir. tanfel\u00fcgyel\u0151je jelenl\u00e9t\u00e9ben, k\u00f6sz\u00f6n\u0151 levelet int\u00e9zett hozz\u00e1 a vall\u00e1s- \u00e9s k\u00f6zoktat\u00e1si miniszter (1901. szept. 28.). M\u0171k\u00f6d\u00e9se alatt alak\u00edtott sz\u00f6vetkezetet, dalk\u00f6rt, t\u0171zolt\u00f3egyes\u00fcletet. Az \u00e1ltala l\u00e9tes\u00edtett K\u00f6zm\u0171vel\u0151d\u00e9si Dal- \u00e9s Ifj\u00fas\u00e1gi K\u00f6r vezet\u0151je, karnagya volt (1868\u20131912), a k\u00f6zs\u00e9gi k\u00e9pvisel\u0151test\u00fclet \u00e9s a ref. egyh\u00e1zk\u00f6zs\u00e9g tagja amikor nyugd\u00edjba vonult. Megalap\u00edtotta a Ny\u00e1r\u00e1dszeredai \u00d6nk\u00e9ntes T\u0171zolt\u00f3 Egyletet (1876). Ny\u00e1r\u00e1dszereda r\u00e9sz\u00e9r\u0151l tan\u00edt\u00f3test\u00fcleti tag, a ny\u00e1r\u00e1dmenti k\u00f6r eln\u00f6ke (1887\u2013). Az olvas\u00f3 Egylet eln\u00f6ke. <br \/><strong>Irod.:<\/strong> Eml\u00e9kk\u00f6nyv; Ny\u00e1r\u00e1dszereda: Kiskalauz; Sz\u00e1ll a dal a Ny\u00e1r\u00e1dment\u00e9n.<\/br><\/p>\n","protected":false},"excerpt":{"rendered":"<p>? \u2020?: k\u00e1ntortan\u00edt\u00f3. \u2013 Ny\u00e1r\u00e1dszered\u00e1ban tan\u00edtott. 40 \u00e9ves tan\u00edt\u00f3i jubileum\u00e1t meg\u00fcnnepelte a tan\u00edt\u00f3test\u00fclet a megye f\u0151isp\u00e1nja \u00e9s kir. tanfel\u00fcgyel\u0151je jelenl\u00e9t\u00e9ben, k\u00f6sz\u00f6n\u0151 levelet int\u00e9zett hozz\u00e1 a vall\u00e1s- \u00e9s k\u00f6zoktat\u00e1si miniszter (1901. szept. 28.). M\u0171k\u00f6d\u00e9se alatt alak\u00edtott sz\u00f6vetkezetet, dalk\u00f6rt, t\u0171zolt\u00f3egyes\u00fcletet. Az \u00e1ltala l\u00e9tes\u00edtett K\u00f6zm\u0171vel\u0151d\u00e9si Dal- \u00e9s Ifj\u00fas\u00e1gi K\u00f6r vezet\u0151je, karnagya volt (1868\u20131912), a k\u00f6zs\u00e9gi k\u00e9pvisel\u0151test\u00fclet \u00e9s a [&hellip;]<\/p>\n","protected":false},"featured_media":0,"comment_status":"open","ping_status":"closed","template":"","meta":[],"product_brand":[],"product_cat":[137],"product_tag":[],"class_list":{"0":"post-21224","1":"product","2":"type-product","3":"status-publish","5":"product_cat-maros-megyei-eletrajzi-lexikon","7":"first","8":"instock","9":"shipping-taxable","10":"product-type-simple"},"_links":{"self":[{"href":"https:\/\/uj.adatbank.ro\/lexikon\/wp-json\/wp\/v2\/product\/21224","targetHints":{"allow":["GET"]}}],"collection":[{"href":"https:\/\/uj.adatbank.ro\/lexikon\/wp-json\/wp\/v2\/product"}],"about":[{"href":"https:\/\/uj.adatbank.ro\/lexikon\/wp-json\/wp\/v2\/types\/product"}],"replies":[{"embeddable":true,"href":"https:\/\/uj.adatbank.ro\/lexikon\/wp-json\/wp\/v2\/comments?post=21224"}],"wp:attachment":[{"href":"https:\/\/uj.adatbank.ro\/lexikon\/wp-json\/wp\/v2\/media?parent=21224"}],"wp:term":[{"taxonomy":"product_brand","embeddable":true,"href":"https:\/\/uj.adatbank.ro\/lexikon\/wp-json\/wp\/v2\/product_brand?post=21224"},{"taxonomy":"product_cat","embeddable":true,"href":"https:\/\/uj.adatbank.ro\/lexikon\/wp-json\/wp\/v2\/product_cat?post=21224"},{"taxonomy":"product_tag","embeddable":true,"href":"https:\/\/uj.adatbank.ro\/lexikon\/wp-json\/wp\/v2\/product_tag?post=21224"}],"curies":[{"name":"wp","href":"https:\/\/api.w.org\/{rel}","templated":true}]}}

SZABÓ Lajos

<p>? †?: kántortanító. – Nyárádszeredában tanított. 40 éves tanítói jubileumát megünnepelte a tanítótestület a megye főispánja és kir. tanfelügyelője jelenlétében, köszönő levelet intézett hozzá a vallás- és közoktatási miniszter (1901. szept. 28.). Működése alatt alakított szövetkezetet, dalkört, tűzoltóegyesületet. Az általa létesített Közművelődési Dal- és Ifjúsági Kör vezetője, karnagya volt (1868–1912), a községi képviselőtestület és a ref. egyházközség tagja amikor nyugdíjba vonult. Megalapította a Nyárádszeredai Önkéntes Tűzoltó Egyletet (1876). Nyárádszereda részéről tanítótestületi tag, a nyárádmenti kör elnöke (1887–). Az olvasó Egylet elnöke. <br /><strong>Irod.:</strong> Emlékkönyv; Nyárádszereda: Kiskalauz; Száll a dal a Nyárádmentén.</br></p>

<p>? †?: kántortanító. – Nyárádszeredában tanított. 40 éves tanítói jubileumát megünnepelte a tanítótestület a megye főispánja és kir. tanfelügyelője jelenlétében, köszönő levelet intézett hozzá a vallás- és közoktatási miniszter (1901. szept. 28.). Működése alatt alakított szövetkezetet, dalkört, tűzoltóegyesületet. Az általa létesített Közművelődési Dal- és Ifjúsági Kör vezetője, karnagya volt (1868–1912), a községi képviselőtestület és a [&hellip;]</p>
