{"id":21229,"date":"2025-07-22T19:17:32","date_gmt":"2025-07-22T17:17:32","guid":{"rendered":"https:\/\/uj.adatbank.ro\/lexikon\/termek\/szabo-lajos-7\/"},"modified":"2025-07-22T19:17:32","modified_gmt":"2025-07-22T17:17:32","slug":"szabo-lajos-7","status":"publish","type":"product","link":"https:\/\/uj.adatbank.ro\/lexikon\/termek\/szabo-lajos-7\/","title":{"rendered":"SZAB\u00d3 Lajos"},"content":{"rendered":"<p>Mv., 1932. febr. 2. (vagy 1), \u2020\u00a0Nagyv\u00e1rad, 1988. j\u00fal. 24.: sz\u00edn\u00e9sz. \u2013 Iskolai tanulm\u00e1nyai befejez\u00e9se ut\u00e1n 5 \u00e9vig a Sz\u00e9kely Sz\u00ednh\u00e1zban d\u00edszletez\u0151munk\u00e1s \u00e9s epizodista sz\u00edn\u00e9sz. Tehets\u00e9g\u00e9re Szab\u00f3 Ern\u0151 figyelt fel. A mv.-i Szentgy\u00f6rgyi Istv\u00e1n Sz\u00ednm\u0171v\u00e9szeti Int\u00e9zetben v\u00e9gzett (1956). A temesv\u00e1ri \u00c1llami Magyar Sz\u00ednh\u00e1z m\u0171v\u00e9sze volt (1962-ig). Onnan Kv.-ra szerz\u0151d\u00f6tt, majd visszament Temesv\u00e1rra (1969\u2013). Nagyv\u00e1radra k\u00f6lt\u00f6z\u00f6tt (1971\u2013), \u00e9s hal\u00e1l\u00e1ig a sz\u00ednh\u00e1z m. tagozat\u00e1nak sz\u00edn\u00e9sze volt. Sokoldal\u00fa jellemsz\u00edn\u00e9sz, aki szuggeszt\u00edv er\u0151vel tudott jellemeket \u00e9letre kelteni, helyzeteket \u00e9s \u00e1llapotokat \u00e9rz\u00e9keltetni. \u2013 <strong>F. sz.:<\/strong> Aesopus (Figueiredo: A r\u00f3ka meg a sz\u0151l\u0151); Dudgeon Krist\u00f3f (G. B. Shaw: Az \u00f6rd\u00f6g cimbor\u00e1ja); Kocsis S\u00e1ndor (K\u00e1roly S.: \u00c9gb\u0151l pottyant vend\u00e9g); Davies (Pinter: A gondnok); \u0160vejk (Ha\u0161ek\u2013Burian); Procsihin (M. Gorkij: Kispolg\u00e1rok); Bimbi (Csurka Istv\u00e1n: Az id\u0151 vasfoga); Pomp\u00e1s Gedeon (S\u00fct\u0151 Andr\u00e1s); Cs\u00f6rghe\u0151 Csuli (M\u00f3ricz Zs.: \u00dari muri). \u2013 <strong>F. f.:<\/strong> Sakk matt (rom\u00e1n, 1965); Jelenid\u0151 (1971); Forr\u00f3 vizet a kopaszra! (1972); Makra (1972); Szabad l\u00e9legzet (1973); Holnap lesz f\u00e1c\u00e1n! (1974); Veri az \u00f6rd\u00f6g a feles\u00e9g\u00e9t (1976); A kedves szomsz\u00e9d (1978); Vas\u00e1rnapi sz\u00fcl\u0151k (1979); Aj\u00e1nd\u00e9k ez a nap (1979); Koportos (M.\u2013Ny-n\u00e9met, 1979); K\u00f6sz\u00f6n\u00f6m, megvagyunk! (1980); Meg\u00e1ll az id\u0151 (1981); Mennyei seregek (1983); Vakvil\u00e1gban (tv-film, 1986). <br \/><strong>Irod.:<\/strong> A Gy\u00e1rf\u00e1s 2013; H\u00e9t \u00e9vk\u00f6nyve (1982); Katona Szab\u00f3 Istv\u00e1n: Az \u00daj \u00c9let lexikona, 137. (\u00daj \u00c9let, 6. sz. 1976.); MSZL; [Nekrol\u00f3g] (V. Z., 1988. j\u00fal. 26.); Todea 2013; \u00daM\u00c9L.<\/br><\/p>\n","protected":false},"excerpt":{"rendered":"<p>Mv., 1932. febr. 2. (vagy 1), \u2020\u00a0Nagyv\u00e1rad, 1988. j\u00fal. 24.: sz\u00edn\u00e9sz. \u2013 Iskolai tanulm\u00e1nyai befejez\u00e9se ut\u00e1n 5 \u00e9vig a Sz\u00e9kely Sz\u00ednh\u00e1zban d\u00edszletez\u0151munk\u00e1s \u00e9s epizodista sz\u00edn\u00e9sz. Tehets\u00e9g\u00e9re Szab\u00f3 Ern\u0151 figyelt fel. A mv.-i Szentgy\u00f6rgyi Istv\u00e1n Sz\u00ednm\u0171v\u00e9szeti Int\u00e9zetben v\u00e9gzett (1956). A temesv\u00e1ri \u00c1llami Magyar Sz\u00ednh\u00e1z m\u0171v\u00e9sze volt (1962-ig). Onnan Kv.-ra szerz\u0151d\u00f6tt, majd visszament Temesv\u00e1rra (1969\u2013). Nagyv\u00e1radra k\u00f6lt\u00f6z\u00f6tt [&hellip;]<\/p>\n","protected":false},"featured_media":0,"comment_status":"open","ping_status":"closed","template":"","meta":[],"product_brand":[],"product_cat":[137],"product_tag":[],"class_list":{"0":"post-21229","1":"product","2":"type-product","3":"status-publish","5":"product_cat-maros-megyei-eletrajzi-lexikon","7":"first","8":"instock","9":"shipping-taxable","10":"product-type-simple"},"_links":{"self":[{"href":"https:\/\/uj.adatbank.ro\/lexikon\/wp-json\/wp\/v2\/product\/21229","targetHints":{"allow":["GET"]}}],"collection":[{"href":"https:\/\/uj.adatbank.ro\/lexikon\/wp-json\/wp\/v2\/product"}],"about":[{"href":"https:\/\/uj.adatbank.ro\/lexikon\/wp-json\/wp\/v2\/types\/product"}],"replies":[{"embeddable":true,"href":"https:\/\/uj.adatbank.ro\/lexikon\/wp-json\/wp\/v2\/comments?post=21229"}],"wp:attachment":[{"href":"https:\/\/uj.adatbank.ro\/lexikon\/wp-json\/wp\/v2\/media?parent=21229"}],"wp:term":[{"taxonomy":"product_brand","embeddable":true,"href":"https:\/\/uj.adatbank.ro\/lexikon\/wp-json\/wp\/v2\/product_brand?post=21229"},{"taxonomy":"product_cat","embeddable":true,"href":"https:\/\/uj.adatbank.ro\/lexikon\/wp-json\/wp\/v2\/product_cat?post=21229"},{"taxonomy":"product_tag","embeddable":true,"href":"https:\/\/uj.adatbank.ro\/lexikon\/wp-json\/wp\/v2\/product_tag?post=21229"}],"curies":[{"name":"wp","href":"https:\/\/api.w.org\/{rel}","templated":true}]}}

SZABÓ Lajos

<p>Mv., 1932. febr. 2. (vagy 1), † Nagyvárad, 1988. júl. 24.: színész. – Iskolai tanulmányai befejezése után 5 évig a Székely Színházban díszletezőmunkás és epizodista színész. Tehetségére Szabó Ernő figyelt fel. A mv.-i Szentgyörgyi István Színművészeti Intézetben végzett (1956). A temesvári Állami Magyar Színház művésze volt (1962-ig). Onnan Kv.-ra szerződött, majd visszament Temesvárra (1969–). Nagyváradra költözött (1971–), és haláláig a színház m. tagozatának színésze volt. Sokoldalú jellemszínész, aki szuggesztív erővel tudott jellemeket életre kelteni, helyzeteket és állapotokat érzékeltetni. – <strong>F. sz.:</strong> Aesopus (Figueiredo: A róka meg a szőlő); Dudgeon Kristóf (G. B. Shaw: Az ördög cimborája); Kocsis Sándor (Károly S.: Égből pottyant vendég); Davies (Pinter: A gondnok); Švejk (Hašek–Burian); Procsihin (M. Gorkij: Kispolgárok); Bimbi (Csurka István: Az idő vasfoga); Pompás Gedeon (Sütő András); Csörgheő Csuli (Móricz Zs.: Úri muri). – <strong>F. f.:</strong> Sakk matt (román, 1965); Jelenidő (1971); Forró vizet a kopaszra! (1972); Makra (1972); Szabad lélegzet (1973); Holnap lesz fácán! (1974); Veri az ördög a feleségét (1976); A kedves szomszéd (1978); Vasárnapi szülők (1979); Ajándék ez a nap (1979); Koportos (M.–Ny-német, 1979); Köszönöm, megvagyunk! (1980); Megáll az idő (1981); Mennyei seregek (1983); Vakvilágban (tv-film, 1986). <br /><strong>Irod.:</strong> A Gyárfás 2013; Hét évkönyve (1982); Katona Szabó István: Az Új Élet lexikona, 137. (Új Élet, 6. sz. 1976.); MSZL; [Nekrológ] (V. Z., 1988. júl. 26.); Todea 2013; ÚMÉL.</br></p>

<p>Mv., 1932. febr. 2. (vagy 1), † Nagyvárad, 1988. júl. 24.: színész. – Iskolai tanulmányai befejezése után 5 évig a Székely Színházban díszletezőmunkás és epizodista színész. Tehetségére Szabó Ernő figyelt fel. A mv.-i Szentgyörgyi István Színművészeti Intézetben végzett (1956). A temesvári Állami Magyar Színház művésze volt (1962-ig). Onnan Kv.-ra szerződött, majd visszament Temesvárra (1969–). Nagyváradra költözött [&hellip;]</p>
