{"id":21230,"date":"2025-07-22T19:17:33","date_gmt":"2025-07-22T17:17:33","guid":{"rendered":"https:\/\/uj.adatbank.ro\/lexikon\/termek\/szabo-lajos-m\/"},"modified":"2025-07-22T19:17:33","modified_gmt":"2025-07-22T17:17:33","slug":"szabo-lajos-m","status":"publish","type":"product","link":"https:\/\/uj.adatbank.ro\/lexikon\/termek\/szabo-lajos-m\/","title":{"rendered":"SZAB\u00d3 Lajos M"},"content":{"rendered":"<p>Gernyeszeg, 1870.,\u00a0\u2020?: gazd\u00e1lkod\u00f3. \u2013 Ifj\u00fa \u00e9veiben gr. Teleki Domokos, majd Mez\u0151s\u00e1msondon \u00f6zv. Gr. Bethlen Istv\u00e1nn\u00e9 uradalmi alkalmazottja volt, majd gazd\u00e1lkod\u00e1ssal kezdett foglalkozni. Huzamosabb ideig a M. K: Posta rakt\u00e1rkezel\u0151je volt Kv.-on, majd \u00f6n\u00e1ll\u00f3 gazda lett Gernyeszegen. 16 \u00e9vig volt a MP eln\u00f6ke, a ref. egyh\u00e1z presbiter, a Hitelsz\u00f6v. Igazgat\u00f3ja, a Fogy. Sz\u00f6v. fel\u00fcgyel\u0151 bizotts\u00e1gi tagja, minden kult\u00farint\u00e9zm\u00e9ny \u00e9s hazafias egyes\u00fclet munk\u00e1j\u00e1ban r\u00e9szt vett. Az els\u0151 vh.-ban a 62. gy. e. mint a Tiszti Kaszin\u00f3 vezet\u0151je tev\u00e9kenykedett Bosznia-Hercegovin\u00e1ban. <br \/><strong>Irod.:<\/strong> Sz\u00e9kelyf\u00f6ld \u00ed. k.<\/br><\/p>\n","protected":false},"excerpt":{"rendered":"<p>Gernyeszeg, 1870.,\u00a0\u2020?: gazd\u00e1lkod\u00f3. \u2013 Ifj\u00fa \u00e9veiben gr. Teleki Domokos, majd Mez\u0151s\u00e1msondon \u00f6zv. Gr. Bethlen Istv\u00e1nn\u00e9 uradalmi alkalmazottja volt, majd gazd\u00e1lkod\u00e1ssal kezdett foglalkozni. Huzamosabb ideig a M. K: Posta rakt\u00e1rkezel\u0151je volt Kv.-on, majd \u00f6n\u00e1ll\u00f3 gazda lett Gernyeszegen. 16 \u00e9vig volt a MP eln\u00f6ke, a ref. egyh\u00e1z presbiter, a Hitelsz\u00f6v. Igazgat\u00f3ja, a Fogy. Sz\u00f6v. fel\u00fcgyel\u0151 bizotts\u00e1gi tagja, [&hellip;]<\/p>\n","protected":false},"featured_media":0,"comment_status":"open","ping_status":"closed","template":"","meta":[],"product_brand":[],"product_cat":[137],"product_tag":[],"class_list":{"0":"post-21230","1":"product","2":"type-product","3":"status-publish","5":"product_cat-maros-megyei-eletrajzi-lexikon","7":"first","8":"instock","9":"shipping-taxable","10":"product-type-simple"},"_links":{"self":[{"href":"https:\/\/uj.adatbank.ro\/lexikon\/wp-json\/wp\/v2\/product\/21230","targetHints":{"allow":["GET"]}}],"collection":[{"href":"https:\/\/uj.adatbank.ro\/lexikon\/wp-json\/wp\/v2\/product"}],"about":[{"href":"https:\/\/uj.adatbank.ro\/lexikon\/wp-json\/wp\/v2\/types\/product"}],"replies":[{"embeddable":true,"href":"https:\/\/uj.adatbank.ro\/lexikon\/wp-json\/wp\/v2\/comments?post=21230"}],"wp:attachment":[{"href":"https:\/\/uj.adatbank.ro\/lexikon\/wp-json\/wp\/v2\/media?parent=21230"}],"wp:term":[{"taxonomy":"product_brand","embeddable":true,"href":"https:\/\/uj.adatbank.ro\/lexikon\/wp-json\/wp\/v2\/product_brand?post=21230"},{"taxonomy":"product_cat","embeddable":true,"href":"https:\/\/uj.adatbank.ro\/lexikon\/wp-json\/wp\/v2\/product_cat?post=21230"},{"taxonomy":"product_tag","embeddable":true,"href":"https:\/\/uj.adatbank.ro\/lexikon\/wp-json\/wp\/v2\/product_tag?post=21230"}],"curies":[{"name":"wp","href":"https:\/\/api.w.org\/{rel}","templated":true}]}}

SZABÓ Lajos M

<p>Gernyeszeg, 1870., †?: gazdálkodó. – Ifjú éveiben gr. Teleki Domokos, majd Mezősámsondon özv. Gr. Bethlen Istvánné uradalmi alkalmazottja volt, majd gazdálkodással kezdett foglalkozni. Huzamosabb ideig a M. K: Posta raktárkezelője volt Kv.-on, majd önálló gazda lett Gernyeszegen. 16 évig volt a MP elnöke, a ref. egyház presbiter, a Hitelszöv. Igazgatója, a Fogy. Szöv. felügyelő bizottsági tagja, minden kultúrintézmény és hazafias egyesület munkájában részt vett. Az első vh.-ban a 62. gy. e. mint a Tiszti Kaszinó vezetője tevékenykedett Bosznia-Hercegovinában. <br /><strong>Irod.:</strong> Székelyföld í. k.</br></p>

<p>Gernyeszeg, 1870., †?: gazdálkodó. – Ifjú éveiben gr. Teleki Domokos, majd Mezősámsondon özv. Gr. Bethlen Istvánné uradalmi alkalmazottja volt, majd gazdálkodással kezdett foglalkozni. Huzamosabb ideig a M. K: Posta raktárkezelője volt Kv.-on, majd önálló gazda lett Gernyeszegen. 16 évig volt a MP elnöke, a ref. egyház presbiter, a Hitelszöv. Igazgatója, a Fogy. Szöv. felügyelő bizottsági tagja, [&hellip;]</p>
