{"id":21231,"date":"2025-07-22T19:17:34","date_gmt":"2025-07-22T17:17:34","guid":{"rendered":"https:\/\/uj.adatbank.ro\/lexikon\/termek\/szabo-lajos-%c2%a7\/"},"modified":"2025-07-22T19:17:34","modified_gmt":"2025-07-22T17:17:34","slug":"szabo-lajos-%c2%a7","status":"publish","type":"product","link":"https:\/\/uj.adatbank.ro\/lexikon\/termek\/szabo-lajos-%c2%a7\/","title":{"rendered":"SZAB\u00d3 Lajos, \u00a7"},"content":{"rendered":"<p>Als\u00f3b\u00f6lk\u00e9ny, 1912. szept. 22., \u2020\u00a0Mv., 1983. aug. 13.: \u00edr\u00f3, \u00fajs\u00e1g\u00edr\u00f3, sz\u00ednh\u00e1zi rendez\u0151, sz\u00ednh\u00e1zt\u00f6rt\u00e9n\u00e9sz, sz\u00edn\u00e9szpedag\u00f3gus. \u2013 Feles\u00e9ge: Imbery Melinda. \u2013 A nagyenyedi Bethlen Koll.-ban tanult, a sz\u00ednh\u00e1zm\u0171v\u00e9szet vonzotta, de tan\u00e1ri p\u00e1ly\u00e1t v\u00e1lasztott, a kv.-i Ferdinand TE v\u00e9gzettje (1937), diplom\u00e1ja (1938. m\u00e1rc. 1.). A kv.-i Ellenz\u00e9k munkat\u00e1rsa (1933. jan. 1.\u201338. m\u00e1rc. 15.). Zilahon a Wessel\u00e9nyi Ref. Fi\u00fal\u00edc.-ban (1938. m\u00e1rc. 15. \u2013 38. szept. 1.) \u00e9s Kv.-on a Kereskedelmi Fi\u00fal\u00edc.-ban (1939. jan. 10. \u2013 39. j\u00fal. 31.) tan\u00edtott. Szentimrei Jen\u0151vel a Kalotaszegi ballada \u2013 A Cs\u00e1ki b\u00edr\u00f3 l\u00e1nya el\u0151ad\u00e1st hozt\u00e1k l\u00e9tre (1934). A bp.-i Nemzeti Sz\u00ednh\u00e1zban N\u00e9meth Antal mellett sz\u00ednh\u00e1zi rendez\u00e9st tanult (1939. szept. 1.\u201341. j\u00fal. 1.). A Kv.-i Nemzeti Sz\u00ednh\u00e1z igazgat\u00f3s\u00e1gi \u00e9s m\u0171v\u00e9szeti titk\u00e1ra, dramaturgja (1941. j\u00fal. 1.\u201344. dec. 31.). Id\u0151k\u00f6zben meg\u00edrta \u00e9s megrendezte Viharl\u00e1mp\u00e1s c. sz\u00ednm\u0171v\u00e9t (1942). Tan\u00edtott a kv.-i Ref. Koll.-ban (1944. dec. 14.\u201345. \u00e1pr. 12.), majd a tan\u00edt\u00f3k\u00e9pz\u0151 tan\u00e1ra (1945. \u00e1pr. 12.\u201346. j\u00fan. 30.). A kv.-i konzervat\u00f3rium asszisztense (1946. j\u00fal. 17.\u201348. okt. 31.), a M. M\u0171v\u00e9szeti Int\u00e9zet el\u0151ad\u00f3tan\u00e1ra (1948. nov. 1.\u201350. okt. 31.), ill. a Szentgy\u00f6rgyi Istv\u00e1n Sz\u00ednm\u0171v\u00e9szeti F\u0151iskola sz\u00ednh\u00e1zt\u00f6rt\u00e9net tan\u00e1ra, a m. tagozat igazgat\u00f3ja. (1952. okt. 1.\u201353. m\u00e1rc. 31.), katedraf\u0151n\u00f6k (1953. \u00e1pr. 1.\u201354. aug. 31.). Az int\u00e9zettel egy\u00fctt Mv.-re k\u00f6lt\u00f6z\u00f6tt (1954), ahol a megalakult Szentgy\u00f6rgyi Istv\u00e1n Sz\u00ednm\u0171v\u00e9szeti Int\u00e9zet tan\u00e1ra, tanulm\u00e1nyi igazgat\u00f3ja, majd rektora nyugd\u00edjaz\u00e1s\u00e1ig (1954. szept. 1.\u20131976). Sz\u00e1mos k\u00f6z\u00e9leti feladatot l\u00e1tott el Mv.-en \u00e9s a megy\u00e9ben. Szerte\u00e1gaz\u00f3 m\u0171velts\u00e9g\u00e9nek, m\u0171v\u00e9szi \u00e9rz\u00e9k\u00e9nek \u00e9s t\u00e1j\u00e9kozotts\u00e1g\u00e1nak jelent\u0151s szerepe volt a val\u00f3di tehets\u00e9gek felismer\u00e9s\u00e9ben, c\u00e9lszer\u0171 ir\u00e1ny\u00edt\u00e1s\u00e1ban, a h\u00e1bor\u00fa ut\u00e1ni sz\u00edn\u00e9sznemzed\u00e9kek nevel\u00e9s\u00e9ben. Dr\u00e1ma\u00edr\u00f3k\u00e9nt els\u0151sorban az erd\u00e9lyi m\u0171vel\u0151d\u00e9s nagy alakjainak p\u00e9ldamutat\u00e1s\u00e1t igyekezett felid\u00e9zni \u00e9s tudatos\u00edtani. T\u00f6bb rom\u00e1n sz\u00edndarabot ford. magyarra; sz\u00e1mos sz\u00ednh\u00e1zt\u00f6rt\u00e9neti \u00e9s sz\u00ednh\u00e1zelm\u00e9leti \u00edr\u00e1sa jelent meg k\u00fcl\u00f6nb\u00f6z\u0151 lapokban. Az Utunk munkat\u00e1rsa (1947\u2013). Dr\u00e1mai m\u0171veit bemutatt\u00e1k: Kv.-on a Viharl\u00e1mp\u00e1s (1943. nov. 13.), a mv.-i Sz\u00e9kely Sz\u00ednh\u00e1z, majd az \u00c1llami M. Sz\u00ednh\u00e1zban: Menek\u00fcl\u00e9s (1956\u201357), Csal\u00e1di f\u00e9szek (1964\u201365); Az otthon sziget\u00e9n, (1969); Ments\u00e9g, (1971), H\u0171s\u00e9g (1976\u201377) ez ut\u00f3bbit kett\u0151t a temesv\u00e1ri sz\u00ednh\u00e1z is bemutatta, a Menek\u00fcl\u00e9st Nagyv\u00e1radon j\u00e1tszott\u00e1k. \u2013 <strong>F. m.<\/strong>: Viharl\u00e1mp\u00e1s (bemutat\u00f3 Kv., 1943. nov. 13.); Miszt\u00f3tfalusi Kis Mikl\u00f3s (dr\u00e1ma; Buk., 1949); Ments\u00e9g (dr\u00e1ma; Buk., 1956; 1972); Menek\u00fcl\u00e9s (dr\u00e1ma; Mv., 1957; Buk., 1965); Csal\u00e1di f\u00e9szek (dr\u00e1ma; Mv., 1964); Hossz\u00fa \u00e1ldozat (dr\u00e1ma; Mv., 1967); Az otthon sziget\u00e9n (dr\u00e1ma; Mv., 1968); H\u0171s\u00e9g (dr\u00e1ma; Mv., 1977); <strong>ford.:<\/strong> Aurel Baranga: Kerge birka (Buk., 1954); Lucia Demetrius: H\u00e1rom nemzed\u00e9k (Mv., 1957); Horia Lovinescu: Egy m\u0171v\u00e9sz hal\u00e1la (Bp., 1965). Sz\u00fclet\u00e9s\u00e9nek 1000. \u00e9vfordul\u00f3j\u00e1n a Mv.-i Sz\u00ednh\u00e1zm\u0171v\u00e9szeti Egyetem fal\u00e1ra eml\u00e9kt\u00e1bl\u00e1t helyeztek, Bocskai Vince alkot\u00e1s\u00e1t (2012). <br \/><strong>Irod.:<\/strong> B\u00e1nffy \u2013 Marosi; B\u00e9rczes; Bottoni 2008; Chereji Peris 2000; Csekme; Csif\u00f3; D\u00e9zsi \u00d6d\u00f6n: A sz\u00ednh\u00e1zi szakemberek nemzetk\u00f6zi tal\u00e1lkoz\u00f3ja ut\u00e1n (V. Z., 1964. \u00e1pr. 18.); Filoz\u00f3fus; Gagyi L\u00e1szl\u00f3: Sz. L. hatvan\u00e9ves (Igaz Sz\u00f3, 1972); Gergely G\u00e9za: Sz. L. k\u00f6sz\u00f6nt\u00e9se (V. Z., 1972. szept. 17.); A H\u00e9t \u00e9vk\u00f6nyve (1982); K\u00e1ntor\u2013L\u00e1ng; Koch M\u00e1ria: Interj\u00fa Sz. L.-sal a Sz\u00ednm\u0171v\u00e9szeti Int\u00e9zet igazgat\u00f3j\u00e1val (V. Z., 1965. szept. 3.); Kusz\u00e1lik; L\u00e1zok J\u00e1nos: Int\u00e9zm\u00e9nyes\u00edt\u00e9si kis\u00e9rletek Kv.-on az 1940-es \u00e9vekben: 70 \u00e9ves a fels\u0151fok\u00fa m. sz\u00edn\u00e9szk\u00e9pz\u00e9s Erd\u00e9lyben (N\u00fa., 2016. \u00e1pr. 16.); L\u00e1zok J\u00e1nos: Sz. L. indul\u00e1sa (1933\u20131944) = L\u00e1zok-Ungv\u00e1ri Zrinyi; M\u00c9L; MIIB; MSZL; Nagy P\u00e1l: Sz. L. .[Nekrol\u00f3g] (\u00daj \u00c9let, 16. sz., 1983); N\u00e9gyszemk\u00f6zt a k\u00f6z\u00f6ns\u00e9ggel (\u00daj \u00c9let, 20. sz., 1972); P\u00e1l-Antal 2013; P\u00e1ll \u00c1rp\u00e1d: A sz\u00f3 \u00e9s a jelk\u00e9p (Mv., 1995); Sz. L.[Nekrol\u00f3g] (V. Z., 1983. aug. 14.; aug. 16.); Peris Ter\u00e9z: A m\u0171v\u00e9szet\u00e9rt \u00e9lt (V. Z., 1983. okt. 1.); RMIL; Sz. L.: R\u00f6vid vallom\u00e1s (V.Z., 1957. m\u00e1j. 19.); Tompa Z. Migh\u00e1ly: Akikben \u00e9lek (V. Z., 1982. szept. 25.); \u00daM\u00c9L; \u00daMIL; Viharban.<\/br><\/p>\n","protected":false},"excerpt":{"rendered":"<p>Als\u00f3b\u00f6lk\u00e9ny, 1912. szept. 22., \u2020\u00a0Mv., 1983. aug. 13.: \u00edr\u00f3, \u00fajs\u00e1g\u00edr\u00f3, sz\u00ednh\u00e1zi rendez\u0151, sz\u00ednh\u00e1zt\u00f6rt\u00e9n\u00e9sz, sz\u00edn\u00e9szpedag\u00f3gus. \u2013 Feles\u00e9ge: Imbery Melinda. \u2013 A nagyenyedi Bethlen Koll.-ban tanult, a sz\u00ednh\u00e1zm\u0171v\u00e9szet vonzotta, de tan\u00e1ri p\u00e1ly\u00e1t v\u00e1lasztott, a kv.-i Ferdinand TE v\u00e9gzettje (1937), diplom\u00e1ja (1938. m\u00e1rc. 1.). A kv.-i Ellenz\u00e9k munkat\u00e1rsa (1933. jan. 1.\u201338. m\u00e1rc. 15.). Zilahon a Wessel\u00e9nyi Ref. Fi\u00fal\u00edc.-ban [&hellip;]<\/p>\n","protected":false},"featured_media":0,"comment_status":"open","ping_status":"closed","template":"","meta":[],"product_brand":[],"product_cat":[137],"product_tag":[],"class_list":{"0":"post-21231","1":"product","2":"type-product","3":"status-publish","5":"product_cat-maros-megyei-eletrajzi-lexikon","7":"first","8":"instock","9":"shipping-taxable","10":"product-type-simple"},"_links":{"self":[{"href":"https:\/\/uj.adatbank.ro\/lexikon\/wp-json\/wp\/v2\/product\/21231","targetHints":{"allow":["GET"]}}],"collection":[{"href":"https:\/\/uj.adatbank.ro\/lexikon\/wp-json\/wp\/v2\/product"}],"about":[{"href":"https:\/\/uj.adatbank.ro\/lexikon\/wp-json\/wp\/v2\/types\/product"}],"replies":[{"embeddable":true,"href":"https:\/\/uj.adatbank.ro\/lexikon\/wp-json\/wp\/v2\/comments?post=21231"}],"wp:attachment":[{"href":"https:\/\/uj.adatbank.ro\/lexikon\/wp-json\/wp\/v2\/media?parent=21231"}],"wp:term":[{"taxonomy":"product_brand","embeddable":true,"href":"https:\/\/uj.adatbank.ro\/lexikon\/wp-json\/wp\/v2\/product_brand?post=21231"},{"taxonomy":"product_cat","embeddable":true,"href":"https:\/\/uj.adatbank.ro\/lexikon\/wp-json\/wp\/v2\/product_cat?post=21231"},{"taxonomy":"product_tag","embeddable":true,"href":"https:\/\/uj.adatbank.ro\/lexikon\/wp-json\/wp\/v2\/product_tag?post=21231"}],"curies":[{"name":"wp","href":"https:\/\/api.w.org\/{rel}","templated":true}]}}

SZABÓ Lajos, §

<p>Alsóbölkény, 1912. szept. 22., † Mv., 1983. aug. 13.: író, újságíró, színházi rendező, színháztörténész, színészpedagógus. – Felesége: Imbery Melinda. – A nagyenyedi Bethlen Koll.-ban tanult, a színházművészet vonzotta, de tanári pályát választott, a kv.-i Ferdinand TE végzettje (1937), diplomája (1938. márc. 1.). A kv.-i Ellenzék munkatársa (1933. jan. 1.–38. márc. 15.). Zilahon a Wesselényi Ref. Fiúlíc.-ban (1938. márc. 15. – 38. szept. 1.) és Kv.-on a Kereskedelmi Fiúlíc.-ban (1939. jan. 10. – 39. júl. 31.) tanított. Szentimrei Jenővel a Kalotaszegi ballada – A Csáki bíró lánya előadást hozták létre (1934). A bp.-i Nemzeti Színházban Németh Antal mellett színházi rendezést tanult (1939. szept. 1.–41. júl. 1.). A Kv.-i Nemzeti Színház igazgatósági és művészeti titkára, dramaturgja (1941. júl. 1.–44. dec. 31.). Időközben megírta és megrendezte Viharlámpás c. színművét (1942). Tanított a kv.-i Ref. Koll.-ban (1944. dec. 14.–45. ápr. 12.), majd a tanítóképző tanára (1945. ápr. 12.–46. jún. 30.). A kv.-i konzervatórium asszisztense (1946. júl. 17.–48. okt. 31.), a M. Művészeti Intézet előadótanára (1948. nov. 1.–50. okt. 31.), ill. a Szentgyörgyi István Színművészeti Főiskola színháztörténet tanára, a m. tagozat igazgatója. (1952. okt. 1.–53. márc. 31.), katedrafőnök (1953. ápr. 1.–54. aug. 31.). Az intézettel együtt Mv.-re költözött (1954), ahol a megalakult Szentgyörgyi István Színművészeti Intézet tanára, tanulmányi igazgatója, majd rektora nyugdíjazásáig (1954. szept. 1.–1976). Számos közéleti feladatot látott el Mv.-en és a megyében. Szerteágazó műveltségének, művészi érzékének és tájékozottságának jelentős szerepe volt a valódi tehetségek felismerésében, célszerű irányításában, a háború utáni színésznemzedékek nevelésében. Drámaíróként elsősorban az erdélyi művelődés nagy alakjainak példamutatását igyekezett felidézni és tudatosítani. Több román színdarabot ford. magyarra; számos színháztörténeti és színházelméleti írása jelent meg különböző lapokban. Az Utunk munkatársa (1947–). Drámai műveit bemutatták: Kv.-on a Viharlámpás (1943. nov. 13.), a mv.-i Székely Színház, majd az Állami M. Színházban: Menekülés (1956–57), Családi fészek (1964–65); Az otthon szigetén, (1969); Mentség, (1971), Hűség (1976–77) ez utóbbit kettőt a temesvári színház is bemutatta, a Menekülést Nagyváradon játszották. – <strong>F. m.</strong>: Viharlámpás (bemutató Kv., 1943. nov. 13.); Misztótfalusi Kis Miklós (dráma; Buk., 1949); Mentség (dráma; Buk., 1956; 1972); Menekülés (dráma; Mv., 1957; Buk., 1965); Családi fészek (dráma; Mv., 1964); Hosszú áldozat (dráma; Mv., 1967); Az otthon szigetén (dráma; Mv., 1968); Hűség (dráma; Mv., 1977); <strong>ford.:</strong> Aurel Baranga: Kerge birka (Buk., 1954); Lucia Demetrius: Három nemzedék (Mv., 1957); Horia Lovinescu: Egy művész halála (Bp., 1965). Születésének 1000. évfordulóján a Mv.-i Színházművészeti Egyetem falára emléktáblát helyeztek, Bocskai Vince alkotását (2012). <br /><strong>Irod.:</strong> Bánffy – Marosi; Bérczes; Bottoni 2008; Chereji Peris 2000; Csekme; Csifó; Dézsi Ödön: A színházi szakemberek nemzetközi találkozója után (V. Z., 1964. ápr. 18.); Filozófus; Gagyi László: Sz. L. hatvanéves (Igaz Szó, 1972); Gergely Géza: Sz. L. köszöntése (V. Z., 1972. szept. 17.); A Hét évkönyve (1982); Kántor–Láng; Koch Mária: Interjú Sz. L.-sal a Színművészeti Intézet igazgatójával (V. Z., 1965. szept. 3.); Kuszálik; Lázok János: Intézményesítési kisérletek Kv.-on az 1940-es években: 70 éves a felsőfokú m. színészképzés Erdélyben (Nú., 2016. ápr. 16.); Lázok János: Sz. L. indulása (1933–1944) = Lázok-Ungvári Zrinyi; MÉL; MIIB; MSZL; Nagy Pál: Sz. L. .[Nekrológ] (Új Élet, 16. sz., 1983); Négyszemközt a közönséggel (Új Élet, 20. sz., 1972); Pál-Antal 2013; Páll Árpád: A szó és a jelkép (Mv., 1995); Sz. L.[Nekrológ] (V. Z., 1983. aug. 14.; aug. 16.); Peris Teréz: A művészetért élt (V. Z., 1983. okt. 1.); RMIL; Sz. L.: Rövid vallomás (V.Z., 1957. máj. 19.); Tompa Z. Mighály: Akikben élek (V. Z., 1982. szept. 25.); ÚMÉL; ÚMIL; Viharban.</br></p>

<p>Alsóbölkény, 1912. szept. 22., † Mv., 1983. aug. 13.: író, újságíró, színházi rendező, színháztörténész, színészpedagógus. – Felesége: Imbery Melinda. – A nagyenyedi Bethlen Koll.-ban tanult, a színházművészet vonzotta, de tanári pályát választott, a kv.-i Ferdinand TE végzettje (1937), diplomája (1938. márc. 1.). A kv.-i Ellenzék munkatársa (1933. jan. 1.–38. márc. 15.). Zilahon a Wesselényi Ref. Fiúlíc.-ban [&hellip;]</p>
