{"id":21239,"date":"2025-07-22T19:17:52","date_gmt":"2025-07-22T17:17:52","guid":{"rendered":"https:\/\/uj.adatbank.ro\/lexikon\/termek\/szabo-laszlo-6\/"},"modified":"2025-07-22T19:17:52","modified_gmt":"2025-07-22T17:17:52","slug":"szabo-laszlo-6","status":"publish","type":"product","link":"https:\/\/uj.adatbank.ro\/lexikon\/termek\/szabo-laszlo-6\/","title":{"rendered":"SZAB\u00d3 L\u00e1szl\u00f3"},"content":{"rendered":"<p>Kerel\u0151szentp\u00e1l, 1918. aug. 6., \u2020\u00a0Kv., 1997. febr. 3.: \u00fajs\u00e1g\u00edr\u00f3. \u2013 K\u00f6z\u00e9piskol\u00e1it a kv.-i Koll-ban v\u00e9gezte (1937), majd a FJTE Jog- \u00e9s \u00c1llamtudom\u00e1nyi Kar\u00e1nak hallgat\u00f3ja (1942\u201344). K\u00e9s\u0151bb a BTE\u2014n szerzett diplom\u00e1t t\u00f6rt\u00e9nelem-magyar szakon (1966). Kv.-on a tartom\u00e1nyi, majd a megyei m\u0171vel\u0151d\u00e9si bizotts\u00e1g szakel\u0151ad\u00f3ja (1945\u2013), k\u00f6zben aligazgat\u00f3ja volt az \u00c1llami Magyar Oper\u00e1nak (1956\u201360; 1977\u201380). Szociogr\u00e1fiai cikke, m\u0171vel\u0151d\u00e9si \u00e9s m\u0171v\u00e9szeti esem\u00e9nyekkel kapcsolatos <strong>Cikkei:<\/strong> a M\u00e1rcius, Igazs\u00e1g, M\u0171vel\u0151d\u00e9s, A H\u00e9t, Helikon-ban jelentek meg. Hagyat\u00e9k\u00e1ban k\u00e9ziratai: Egy katona \u00e9jszak\u00e1i-a Dnyesztert\u0151l a Tat\u00e1r-h\u00e1g\u00f3ig c. eml\u00e9kirata, N\u00e9pi egy\u00fcttesek rivaldaf\u00e9nyben c kr\u00f3nik\u00e1ja \u00e9s m\u0171v\u00e9szportr\u00e9ja Szab\u00f3 Gy\u00f6rgy t\u00e1ncoskumikusr\u00f3l. <br \/><strong>Irod.:<\/strong> RMIL.<\/br><\/p>\n","protected":false},"excerpt":{"rendered":"<p>Kerel\u0151szentp\u00e1l, 1918. aug. 6., \u2020\u00a0Kv., 1997. febr. 3.: \u00fajs\u00e1g\u00edr\u00f3. \u2013 K\u00f6z\u00e9piskol\u00e1it a kv.-i Koll-ban v\u00e9gezte (1937), majd a FJTE Jog- \u00e9s \u00c1llamtudom\u00e1nyi Kar\u00e1nak hallgat\u00f3ja (1942\u201344). K\u00e9s\u0151bb a BTE\u2014n szerzett diplom\u00e1t t\u00f6rt\u00e9nelem-magyar szakon (1966). Kv.-on a tartom\u00e1nyi, majd a megyei m\u0171vel\u0151d\u00e9si bizotts\u00e1g szakel\u0151ad\u00f3ja (1945\u2013), k\u00f6zben aligazgat\u00f3ja volt az \u00c1llami Magyar Oper\u00e1nak (1956\u201360; 1977\u201380). Szociogr\u00e1fiai cikke, m\u0171vel\u0151d\u00e9si [&hellip;]<\/p>\n","protected":false},"featured_media":0,"comment_status":"open","ping_status":"closed","template":"","meta":[],"product_brand":[],"product_cat":[137],"product_tag":[],"class_list":{"0":"post-21239","1":"product","2":"type-product","3":"status-publish","5":"product_cat-maros-megyei-eletrajzi-lexikon","7":"first","8":"instock","9":"shipping-taxable","10":"product-type-simple"},"_links":{"self":[{"href":"https:\/\/uj.adatbank.ro\/lexikon\/wp-json\/wp\/v2\/product\/21239","targetHints":{"allow":["GET"]}}],"collection":[{"href":"https:\/\/uj.adatbank.ro\/lexikon\/wp-json\/wp\/v2\/product"}],"about":[{"href":"https:\/\/uj.adatbank.ro\/lexikon\/wp-json\/wp\/v2\/types\/product"}],"replies":[{"embeddable":true,"href":"https:\/\/uj.adatbank.ro\/lexikon\/wp-json\/wp\/v2\/comments?post=21239"}],"wp:attachment":[{"href":"https:\/\/uj.adatbank.ro\/lexikon\/wp-json\/wp\/v2\/media?parent=21239"}],"wp:term":[{"taxonomy":"product_brand","embeddable":true,"href":"https:\/\/uj.adatbank.ro\/lexikon\/wp-json\/wp\/v2\/product_brand?post=21239"},{"taxonomy":"product_cat","embeddable":true,"href":"https:\/\/uj.adatbank.ro\/lexikon\/wp-json\/wp\/v2\/product_cat?post=21239"},{"taxonomy":"product_tag","embeddable":true,"href":"https:\/\/uj.adatbank.ro\/lexikon\/wp-json\/wp\/v2\/product_tag?post=21239"}],"curies":[{"name":"wp","href":"https:\/\/api.w.org\/{rel}","templated":true}]}}

SZABÓ László

<p>Kerelőszentpál, 1918. aug. 6., † Kv., 1997. febr. 3.: újságíró. – Középiskoláit a kv.-i Koll-ban végezte (1937), majd a FJTE Jog- és Államtudományi Karának hallgatója (1942–44). Később a BTE—n szerzett diplomát történelem-magyar szakon (1966). Kv.-on a tartományi, majd a megyei művelődési bizottság szakelőadója (1945–), közben aligazgatója volt az Állami Magyar Operának (1956–60; 1977–80). Szociográfiai cikke, művelődési és művészeti eseményekkel kapcsolatos <strong>Cikkei:</strong> a Március, Igazság, Művelődés, A Hét, Helikon-ban jelentek meg. Hagyatékában kéziratai: Egy katona éjszakái-a Dnyesztertől a Tatár-hágóig c. emlékirata, Népi együttesek rivaldafényben c krónikája és művészportréja Szabó György táncoskumikusról. <br /><strong>Irod.:</strong> RMIL.</br></p>

<p>Kerelőszentpál, 1918. aug. 6., † Kv., 1997. febr. 3.: újságíró. – Középiskoláit a kv.-i Koll-ban végezte (1937), majd a FJTE Jog- és Államtudományi Karának hallgatója (1942–44). Később a BTE—n szerzett diplomát történelem-magyar szakon (1966). Kv.-on a tartományi, majd a megyei művelődési bizottság szakelőadója (1945–), közben aligazgatója volt az Állami Magyar Operának (1956–60; 1977–80). Szociográfiai cikke, művelődési [&hellip;]</p>
