{"id":21244,"date":"2025-07-22T19:18:03","date_gmt":"2025-07-22T17:18:03","guid":{"rendered":"https:\/\/uj.adatbank.ro\/lexikon\/termek\/szabo-laszlo-11\/"},"modified":"2025-07-22T19:18:03","modified_gmt":"2025-07-22T17:18:03","slug":"szabo-laszlo-11","status":"publish","type":"product","link":"https:\/\/uj.adatbank.ro\/lexikon\/termek\/szabo-laszlo-11\/","title":{"rendered":"SZAB\u00d3 L\u00e1szl\u00f3"},"content":{"rendered":"<p>Sepsiszentgy\u00f6rgy, 1932. szept. 24., \u2020\u00a0Mv., 2021. nov.17.: g\u00e9p\u00e9szm\u00e9rn\u00f6k. \u2013 Sz. L\u00e1szl\u00f3 \u00e9s Ir\u00e9n fia. Feles\u00e9ge: Katalin, \u00e9p\u00edt\u00e9szm\u00e9rn\u00f6k (1959). Gyermekeik: Ildik\u00f3 (1961) m\u0171\u00e9p\u00edt\u00e9sz, Attila (1964) fogorvos. \u2013 Igazgat\u00f3-f\u0151m\u00e9rn\u00f6ke a mv.-i Cukorgy\u00e1rnak (1956\u20131967), a Maros megyei K\u00f6z\u00fczemeknek (1967\u20131982), a Maros megyei Tervez\u0151int\u00e9zet m\u0171helyf\u0151m\u00e9rn\u00f6ke, g\u00e9p\u00e9sz tervez\u0151je (1983\u20131991), mag\u00e1nv\u00e1llalkoz\u00f3, a Sylvancoop kft. Szervez\u0151je \u00e9s t\u00e1rstulajdonosa (1992\u20131997), az Unit\u00e1rcoop Alap\u00edtv\u00e1ny alap\u00edt\u00f3ja \u00e9s 10 \u00e9ven \u00e1t a kurat\u00f3rium eln\u00f6ke (1996\u2013).A Maros-K\u00fck\u00fcll\u0151i Egyh\u00e1zk\u00f6r fel\u00fcgyel\u0151 gondnoka (1992\u20131997), a mv.-i Unit\u00e1rius Egyh\u00e1zk\u00f6zs\u00e9g gondnoka (1997\u20132003), a Mv.-k\u00f6vesdombi Unit\u00e1rius Egyh\u00e1zk\u00f6zs\u00e9g tiszteletbeli gondnoka. \u00daj unit\u00e1rius templom \u00e9p\u00edt\u00e9s\u00e9nek kezdem\u00e9nyez\u0151je Mv.-en, ami fel is \u00e9p\u00fclt. Eln\u00f6ke az els\u0151 erd\u00e9lyi falusi vend\u00e9gfogad\u00f3k sz\u00f6vets\u00e9g\u00e9nek, a Sylvan Tours-nak (1991\u20131995). <br \/><strong>Irod.:<\/strong> EMKK 2010; Nekrol\u00f3g (N\u00fa., 2021. nov. 18.).<\/br><\/p>\n","protected":false},"excerpt":{"rendered":"<p>Sepsiszentgy\u00f6rgy, 1932. szept. 24., \u2020\u00a0Mv., 2021. nov.17.: g\u00e9p\u00e9szm\u00e9rn\u00f6k. \u2013 Sz. L\u00e1szl\u00f3 \u00e9s Ir\u00e9n fia. Feles\u00e9ge: Katalin, \u00e9p\u00edt\u00e9szm\u00e9rn\u00f6k (1959). Gyermekeik: Ildik\u00f3 (1961) m\u0171\u00e9p\u00edt\u00e9sz, Attila (1964) fogorvos. \u2013 Igazgat\u00f3-f\u0151m\u00e9rn\u00f6ke a mv.-i Cukorgy\u00e1rnak (1956\u20131967), a Maros megyei K\u00f6z\u00fczemeknek (1967\u20131982), a Maros megyei Tervez\u0151int\u00e9zet m\u0171helyf\u0151m\u00e9rn\u00f6ke, g\u00e9p\u00e9sz tervez\u0151je (1983\u20131991), mag\u00e1nv\u00e1llalkoz\u00f3, a Sylvancoop kft. Szervez\u0151je \u00e9s t\u00e1rstulajdonosa (1992\u20131997), az Unit\u00e1rcoop Alap\u00edtv\u00e1ny [&hellip;]<\/p>\n","protected":false},"featured_media":0,"comment_status":"open","ping_status":"closed","template":"","meta":[],"product_brand":[],"product_cat":[137],"product_tag":[],"class_list":{"0":"post-21244","1":"product","2":"type-product","3":"status-publish","5":"product_cat-maros-megyei-eletrajzi-lexikon","7":"first","8":"instock","9":"shipping-taxable","10":"product-type-simple"},"_links":{"self":[{"href":"https:\/\/uj.adatbank.ro\/lexikon\/wp-json\/wp\/v2\/product\/21244","targetHints":{"allow":["GET"]}}],"collection":[{"href":"https:\/\/uj.adatbank.ro\/lexikon\/wp-json\/wp\/v2\/product"}],"about":[{"href":"https:\/\/uj.adatbank.ro\/lexikon\/wp-json\/wp\/v2\/types\/product"}],"replies":[{"embeddable":true,"href":"https:\/\/uj.adatbank.ro\/lexikon\/wp-json\/wp\/v2\/comments?post=21244"}],"wp:attachment":[{"href":"https:\/\/uj.adatbank.ro\/lexikon\/wp-json\/wp\/v2\/media?parent=21244"}],"wp:term":[{"taxonomy":"product_brand","embeddable":true,"href":"https:\/\/uj.adatbank.ro\/lexikon\/wp-json\/wp\/v2\/product_brand?post=21244"},{"taxonomy":"product_cat","embeddable":true,"href":"https:\/\/uj.adatbank.ro\/lexikon\/wp-json\/wp\/v2\/product_cat?post=21244"},{"taxonomy":"product_tag","embeddable":true,"href":"https:\/\/uj.adatbank.ro\/lexikon\/wp-json\/wp\/v2\/product_tag?post=21244"}],"curies":[{"name":"wp","href":"https:\/\/api.w.org\/{rel}","templated":true}]}}

SZABÓ László

<p>Sepsiszentgyörgy, 1932. szept. 24., † Mv., 2021. nov.17.: gépészmérnök. – Sz. László és Irén fia. Felesége: Katalin, építészmérnök (1959). Gyermekeik: Ildikó (1961) műépítész, Attila (1964) fogorvos. – Igazgató-főmérnöke a mv.-i Cukorgyárnak (1956–1967), a Maros megyei Közüzemeknek (1967–1982), a Maros megyei Tervezőintézet műhelyfőmérnöke, gépész tervezője (1983–1991), magánvállalkozó, a Sylvancoop kft. Szervezője és társtulajdonosa (1992–1997), az Unitárcoop Alapítvány alapítója és 10 éven át a kuratórium elnöke (1996–).A Maros-Küküllői Egyházkör felügyelő gondnoka (1992–1997), a mv.-i Unitárius Egyházközség gondnoka (1997–2003), a Mv.-kövesdombi Unitárius Egyházközség tiszteletbeli gondnoka. Új unitárius templom építésének kezdeményezője Mv.-en, ami fel is épült. Elnöke az első erdélyi falusi vendégfogadók szövetségének, a Sylvan Tours-nak (1991–1995). <br /><strong>Irod.:</strong> EMKK 2010; Nekrológ (Nú., 2021. nov. 18.).</br></p>

<p>Sepsiszentgyörgy, 1932. szept. 24., † Mv., 2021. nov.17.: gépészmérnök. – Sz. László és Irén fia. Felesége: Katalin, építészmérnök (1959). Gyermekeik: Ildikó (1961) műépítész, Attila (1964) fogorvos. – Igazgató-főmérnöke a mv.-i Cukorgyárnak (1956–1967), a Maros megyei Közüzemeknek (1967–1982), a Maros megyei Tervezőintézet műhelyfőmérnöke, gépész tervezője (1983–1991), magánvállalkozó, a Sylvancoop kft. Szervezője és társtulajdonosa (1992–1997), az Unitárcoop Alapítvány [&hellip;]</p>
