{"id":21245,"date":"2025-07-22T19:18:08","date_gmt":"2025-07-22T17:18:08","guid":{"rendered":"https:\/\/uj.adatbank.ro\/lexikon\/termek\/szabo-laszlo-12\/"},"modified":"2025-07-22T19:18:08","modified_gmt":"2025-07-22T17:18:08","slug":"szabo-laszlo-12","status":"publish","type":"product","link":"https:\/\/uj.adatbank.ro\/lexikon\/termek\/szabo-laszlo-12\/","title":{"rendered":"SZAB\u00d3 L\u00e1szl\u00f3"},"content":{"rendered":"<p>Mv., 1935. okt. 17., \u2020\u00a0Mv., 2015. orvos. \u2013 Apja a cukorgy\u00e1rban volt mester. \u2013 Feles\u00e9ge: Gr\u00e9p\u00e1ly J\u00falia, orvos. \u2013 A Ref. Koll.-ban tanult \u00e9s \u00e9retts\u00e9gizett (1953), a MOGYI orvos kar\u00e1n folytatta tanulm\u00e1nyait \u00e9s v\u00e9gzett (1959). Suceava megye Dorna Vatra rajon egyik faluj\u00e1ba (a valamikori ezer\u00e9ves hat\u00e1rn\u00e1l) helyezt\u00e9k., majd visszat\u00e9rt \u00e9s k\u00f6rzeti orvos Mez\u0151panit k\u00f6zs\u00e9gben \u00e9s Nagyerny\u00e9ben, Ikland, Sz\u00e9kes, Sz\u00e9kelyk\u00e1l, Iszl\u00f3 \u00e9s S\u00e1romberke orvosa is. \u2013 Az orvosi tanulm\u00e1nyait befejez\u0151 feles\u00e9g\u00e9vel egy\u00fctt Szent\u00e1brah\u00e1m k\u00f6zs\u00e9gbe ker\u00fcltek (1964), K\u00f6rzeti orvos Feles\u00e9ge Sz\u00e9kelykereszt\u00faron laborat\u00f3riumi szakorvos, (1967\u2013) \u00e9s k\u00f3rh\u00e1zigazgat\u00f3 nyugd\u00edjaz\u00e1s\u00e1ig (1998-ig). \u2013 A k\u00f6rzeti Nemzeti Megment\u00e9si Frontj\u00e1nak vezet\u0151je (1989. dec. 26.\u2013). Mv.-re v\u00e9gleg visszat\u00e9rt (2003. nov. 1.). <br \/><strong>Irod.:<\/strong> Kiss\u2013P\u00e9terffy\u2013P\u00e9terffy; Nagy L.<\/br><\/p>\n","protected":false},"excerpt":{"rendered":"<p>Mv., 1935. okt. 17., \u2020\u00a0Mv., 2015. orvos. \u2013 Apja a cukorgy\u00e1rban volt mester. \u2013 Feles\u00e9ge: Gr\u00e9p\u00e1ly J\u00falia, orvos. \u2013 A Ref. Koll.-ban tanult \u00e9s \u00e9retts\u00e9gizett (1953), a MOGYI orvos kar\u00e1n folytatta tanulm\u00e1nyait \u00e9s v\u00e9gzett (1959). Suceava megye Dorna Vatra rajon egyik faluj\u00e1ba (a valamikori ezer\u00e9ves hat\u00e1rn\u00e1l) helyezt\u00e9k., majd visszat\u00e9rt \u00e9s k\u00f6rzeti orvos Mez\u0151panit k\u00f6zs\u00e9gben \u00e9s [&hellip;]<\/p>\n","protected":false},"featured_media":0,"comment_status":"open","ping_status":"closed","template":"","meta":[],"product_brand":[],"product_cat":[137],"product_tag":[],"class_list":{"0":"post-21245","1":"product","2":"type-product","3":"status-publish","5":"product_cat-maros-megyei-eletrajzi-lexikon","7":"first","8":"instock","9":"shipping-taxable","10":"product-type-simple"},"_links":{"self":[{"href":"https:\/\/uj.adatbank.ro\/lexikon\/wp-json\/wp\/v2\/product\/21245","targetHints":{"allow":["GET"]}}],"collection":[{"href":"https:\/\/uj.adatbank.ro\/lexikon\/wp-json\/wp\/v2\/product"}],"about":[{"href":"https:\/\/uj.adatbank.ro\/lexikon\/wp-json\/wp\/v2\/types\/product"}],"replies":[{"embeddable":true,"href":"https:\/\/uj.adatbank.ro\/lexikon\/wp-json\/wp\/v2\/comments?post=21245"}],"wp:attachment":[{"href":"https:\/\/uj.adatbank.ro\/lexikon\/wp-json\/wp\/v2\/media?parent=21245"}],"wp:term":[{"taxonomy":"product_brand","embeddable":true,"href":"https:\/\/uj.adatbank.ro\/lexikon\/wp-json\/wp\/v2\/product_brand?post=21245"},{"taxonomy":"product_cat","embeddable":true,"href":"https:\/\/uj.adatbank.ro\/lexikon\/wp-json\/wp\/v2\/product_cat?post=21245"},{"taxonomy":"product_tag","embeddable":true,"href":"https:\/\/uj.adatbank.ro\/lexikon\/wp-json\/wp\/v2\/product_tag?post=21245"}],"curies":[{"name":"wp","href":"https:\/\/api.w.org\/{rel}","templated":true}]}}

SZABÓ László

<p>Mv., 1935. okt. 17., † Mv., 2015. orvos. – Apja a cukorgyárban volt mester. – Felesége: Grépály Júlia, orvos. – A Ref. Koll.-ban tanult és érettségizett (1953), a MOGYI orvos karán folytatta tanulmányait és végzett (1959). Suceava megye Dorna Vatra rajon egyik falujába (a valamikori ezeréves határnál) helyezték., majd visszatért és körzeti orvos Mezőpanit községben és Nagyernyében, Ikland, Székes, Székelykál, Iszló és Sáromberke orvosa is. – Az orvosi tanulmányait befejező feleségével együtt Szentábrahám községbe kerültek (1964), Körzeti orvos Felesége Székelykeresztúron laboratóriumi szakorvos, (1967–) és kórházigazgató nyugdíjazásáig (1998-ig). – A körzeti Nemzeti Megmentési Frontjának vezetője (1989. dec. 26.–). Mv.-re végleg visszatért (2003. nov. 1.). <br /><strong>Irod.:</strong> Kiss–Péterffy–Péterffy; Nagy L.</br></p>

<p>Mv., 1935. okt. 17., † Mv., 2015. orvos. – Apja a cukorgyárban volt mester. – Felesége: Grépály Júlia, orvos. – A Ref. Koll.-ban tanult és érettségizett (1953), a MOGYI orvos karán folytatta tanulmányait és végzett (1959). Suceava megye Dorna Vatra rajon egyik falujába (a valamikori ezeréves határnál) helyezték., majd visszatért és körzeti orvos Mezőpanit községben és [&hellip;]</p>
