{"id":21248,"date":"2025-07-22T19:18:14","date_gmt":"2025-07-22T17:18:14","guid":{"rendered":"https:\/\/uj.adatbank.ro\/lexikon\/termek\/szabo-laszlone-grepaly-julia\/"},"modified":"2025-07-22T19:18:14","modified_gmt":"2025-07-22T17:18:14","slug":"szabo-laszlone-grepaly-julia","status":"publish","type":"product","link":"https:\/\/uj.adatbank.ro\/lexikon\/termek\/szabo-laszlone-grepaly-julia\/","title":{"rendered":"SZAB\u00d3 L\u00e1szl\u00f3n\u00e9 Gr\u00e9p\u00e1ly J\u00falia"},"content":{"rendered":"<p>1938., \u2020\u00a0Mv., 2014.: orvos. \u2013 Az MOGYI orvos kar\u00e1n v\u00e9gzett (1965). Szent\u00e1brah\u00e1m k\u00f6zs\u00e9gben dolgozott f\u00e9rj\u00e9vel. Laborat\u00f3riumi orvosi vizsg\u00e1t tett \u00e9s Sz\u00e9kelykereszt\u00faron dolgozott laborat\u00f3riumban (1967\u2013), ahol poliklinikai, majd k\u00f3rh\u00e1zigazgat\u00f3 lett nyugd\u00edjaz\u00e1s\u00e1ig (1998). <br \/><strong>Irod.:<\/strong> Kiss\u2013P\u00e9terffy\u2013P\u00e9terffy.<\/br><\/p>\n","protected":false},"excerpt":{"rendered":"<p>1938., \u2020\u00a0Mv., 2014.: orvos. \u2013 Az MOGYI orvos kar\u00e1n v\u00e9gzett (1965). Szent\u00e1brah\u00e1m k\u00f6zs\u00e9gben dolgozott f\u00e9rj\u00e9vel. Laborat\u00f3riumi orvosi vizsg\u00e1t tett \u00e9s Sz\u00e9kelykereszt\u00faron dolgozott laborat\u00f3riumban (1967\u2013), ahol poliklinikai, majd k\u00f3rh\u00e1zigazgat\u00f3 lett nyugd\u00edjaz\u00e1s\u00e1ig (1998). Irod.: Kiss\u2013P\u00e9terffy\u2013P\u00e9terffy.<\/p>\n","protected":false},"featured_media":0,"comment_status":"open","ping_status":"closed","template":"","meta":[],"product_brand":[],"product_cat":[137],"product_tag":[],"class_list":{"0":"post-21248","1":"product","2":"type-product","3":"status-publish","5":"product_cat-maros-megyei-eletrajzi-lexikon","7":"first","8":"instock","9":"shipping-taxable","10":"product-type-simple"},"_links":{"self":[{"href":"https:\/\/uj.adatbank.ro\/lexikon\/wp-json\/wp\/v2\/product\/21248","targetHints":{"allow":["GET"]}}],"collection":[{"href":"https:\/\/uj.adatbank.ro\/lexikon\/wp-json\/wp\/v2\/product"}],"about":[{"href":"https:\/\/uj.adatbank.ro\/lexikon\/wp-json\/wp\/v2\/types\/product"}],"replies":[{"embeddable":true,"href":"https:\/\/uj.adatbank.ro\/lexikon\/wp-json\/wp\/v2\/comments?post=21248"}],"wp:attachment":[{"href":"https:\/\/uj.adatbank.ro\/lexikon\/wp-json\/wp\/v2\/media?parent=21248"}],"wp:term":[{"taxonomy":"product_brand","embeddable":true,"href":"https:\/\/uj.adatbank.ro\/lexikon\/wp-json\/wp\/v2\/product_brand?post=21248"},{"taxonomy":"product_cat","embeddable":true,"href":"https:\/\/uj.adatbank.ro\/lexikon\/wp-json\/wp\/v2\/product_cat?post=21248"},{"taxonomy":"product_tag","embeddable":true,"href":"https:\/\/uj.adatbank.ro\/lexikon\/wp-json\/wp\/v2\/product_tag?post=21248"}],"curies":[{"name":"wp","href":"https:\/\/api.w.org\/{rel}","templated":true}]}}