{"id":21250,"date":"2025-07-22T19:18:18","date_gmt":"2025-07-22T17:18:18","guid":{"rendered":"https:\/\/uj.adatbank.ro\/lexikon\/termek\/szabo-lazar-2\/"},"modified":"2025-07-22T19:18:18","modified_gmt":"2025-07-22T17:18:18","slug":"szabo-lazar-2","status":"publish","type":"product","link":"https:\/\/uj.adatbank.ro\/lexikon\/termek\/szabo-lazar-2\/","title":{"rendered":"SZAB\u00d3 L\u00e1z\u00e1r"},"content":{"rendered":"<p>Torja, 1868. aug. 21., \u2020\u00a01926. aug. 19.: r. k. pap. \u2013 Gyulafeh\u00e9rv\u00e1ron tanult, papp\u00e1 szentelt\u00e9k (1892. j\u00fal. 12.). K\u00e1pl\u00e1n Bar\u00f3ton, Lemh\u00e9nyben, Sz\u00e1szr\u00e9genben (1894). Lelkip\u00e1sztork\u00e9nt Ny\u00e1r\u00e1dsely\u00e9ben szolg\u00e1lt (1896\u20131905), majd Magyarl\u00e1posra helyezt\u00e9k, Nagyenyeden, Szegeden, b\u00f6rt\u00f6nlelk\u00e9sz V\u00e1con (1922\u2013). <br \/><strong>Irod.:<\/strong> Ferenczi S\u00e1ndor 2009; Maros-k\u00fck\u00fcll\u0151i f\u0151esp.<\/br><\/p>\n","protected":false},"excerpt":{"rendered":"<p>Torja, 1868. aug. 21., \u2020\u00a01926. aug. 19.: r. k. pap. \u2013 Gyulafeh\u00e9rv\u00e1ron tanult, papp\u00e1 szentelt\u00e9k (1892. j\u00fal. 12.). K\u00e1pl\u00e1n Bar\u00f3ton, Lemh\u00e9nyben, Sz\u00e1szr\u00e9genben (1894). Lelkip\u00e1sztork\u00e9nt Ny\u00e1r\u00e1dsely\u00e9ben szolg\u00e1lt (1896\u20131905), majd Magyarl\u00e1posra helyezt\u00e9k, Nagyenyeden, Szegeden, b\u00f6rt\u00f6nlelk\u00e9sz V\u00e1con (1922\u2013). Irod.: Ferenczi S\u00e1ndor 2009; Maros-k\u00fck\u00fcll\u0151i f\u0151esp.<\/p>\n","protected":false},"featured_media":0,"comment_status":"open","ping_status":"closed","template":"","meta":[],"product_brand":[],"product_cat":[137],"product_tag":[],"class_list":{"0":"post-21250","1":"product","2":"type-product","3":"status-publish","5":"product_cat-maros-megyei-eletrajzi-lexikon","7":"first","8":"instock","9":"shipping-taxable","10":"product-type-simple"},"_links":{"self":[{"href":"https:\/\/uj.adatbank.ro\/lexikon\/wp-json\/wp\/v2\/product\/21250","targetHints":{"allow":["GET"]}}],"collection":[{"href":"https:\/\/uj.adatbank.ro\/lexikon\/wp-json\/wp\/v2\/product"}],"about":[{"href":"https:\/\/uj.adatbank.ro\/lexikon\/wp-json\/wp\/v2\/types\/product"}],"replies":[{"embeddable":true,"href":"https:\/\/uj.adatbank.ro\/lexikon\/wp-json\/wp\/v2\/comments?post=21250"}],"wp:attachment":[{"href":"https:\/\/uj.adatbank.ro\/lexikon\/wp-json\/wp\/v2\/media?parent=21250"}],"wp:term":[{"taxonomy":"product_brand","embeddable":true,"href":"https:\/\/uj.adatbank.ro\/lexikon\/wp-json\/wp\/v2\/product_brand?post=21250"},{"taxonomy":"product_cat","embeddable":true,"href":"https:\/\/uj.adatbank.ro\/lexikon\/wp-json\/wp\/v2\/product_cat?post=21250"},{"taxonomy":"product_tag","embeddable":true,"href":"https:\/\/uj.adatbank.ro\/lexikon\/wp-json\/wp\/v2\/product_tag?post=21250"}],"curies":[{"name":"wp","href":"https:\/\/api.w.org\/{rel}","templated":true}]}}