{"id":21253,"date":"2025-07-22T19:18:25","date_gmt":"2025-07-22T17:18:25","guid":{"rendered":"https:\/\/uj.adatbank.ro\/lexikon\/termek\/szabo-magdolna-matild-marton-tilda\/"},"modified":"2025-07-22T19:18:25","modified_gmt":"2025-07-22T17:18:25","slug":"szabo-magdolna-matild-marton-tilda","status":"publish","type":"product","link":"https:\/\/uj.adatbank.ro\/lexikon\/termek\/szabo-magdolna-matild-marton-tilda\/","title":{"rendered":"SZAB\u00d3 Magdolna Matild, \/ M\u00e1rton Tilda"},"content":{"rendered":"<p>Szov\u00e1ta, 1926. j\u00fan.13., \u2020 Bp., 1989. febr. 28., a mv.-i ref temet\u0151ben nyugszik: tan\u00edt\u00f3n\u0151, \u00edr\u00f3. \u2013 Testv\u00e9rei: Mih\u00e1ly, tan\u00e1r Szov\u00e1t\u00e1n; Ern\u0151, igazgat\u00f3-tan\u00edt\u00f3 a torboszl\u00f3i iskol\u00e1ban; Kl\u00e1ra, akir\u0151l gondoskodik. F\u00e9rje: M\u00e1rton Gy\u00f6rgy, a 4. sz. 7 \u00e9ves m. nyelv\u0171 vegyes iskola igazgat\u00f3ja. \u2013 Tanulm\u00e1nyait sz\u00fcl\u0151v\u00e1ros\u00e1ban, a pezsg\u0151 \u00e9let\u0171 f\u00fcrd\u0151telepen, majd Mv.-en, az \u00e1llami Le\u00e1nygimn.-ban v\u00e9gezte, tan\u00edt\u00f3i diplom\u00e1j\u00e1t a sz\u00e9kelyudvarhelyi tan\u00edt\u00f3k\u00e9pz\u0151ben szerezte (1946). Tan\u00edt\u00f3n\u0151k\u00e9nt dolgozott Szov\u00e1t\u00e1n (1947\u2013), az 1948 nyar\u00e1n megtartott orsz\u00e1gos kult\u00farversenyen felfedezt\u00e9k mint sz\u00ednj\u00e1tsz\u00f3t, \u00e9s mint a MNSZ \u00f6szt\u00f6nd\u00edjas\u00e1t felvett\u00e9k a mv.-i sz\u00edniakad\u00e9mi\u00e1ra. K\u00e9t \u00e9v ut\u00e1n \u2013 legyeng\u00fclt eg\u00e9szs\u00e9gi \u00e1llapot\u00e1ra hivatkozva \u2013 t\u00f6r\u00f6lt\u00e9k a hallgat\u00f3k k\u00f6z\u00fcl. Visszat\u00e9rt a tan\u00fcgybe, majd b\u00e1bsz\u00edn\u00e9sz volt a Mv.-i \u00c1llami B\u00e1bsz\u00ednh\u00e1zn\u00e1l (1954\u201357), ahol v\u00e9gre kamatoztathatta sz\u00ednin\u00f6vend\u00e9kk\u00e9nt szerzett tud\u00e1s\u00e1t is. V\u00e9gleg visszat\u00e9rt a tan\u00edt\u00e1shoz (1958\u201378), igaz odaad\u00e1ssal, sokf\u00e9le tehets\u00e9g\u00e9t bevetve gyakorolta hivat\u00e1s\u00e1t nyugd\u00edjba vonul\u00e1s\u00e1ig. K\u00fczd\u00f6tt minden neh\u00e9z sors\u00fa n\u00f6vend\u00e9k\u00e9\u00e9rt, \u00e9s f\u0151leg a r\u00e1szorul\u00f3k igaz\u00e1\u00e9rt, sz\u00f3t emelt a gyermeket vagy feln\u0151ttet \u00e9rt m\u00e9lt\u00e1nytalans\u00e1gokkal szemben, ha nem is mindig \u00e9rtett\u00e9k a szavait az \u201eegy ir\u00e1nyban\u201d elvt\u00e1rsak. A j\u00f3 \u00fcgy\u00e9rt volt ereje hadakozni. \u201eMinden gyermek aj\u00e1nd\u00e9k!\u201d \u2013 figyelmeztet. Korai \u00f6zvegys\u00e9g\u00e9t nagy igazs\u00e1gtalans\u00e1gk\u00e9nt \u00e9lte meg. Bp.-re k\u00f6lt\u00f6z\u00f6tt (1988\u2013), ott \u00e9rte a hal\u00e1l. \u2013 <strong>F. m.<\/strong>: Napl\u00f3 1943\u20131946 (Cs\u00edkszereda, 2011). <br \/><strong>Irod.:<\/strong> Internet.<\/br><\/p>\n","protected":false},"excerpt":{"rendered":"<p>Szov\u00e1ta, 1926. j\u00fan.13., \u2020 Bp., 1989. febr. 28., a mv.-i ref temet\u0151ben nyugszik: tan\u00edt\u00f3n\u0151, \u00edr\u00f3. \u2013 Testv\u00e9rei: Mih\u00e1ly, tan\u00e1r Szov\u00e1t\u00e1n; Ern\u0151, igazgat\u00f3-tan\u00edt\u00f3 a torboszl\u00f3i iskol\u00e1ban; Kl\u00e1ra, akir\u0151l gondoskodik. F\u00e9rje: M\u00e1rton Gy\u00f6rgy, a 4. sz. 7 \u00e9ves m. nyelv\u0171 vegyes iskola igazgat\u00f3ja. \u2013 Tanulm\u00e1nyait sz\u00fcl\u0151v\u00e1ros\u00e1ban, a pezsg\u0151 \u00e9let\u0171 f\u00fcrd\u0151telepen, majd Mv.-en, az \u00e1llami Le\u00e1nygimn.-ban v\u00e9gezte, tan\u00edt\u00f3i [&hellip;]<\/p>\n","protected":false},"featured_media":0,"comment_status":"open","ping_status":"closed","template":"","meta":[],"product_brand":[],"product_cat":[137],"product_tag":[],"class_list":{"0":"post-21253","1":"product","2":"type-product","3":"status-publish","5":"product_cat-maros-megyei-eletrajzi-lexikon","7":"first","8":"instock","9":"shipping-taxable","10":"product-type-simple"},"_links":{"self":[{"href":"https:\/\/uj.adatbank.ro\/lexikon\/wp-json\/wp\/v2\/product\/21253","targetHints":{"allow":["GET"]}}],"collection":[{"href":"https:\/\/uj.adatbank.ro\/lexikon\/wp-json\/wp\/v2\/product"}],"about":[{"href":"https:\/\/uj.adatbank.ro\/lexikon\/wp-json\/wp\/v2\/types\/product"}],"replies":[{"embeddable":true,"href":"https:\/\/uj.adatbank.ro\/lexikon\/wp-json\/wp\/v2\/comments?post=21253"}],"wp:attachment":[{"href":"https:\/\/uj.adatbank.ro\/lexikon\/wp-json\/wp\/v2\/media?parent=21253"}],"wp:term":[{"taxonomy":"product_brand","embeddable":true,"href":"https:\/\/uj.adatbank.ro\/lexikon\/wp-json\/wp\/v2\/product_brand?post=21253"},{"taxonomy":"product_cat","embeddable":true,"href":"https:\/\/uj.adatbank.ro\/lexikon\/wp-json\/wp\/v2\/product_cat?post=21253"},{"taxonomy":"product_tag","embeddable":true,"href":"https:\/\/uj.adatbank.ro\/lexikon\/wp-json\/wp\/v2\/product_tag?post=21253"}],"curies":[{"name":"wp","href":"https:\/\/api.w.org\/{rel}","templated":true}]}}

SZABÓ Magdolna Matild, / Márton Tilda

<p>Szováta, 1926. jún.13., † Bp., 1989. febr. 28., a mv.-i ref temetőben nyugszik: tanítónő, író. – Testvérei: Mihály, tanár Szovátán; Ernő, igazgató-tanító a torboszlói iskolában; Klára, akiről gondoskodik. Férje: Márton György, a 4. sz. 7 éves m. nyelvű vegyes iskola igazgatója. – Tanulmányait szülővárosában, a pezsgő életű fürdőtelepen, majd Mv.-en, az állami Leánygimn.-ban végezte, tanítói diplomáját a székelyudvarhelyi tanítóképzőben szerezte (1946). Tanítónőként dolgozott Szovátán (1947–), az 1948 nyarán megtartott országos kultúrversenyen felfedezték mint színjátszót, és mint a MNSZ ösztöndíjasát felvették a mv.-i színiakadémiára. Két év után – legyengült egészségi állapotára hivatkozva – törölték a hallgatók közül. Visszatért a tanügybe, majd bábszínész volt a Mv.-i Állami Bábszínháznál (1954–57), ahol végre kamatoztathatta színinövendékként szerzett tudását is. Végleg visszatért a tanításhoz (1958–78), igaz odaadással, sokféle tehetségét bevetve gyakorolta hivatását nyugdíjba vonulásáig. Küzdött minden nehéz sorsú növendékéért, és főleg a rászorulók igazáért, szót emelt a gyermeket vagy felnőttet ért méltánytalanságokkal szemben, ha nem is mindig értették a szavait az „egy irányban” elvtársak. A jó ügyért volt ereje hadakozni. „Minden gyermek ajándék!” – figyelmeztet. Korai özvegységét nagy igazságtalanságként élte meg. Bp.-re költözött (1988–), ott érte a halál. – <strong>F. m.</strong>: Napló 1943–1946 (Csíkszereda, 2011). <br /><strong>Irod.:</strong> Internet.</br></p>

<p>Szováta, 1926. jún.13., † Bp., 1989. febr. 28., a mv.-i ref temetőben nyugszik: tanítónő, író. – Testvérei: Mihály, tanár Szovátán; Ernő, igazgató-tanító a torboszlói iskolában; Klára, akiről gondoskodik. Férje: Márton György, a 4. sz. 7 éves m. nyelvű vegyes iskola igazgatója. – Tanulmányait szülővárosában, a pezsgő életű fürdőtelepen, majd Mv.-en, az állami Leánygimn.-ban végezte, tanítói [&hellip;]</p>
