{"id":21268,"date":"2025-07-22T19:18:58","date_gmt":"2025-07-22T17:18:58","guid":{"rendered":"https:\/\/uj.adatbank.ro\/lexikon\/termek\/szabo-mihaly-5\/"},"modified":"2025-07-22T19:18:58","modified_gmt":"2025-07-22T17:18:58","slug":"szabo-mihaly-5","status":"publish","type":"product","link":"https:\/\/uj.adatbank.ro\/lexikon\/termek\/szabo-mihaly-5\/","title":{"rendered":"SZAB\u00d3 Mih\u00e1ly"},"content":{"rendered":"<p>Gernyeszeg, 1898. \u2020? \u00e1csmester. \u2013 Iskol\u00e1i elv\u00e9gz\u00e9se ut\u00e1n az \u00e1csmesters\u00e9get tanulta, felszabadult \u00e9s az \u00e1llamvasutakn\u00e1l dolgozott, majd a Teleki uradalom \u00e1csmester 19 \u00e9ven \u00e1t. Az els\u0151 vh.-ban az orosz, olasz fronton harcolt, megsebes\u00fclt. <br \/><strong>Irod.:<\/strong> Sz\u00e9kelyf\u00f6ld \u00ed. k.<\/br><\/p>\n","protected":false},"excerpt":{"rendered":"<p>Gernyeszeg, 1898. \u2020? \u00e1csmester. \u2013 Iskol\u00e1i elv\u00e9gz\u00e9se ut\u00e1n az \u00e1csmesters\u00e9get tanulta, felszabadult \u00e9s az \u00e1llamvasutakn\u00e1l dolgozott, majd a Teleki uradalom \u00e1csmester 19 \u00e9ven \u00e1t. Az els\u0151 vh.-ban az orosz, olasz fronton harcolt, megsebes\u00fclt. Irod.: Sz\u00e9kelyf\u00f6ld \u00ed. k.<\/p>\n","protected":false},"featured_media":0,"comment_status":"open","ping_status":"closed","template":"","meta":[],"product_brand":[],"product_cat":[137],"product_tag":[],"class_list":{"0":"post-21268","1":"product","2":"type-product","3":"status-publish","5":"product_cat-maros-megyei-eletrajzi-lexikon","7":"first","8":"instock","9":"shipping-taxable","10":"product-type-simple"},"_links":{"self":[{"href":"https:\/\/uj.adatbank.ro\/lexikon\/wp-json\/wp\/v2\/product\/21268","targetHints":{"allow":["GET"]}}],"collection":[{"href":"https:\/\/uj.adatbank.ro\/lexikon\/wp-json\/wp\/v2\/product"}],"about":[{"href":"https:\/\/uj.adatbank.ro\/lexikon\/wp-json\/wp\/v2\/types\/product"}],"replies":[{"embeddable":true,"href":"https:\/\/uj.adatbank.ro\/lexikon\/wp-json\/wp\/v2\/comments?post=21268"}],"wp:attachment":[{"href":"https:\/\/uj.adatbank.ro\/lexikon\/wp-json\/wp\/v2\/media?parent=21268"}],"wp:term":[{"taxonomy":"product_brand","embeddable":true,"href":"https:\/\/uj.adatbank.ro\/lexikon\/wp-json\/wp\/v2\/product_brand?post=21268"},{"taxonomy":"product_cat","embeddable":true,"href":"https:\/\/uj.adatbank.ro\/lexikon\/wp-json\/wp\/v2\/product_cat?post=21268"},{"taxonomy":"product_tag","embeddable":true,"href":"https:\/\/uj.adatbank.ro\/lexikon\/wp-json\/wp\/v2\/product_tag?post=21268"}],"curies":[{"name":"wp","href":"https:\/\/api.w.org\/{rel}","templated":true}]}}